{"id":692443,"date":"2025-08-27T14:07:05","date_gmt":"2025-08-27T11:07:05","guid":{"rendered":"https:\/\/roveyayinevi.com.tr\/index.php\/urun\/govdem\/"},"modified":"2026-04-16T02:02:32","modified_gmt":"2026-04-15T23:02:32","slug":"govdem","status":"publish","type":"product","link":"https:\/\/roveyayinevi.com.tr\/index.php\/urun\/govdem\/","title":{"rendered":"G\u00f6vde\u2019m"},"content":{"rendered":"<p>\u00d6zel Ansiklopedi\u2019sinin bu yedinci kitab\u0131nda, Enis Batur, kendi g\u00f6vdesinden \u00f6teki g\u00f6vdeye uzanan ana ve ara yollara bir \u00e7ift-soruyla a\u00e7\u0131l\u0131yor: Neden erkek \u00e7ocuk a\u011flamamal\u0131 ve k\u0131z \u00e7ocuk otururken bacaklar\u0131n\u0131 biti\u015ftirmelidir? <\/p>\n","protected":false},"excerpt":{"rendered":"<p>\u00d6zel Ansiklopedi\u2019sinin bu yedinci kitab\u0131nda, Enis Batur, kendi g\u00f6vdesinden \u00f6teki g\u00f6vdeye uzanan ana ve ara yollara bir \u00e7ift-soruyla a\u00e7\u0131l\u0131yor: Neden erkek \u00e7ocuk a\u011flamamal\u0131 ve k\u0131z \u00e7ocuk<span class=\"excerpt-hellip\"> [\u2026]<\/span><\/p>\n","protected":false},"featured_media":0,"template":"","meta":{"_monsterinsights_skip_tracking":false,"_monsterinsights_sitenote_active":false,"_monsterinsights_sitenote_note":"","_monsterinsights_sitenote_category":0},"product_brand":[],"product_cat":[12777,12291],"product_tag":[],"class_list":{"0":"post-692443","1":"product","2":"type-product","3":"status-publish","5":"product_cat-deneme","6":"product_cat-edebiyat","7":"pa_tur-kitap","8":"pa_yayinevi-sel-yayincilik","9":"pa_yazar-enis-batur","11":"first","12":"instock","13":"sale","14":"shipping-taxable","15":"purchasable","16":"product-type-simple"},"_links":{"self":[{"href":"https:\/\/roveyayinevi.com.tr\/index.php\/wp-json\/wp\/v2\/product\/692443","targetHints":{"allow":["GET"]}}],"collection":[{"href":"https:\/\/roveyayinevi.com.tr\/index.php\/wp-json\/wp\/v2\/product"}],"about":[{"href":"https:\/\/roveyayinevi.com.tr\/index.php\/wp-json\/wp\/v2\/types\/product"}],"wp:attachment":[{"href":"https:\/\/roveyayinevi.com.tr\/index.php\/wp-json\/wp\/v2\/media?parent=692443"}],"wp:term":[{"taxonomy":"product_brand","embeddable":true,"href":"https:\/\/roveyayinevi.com.tr\/index.php\/wp-json\/wp\/v2\/product_brand?post=692443"},{"taxonomy":"product_cat","embeddable":true,"href":"https:\/\/roveyayinevi.com.tr\/index.php\/wp-json\/wp\/v2\/product_cat?post=692443"},{"taxonomy":"product_tag","embeddable":true,"href":"https:\/\/roveyayinevi.com.tr\/index.php\/wp-json\/wp\/v2\/product_tag?post=692443"}],"curies":[{"name":"wp","href":"https:\/\/api.w.org\/{rel}","templated":true}]}}