{"id":692439,"date":"2025-08-27T14:07:04","date_gmt":"2025-08-27T11:07:04","guid":{"rendered":"https:\/\/roveyayinevi.com.tr\/index.php\/urun\/hayatimizdaki-ince-seylere-dair\/"},"modified":"2026-04-16T02:02:31","modified_gmt":"2026-04-15T23:02:31","slug":"hayatimizdaki-ince-seylere-dair","status":"publish","type":"product","link":"https:\/\/roveyayinevi.com.tr\/index.php\/urun\/hayatimizdaki-ince-seylere-dair\/","title":{"rendered":"Hayat\u0131m\u0131zdaki \u0130nce \u015eeylere Dair"},"content":{"rendered":"<p>&#8220;Kendimizi ya\u015fayam\u0131yoruz, tan\u0131yam\u0131yoruz. Doya doya \u00fcz\u00fclemiyor, doya doya sevinemiyoruz. \u00c7evremize uyma, ba\u015fkalar\u0131na g\u00f6re ya\u015fama endi\u015fesi, i\u00e7 d\u00fcnyam\u0131z\u0131 geli\u015ftirmemizi engelliyor. \u0130\u00e7i olmayan, s\u0131\u011f insanlar oluyoruz. \u00c7ok az s\u00f6zc\u00fckle konu\u015fuyoruz. Yarg\u0131lar\u0131m\u0131z basmakal\u0131p, d\u00fcnyay\u0131 alg\u0131lay\u0131\u015f\u0131m\u0131z s\u0131radan; s\u00fcr\u00fcn\u00fcn silik &#8216;koyunlar\u0131&#8217; olup \u00e7\u0131k\u0131yoruz. \u0130syan\u0131m\u0131z yok! Olsa da i\u00e7imizde kal\u0131yor. Etraf\u0131m\u0131z\u0131 kollayarak ya\u015fad\u0131\u011f\u0131m\u0131z i\u00e7in, &#8216;herkes gibi&#8217;, &#8216;herkes kadar&#8217;, &#8216;bu kadar&#8217; oldu\u011fumuzu d\u00fc\u015f\u00fcn\u00fcyoruz. Hayat &#8216;anlam vererek&#8217; ya\u015fan\u0131yor. Hayata nas\u0131l bir anlam y\u00fckl\u00fcyorsak, hayat\u0131m\u0131z \u00f6yle oluyor. Anlam ufkumuz \u00e7ok dar: D\u00fcnyan\u0131n &#8216;bu kadar&#8217; olamayaca\u011f\u0131n\u0131 anlayam\u0131yoruz. Hayat \u00f6ylesine zengin ki! Bu zenginli\u011fi ya\u015faman\u0131n elbette biyolojik, sosyolojik, politik, ekonomik, d\u00fc\u015f\u00fcnsel, ideolojik, inan\u00e7lar\u0131m\u0131zla ilgili ko\u015fullar\u0131 var. Bu ko\u015fullar\u0131 a\u015fabilmenin temel ko\u015fullar\u0131ndan biri, hayata kar\u015f\u0131 tavr\u0131m\u0131z\u0131 de\u011fi\u015ftirmekten ge\u00e7iyor: &#8216;Bu kadar de\u011fil&#8217; hayat! &#8216;Ben bu kadar de\u011filim.&#8217; \u00d6telerde bir can var, canl\u0131l\u0131k var. Ola\u011fanl\u0131\u011f\u0131 i\u00e7ine t\u0131k\u0131ld\u0131\u011f\u0131m\u0131z hayat\u0131n ola\u011fan\u00fcstl\u00fc\u011f\u00fc var. Hemen \u00f6n\u00fcm\u00fczde. G\u00f6zlerimizin \u00f6n\u00fcnde. G\u00f6remiyoruz.&#8221;<\/p>\n","protected":false},"excerpt":{"rendered":"<p>&#8220;Kendimizi ya\u015fayam\u0131yoruz, tan\u0131yam\u0131yoruz. Doya doya \u00fcz\u00fclemiyor, doya doya sevinemiyoruz. \u00c7evremize uyma, ba\u015fkalar\u0131na g\u00f6re ya\u015fama endi\u015fesi, i\u00e7 d\u00fcnyam\u0131z\u0131 geli\u015ftirmemizi engelliyor. \u0130\u00e7i olmayan, s\u0131\u011f insanlar oluyoruz. \u00c7ok az<span class=\"excerpt-hellip\"> [\u2026]<\/span><\/p>\n","protected":false},"featured_media":0,"template":"","meta":{"_monsterinsights_skip_tracking":false,"_monsterinsights_sitenote_active":false,"_monsterinsights_sitenote_note":"","_monsterinsights_sitenote_category":0},"product_brand":[],"product_cat":[12389,12388],"product_tag":[],"class_list":{"0":"post-692439","1":"product","2":"type-product","3":"status-publish","5":"product_cat-diger-felsefe","6":"product_cat-felsefe","7":"pa_cilt-ciltsiz","8":"pa_tur-kitap","9":"pa_yayinevi-pan-yayincilik","10":"pa_yazar-ahmet-inam","12":"first","13":"instock","14":"sale","15":"shipping-taxable","16":"purchasable","17":"product-type-simple"},"_links":{"self":[{"href":"https:\/\/roveyayinevi.com.tr\/index.php\/wp-json\/wp\/v2\/product\/692439","targetHints":{"allow":["GET"]}}],"collection":[{"href":"https:\/\/roveyayinevi.com.tr\/index.php\/wp-json\/wp\/v2\/product"}],"about":[{"href":"https:\/\/roveyayinevi.com.tr\/index.php\/wp-json\/wp\/v2\/types\/product"}],"wp:attachment":[{"href":"https:\/\/roveyayinevi.com.tr\/index.php\/wp-json\/wp\/v2\/media?parent=692439"}],"wp:term":[{"taxonomy":"product_brand","embeddable":true,"href":"https:\/\/roveyayinevi.com.tr\/index.php\/wp-json\/wp\/v2\/product_brand?post=692439"},{"taxonomy":"product_cat","embeddable":true,"href":"https:\/\/roveyayinevi.com.tr\/index.php\/wp-json\/wp\/v2\/product_cat?post=692439"},{"taxonomy":"product_tag","embeddable":true,"href":"https:\/\/roveyayinevi.com.tr\/index.php\/wp-json\/wp\/v2\/product_tag?post=692439"}],"curies":[{"name":"wp","href":"https:\/\/api.w.org\/{rel}","templated":true}]}}