{"id":692435,"date":"2025-08-27T14:06:26","date_gmt":"2025-08-27T11:06:26","guid":{"rendered":"https:\/\/roveyayinevi.com.tr\/index.php\/urun\/enigma\/"},"modified":"2026-04-16T02:02:31","modified_gmt":"2026-04-15T23:02:31","slug":"enigma","status":"publish","type":"product","link":"https:\/\/roveyayinevi.com.tr\/index.php\/urun\/enigma\/","title":{"rendered":"Enigma"},"content":{"rendered":"<p>Ders vermekten s\u0131k\u0131lm\u0131\u015f bir edebiyat profes\u00f6r\u00fc, yazar olmay\u0131 delicesine isteyen gen\u00e7 bir k\u0131z, yetenekli bir \u015fair ve zeki bir kiral\u0131k katil olmay\u0131 ayn\u0131 anda ba\u015faran gen\u00e7 bir adam ve konu\u015fmay\u0131 pek sevmeyen Japon k\u0131z&#8230; Onlar\u0131 \u201cBartleby ve \u015e\u00fcrekas\u0131\u201d isimli kitap\u00e7\u0131da ne bir araya ne getirebilirdi? Elbette edebiyat ve onun d\u00f6n\u00fc\u015ft\u00fcr\u00fcc\u00fc g\u00fcc\u00fc.Kendilerini \u201cYatak Odas\u0131 Filozoflar\u0131\u201d olarak adland\u0131ran bu d\u00f6rtl\u00fc \u00e7etenin entelekt\u00fcel ve cinsel hayat\u0131n\u0131 tek bir ama\u00e7 belirler: Edebiyat tarihinde sonlar\u0131n\u0131 be\u011fenmedikleri k\u00fclt romanlara yeni sonlar yazarak onlar\u0131 piyasadaki as\u0131llar\u0131yla de\u011fi\u015ftirmek&#8230;2008\u2019de \u0130spanya\u2019da En \u0130yi Roman se\u00e7ilen Almodovar Teoremi ve Son Devrimin G\u00fcncesi adl\u0131 \u00e7arp\u0131c\u0131 romanlar\u0131n yazar\u0131 Antoni Casas Ros\u2019tan haz ve edebiyat \u00fczerine kurulu etkileyici bir anlat\u0131&#8230; <\/p>\n","protected":false},"excerpt":{"rendered":"<p>Ders vermekten s\u0131k\u0131lm\u0131\u015f bir edebiyat profes\u00f6r\u00fc, yazar olmay\u0131 delicesine isteyen gen\u00e7 bir k\u0131z, yetenekli bir \u015fair ve zeki bir kiral\u0131k katil olmay\u0131 ayn\u0131 anda ba\u015faran gen\u00e7<span class=\"excerpt-hellip\"> [\u2026]<\/span><\/p>\n","protected":false},"featured_media":0,"template":"","meta":{"_monsterinsights_skip_tracking":false,"_monsterinsights_sitenote_active":false,"_monsterinsights_sitenote_note":"","_monsterinsights_sitenote_category":0},"product_brand":[],"product_cat":[12291,12711],"product_tag":[],"class_list":{"0":"post-692435","1":"product","2":"type-product","3":"status-publish","5":"product_cat-edebiyat","6":"product_cat-roman-oyku","7":"pa_cilt-ciltsiz","8":"pa_tur-kitap","9":"pa_yayinevi-sel-yayincilik","10":"pa_yazar-antoni-casas-ros","12":"first","13":"instock","14":"sale","15":"shipping-taxable","16":"purchasable","17":"product-type-simple"},"_links":{"self":[{"href":"https:\/\/roveyayinevi.com.tr\/index.php\/wp-json\/wp\/v2\/product\/692435","targetHints":{"allow":["GET"]}}],"collection":[{"href":"https:\/\/roveyayinevi.com.tr\/index.php\/wp-json\/wp\/v2\/product"}],"about":[{"href":"https:\/\/roveyayinevi.com.tr\/index.php\/wp-json\/wp\/v2\/types\/product"}],"wp:attachment":[{"href":"https:\/\/roveyayinevi.com.tr\/index.php\/wp-json\/wp\/v2\/media?parent=692435"}],"wp:term":[{"taxonomy":"product_brand","embeddable":true,"href":"https:\/\/roveyayinevi.com.tr\/index.php\/wp-json\/wp\/v2\/product_brand?post=692435"},{"taxonomy":"product_cat","embeddable":true,"href":"https:\/\/roveyayinevi.com.tr\/index.php\/wp-json\/wp\/v2\/product_cat?post=692435"},{"taxonomy":"product_tag","embeddable":true,"href":"https:\/\/roveyayinevi.com.tr\/index.php\/wp-json\/wp\/v2\/product_tag?post=692435"}],"curies":[{"name":"wp","href":"https:\/\/api.w.org\/{rel}","templated":true}]}}