{"id":692416,"date":"2025-08-27T14:06:22","date_gmt":"2025-08-27T11:06:22","guid":{"rendered":"https:\/\/roveyayinevi.com.tr\/index.php\/urun\/grimm-masallari-cilt-2\/"},"modified":"2026-04-16T02:02:31","modified_gmt":"2026-04-15T23:02:31","slug":"grimm-masallari-cilt-2","status":"publish","type":"product","link":"https:\/\/roveyayinevi.com.tr\/index.php\/urun\/grimm-masallari-cilt-2\/","title":{"rendered":"Grimm Masallar\u0131 Cilt: 2"},"content":{"rendered":"<p>Grimm Karde\u015fler olarak da bilinen Jakob Grimm (1785-1863) ve Wilhelm Grimm (1786-1859) taraf\u0131ndan derlenen masallar Alman edebiyat\u0131n\u0131n en \u00f6nemli eserlerinden biridir. K\u00fclkedisi, Parmak \u00c7ocuk ve Cesur Terzi gibi d\u00fcnya \u00e7ap\u0131nda \u00fcn salm\u0131\u015f ve g\u00fcn\u00fcm\u00fczde hemen her \u00e7ocu\u011fun dinleyerek b\u00fcy\u00fcd\u00fc\u011f\u00fc bu masallar asl\u0131nda Alman halk\u0131n\u0131n gelenek ve g\u00f6reneklerinin temelini olu\u015fturan hakikati i\u00e7eren tarihi belge niteli\u011fi ta\u015f\u0131d\u0131\u011f\u0131 d\u00fc\u015f\u00fcn\u00fclerek derlenmi\u015f ve Alman halk\u0131na sunulmu\u015ftur. Ba\u015flang\u0131\u00e7ta Grimm Karde\u015fler\u2019e s\u00f6zel olarak anlat\u0131lan ve Karde\u015fler taraf\u0131ndan daha sonra yay\u0131ma haz\u0131rlanan Masallar ilk bask\u0131s\u0131ndan itibaren \u00e7e\u015fitli de\u011fi\u015fimlere u\u011fram\u0131\u015ft\u0131r. Yay\u0131nevi olarak sad\u0131k kalmay\u0131 tercih etti\u011fimiz 1857 y\u0131l\u0131ndaki 7. bask\u0131da yer alan bu 211 masal, Karde\u015fler\u2019in edebi ve ahlaki m\u00fcdahalelerine ra\u011fmen \u015fiddet ve vah\u015fet i\u00e7ermeyi s\u00fcrd\u00fcrmektedir.<\/p>\n","protected":false},"excerpt":{"rendered":"<p>Grimm Karde\u015fler olarak da bilinen Jakob Grimm (1785-1863) ve Wilhelm Grimm (1786-1859) taraf\u0131ndan derlenen masallar Alman edebiyat\u0131n\u0131n en \u00f6nemli eserlerinden biridir. K\u00fclkedisi, Parmak \u00c7ocuk ve Cesur<span class=\"excerpt-hellip\"> [\u2026]<\/span><\/p>\n","protected":false},"featured_media":0,"template":"","meta":{"_monsterinsights_skip_tracking":false,"_monsterinsights_sitenote_active":false,"_monsterinsights_sitenote_note":"","_monsterinsights_sitenote_category":0},"product_brand":[],"product_cat":[12782,12291],"product_tag":[],"class_list":{"0":"post-692416","1":"product","2":"type-product","3":"status-publish","5":"product_cat-alman-edebiyati","6":"product_cat-edebiyat","7":"pa_cilt-ciltli","8":"pa_tur-kitap","9":"pa_yayinevi-pinhan-yayincilik","10":"pa_yazar-grimm-kardesler","12":"first","13":"instock","14":"sale","15":"shipping-taxable","16":"purchasable","17":"product-type-simple"},"_links":{"self":[{"href":"https:\/\/roveyayinevi.com.tr\/index.php\/wp-json\/wp\/v2\/product\/692416","targetHints":{"allow":["GET"]}}],"collection":[{"href":"https:\/\/roveyayinevi.com.tr\/index.php\/wp-json\/wp\/v2\/product"}],"about":[{"href":"https:\/\/roveyayinevi.com.tr\/index.php\/wp-json\/wp\/v2\/types\/product"}],"wp:attachment":[{"href":"https:\/\/roveyayinevi.com.tr\/index.php\/wp-json\/wp\/v2\/media?parent=692416"}],"wp:term":[{"taxonomy":"product_brand","embeddable":true,"href":"https:\/\/roveyayinevi.com.tr\/index.php\/wp-json\/wp\/v2\/product_brand?post=692416"},{"taxonomy":"product_cat","embeddable":true,"href":"https:\/\/roveyayinevi.com.tr\/index.php\/wp-json\/wp\/v2\/product_cat?post=692416"},{"taxonomy":"product_tag","embeddable":true,"href":"https:\/\/roveyayinevi.com.tr\/index.php\/wp-json\/wp\/v2\/product_tag?post=692416"}],"curies":[{"name":"wp","href":"https:\/\/api.w.org\/{rel}","templated":true}]}}