{"id":692397,"date":"2025-08-27T14:06:18","date_gmt":"2025-08-27T11:06:18","guid":{"rendered":"https:\/\/roveyayinevi.com.tr\/index.php\/urun\/secme-aforizmalar\/"},"modified":"2026-04-16T02:02:30","modified_gmt":"2026-04-15T23:02:30","slug":"secme-aforizmalar","status":"publish","type":"product","link":"https:\/\/roveyayinevi.com.tr\/index.php\/urun\/secme-aforizmalar\/","title":{"rendered":"Se\u00e7me Aforizmalar"},"content":{"rendered":"<p>Francis Bacon (1561-1616): \u00d6nl\u00fc \u0130ngiliz filozof David Hume&#8217;un deyi\u015fiyle, Bacon dehas\u0131n\u0131n azametinden ve tutumundaki incelikli, insanc\u0131l nitelikten \u00f6t\u00fcr\u00fc her \u00e7a\u011fda be\u011feniyle kar\u015f\u0131lanm\u0131\u015ft\u0131r. Bilginin g\u00fcc\u00fcn\u00fc vurgulad\u0131\u011f\u0131 denemeler, bilim ve felsefeyi putla\u015ft\u0131r\u0131lm\u0131\u015f kal\u0131plar\u0131n bask\u0131s\u0131ndan kurtarmak i\u00e7in yazd\u0131\u011f\u0131 Novum Organu\u0131n, ideal toplatt\u0131 d\u00fczenini ele ald\u0131\u011f\u0131 The New Atlamis ba\u015fl\u0131ca eserlerindendir. Se\u00e7me Aforizmalar, 17. y\u00fczy\u0131l\u0131n en \u00f6nemli edebiyat, felsefe, hukuk ve siyaset adamlar\u0131ndan biri olan Bacon&#8217;a duyulan ilginin daha iyi anla\u015f\u0131lmas\u0131n\u0131n yolunu a\u00e7\u0131yor. Aralanan bu kap\u0131dan sadece Bacon&#8217;\u0131n \u00e7a\u011f\u0131na de\u011fil, ge\u00e7mi\u015ften g\u00fcn\u00fcm\u00fcze uzanan b\u00fct\u00fcn \u00e7a\u011flara ula\u015fmak m\u00fcmk\u00fcn. \u00c7\u00fcnk\u00fc bu kap\u0131, insanl\u0131\u011f\u0131n y\u00fczy\u0131llara yaslanan ortak birikimine, Latince ifadesiyle consortium una a\u00e7\u0131lmaktad\u0131r. C. Cengiz \u00c7evik (1983): \u0130. \u00dc. Edebiyat Fak\u00fcltesi Latin Dili ve Edebiyat\u0131 b\u00f6l\u00fcm\u00fcnden mezun oldu. Antik Roma&#8217;n\u0131n klasik Latincesi, Roma k\u00fclt\u00fcr\u00fc ve tarihi konular\u0131nda \u00e7al\u0131\u015fmalar\u0131n\u0131 s\u00fcrd\u00fcr\u00fcyor. Orta\u00e7a\u011f ve Yeni\u00e7a\u011f felsefecilerinden yeni Latince fragmanlar \u00e7eviriyor. Francis Bacon&#8217;\u0131n Sermones Fideles Sive Interiora Rerum ve Da Sapientia Veterum adl\u0131 eserlerinin \u00e7evirileri \u00fczerinde \u00e7al\u0131\u015f\u0131yor. \ufffcTan\u0131t\u0131m Metni<\/p>\n","protected":false},"excerpt":{"rendered":"<p>Francis Bacon (1561-1616): \u00d6nl\u00fc \u0130ngiliz filozof David Hume&#8217;un deyi\u015fiyle, Bacon dehas\u0131n\u0131n azametinden ve tutumundaki incelikli, insanc\u0131l nitelikten \u00f6t\u00fcr\u00fc her \u00e7a\u011fda be\u011feniyle kar\u015f\u0131lanm\u0131\u015ft\u0131r. Bilginin g\u00fcc\u00fcn\u00fc vurgulad\u0131\u011f\u0131 denemeler,<span class=\"excerpt-hellip\"> [\u2026]<\/span><\/p>\n","protected":false},"featured_media":0,"template":"","meta":{"_monsterinsights_skip_tracking":false,"_monsterinsights_sitenote_active":false,"_monsterinsights_sitenote_note":"","_monsterinsights_sitenote_category":0},"product_brand":[],"product_cat":[12312,12304],"product_tag":[],"class_list":{"0":"post-692397","1":"product","2":"type-product","3":"status-publish","5":"product_cat-diger","6":"product_cat-tarih","7":"pa_cilt-ciltsiz","8":"pa_tur-kitap","9":"pa_yayinevi-is-bankasi-kultur-yayinlari","10":"pa_yazar-francis-bacon","12":"first","13":"instock","14":"sale","15":"shipping-taxable","16":"purchasable","17":"product-type-simple"},"_links":{"self":[{"href":"https:\/\/roveyayinevi.com.tr\/index.php\/wp-json\/wp\/v2\/product\/692397","targetHints":{"allow":["GET"]}}],"collection":[{"href":"https:\/\/roveyayinevi.com.tr\/index.php\/wp-json\/wp\/v2\/product"}],"about":[{"href":"https:\/\/roveyayinevi.com.tr\/index.php\/wp-json\/wp\/v2\/types\/product"}],"wp:attachment":[{"href":"https:\/\/roveyayinevi.com.tr\/index.php\/wp-json\/wp\/v2\/media?parent=692397"}],"wp:term":[{"taxonomy":"product_brand","embeddable":true,"href":"https:\/\/roveyayinevi.com.tr\/index.php\/wp-json\/wp\/v2\/product_brand?post=692397"},{"taxonomy":"product_cat","embeddable":true,"href":"https:\/\/roveyayinevi.com.tr\/index.php\/wp-json\/wp\/v2\/product_cat?post=692397"},{"taxonomy":"product_tag","embeddable":true,"href":"https:\/\/roveyayinevi.com.tr\/index.php\/wp-json\/wp\/v2\/product_tag?post=692397"}],"curies":[{"name":"wp","href":"https:\/\/api.w.org\/{rel}","templated":true}]}}