{"id":692387,"date":"2025-08-27T14:06:16","date_gmt":"2025-08-27T11:06:16","guid":{"rendered":"https:\/\/roveyayinevi.com.tr\/index.php\/urun\/hammit-2-masallar-ulkesi-serisi-hammit-kirik-haramiler\/"},"modified":"2026-04-16T02:02:30","modified_gmt":"2026-04-15T23:02:30","slug":"hammit-2-masallar-ulkesi-serisi-hammit-kirik-haramiler","status":"publish","type":"product","link":"https:\/\/roveyayinevi.com.tr\/index.php\/urun\/hammit-2-masallar-ulkesi-serisi-hammit-kirik-haramiler\/","title":{"rendered":"Hammit 2 Masallar \u00dclkesi Serisi \/ Hammit K\u0131r\u0131k Haramiler"},"content":{"rendered":"<p>Anadolu\u2019dan Fantasti\u2019ye\u2026Kendi masallar\u0131n\u0131 ya\u015famaya ba\u015flayan Hammit ve arkada\u015flar\u0131, \u015fimdi de haramilere kar\u015f\u0131 m\u00fccadele etmek zorundalar. Acaba haramilerin tuzaklar\u0131na yakalanacaklar m\u0131? Masallar \u00dclkesi\u2019nde rahat bir nefes alabilecekler mi?Birbirinden garip masallar, tuzaklar, \u00e7\u00f6z\u00fclmeyi bekleyen \u015fifreler, heyecan, gizem, macera ve elbette e\u011flence\u2026 Hepsi bu seride!Haydi, durma! Sayfalar\u0131 \u00e7evir, sen de bu e\u011flenceli maceraya kat\u0131l! <\/p>\n","protected":false},"excerpt":{"rendered":"<p>Anadolu\u2019dan Fantasti\u2019ye\u2026Kendi masallar\u0131n\u0131 ya\u015famaya ba\u015flayan Hammit ve arkada\u015flar\u0131, \u015fimdi de haramilere kar\u015f\u0131 m\u00fccadele etmek zorundalar. Acaba haramilerin tuzaklar\u0131na yakalanacaklar m\u0131? Masallar \u00dclkesi\u2019nde rahat bir nefes alabilecekler<span class=\"excerpt-hellip\"> [\u2026]<\/span><\/p>\n","protected":false},"featured_media":0,"template":"","meta":{"_monsterinsights_skip_tracking":false,"_monsterinsights_sitenote_active":false,"_monsterinsights_sitenote_note":"","_monsterinsights_sitenote_category":0},"product_brand":[],"product_cat":[12274,12284],"product_tag":[],"class_list":{"0":"post-692387","1":"product","2":"type-product","3":"status-publish","5":"product_cat-cocuk-ve-genclik-kitaplari","6":"product_cat-hikayeler","7":"pa_tur-kitap","8":"pa_yayinevi-timas-cocuk","9":"pa_yazar-cem-gulbent","11":"first","12":"instock","13":"sale","14":"shipping-taxable","15":"purchasable","16":"product-type-simple"},"_links":{"self":[{"href":"https:\/\/roveyayinevi.com.tr\/index.php\/wp-json\/wp\/v2\/product\/692387","targetHints":{"allow":["GET"]}}],"collection":[{"href":"https:\/\/roveyayinevi.com.tr\/index.php\/wp-json\/wp\/v2\/product"}],"about":[{"href":"https:\/\/roveyayinevi.com.tr\/index.php\/wp-json\/wp\/v2\/types\/product"}],"wp:attachment":[{"href":"https:\/\/roveyayinevi.com.tr\/index.php\/wp-json\/wp\/v2\/media?parent=692387"}],"wp:term":[{"taxonomy":"product_brand","embeddable":true,"href":"https:\/\/roveyayinevi.com.tr\/index.php\/wp-json\/wp\/v2\/product_brand?post=692387"},{"taxonomy":"product_cat","embeddable":true,"href":"https:\/\/roveyayinevi.com.tr\/index.php\/wp-json\/wp\/v2\/product_cat?post=692387"},{"taxonomy":"product_tag","embeddable":true,"href":"https:\/\/roveyayinevi.com.tr\/index.php\/wp-json\/wp\/v2\/product_tag?post=692387"}],"curies":[{"name":"wp","href":"https:\/\/api.w.org\/{rel}","templated":true}]}}