{"id":692382,"date":"2025-08-27T14:06:15","date_gmt":"2025-08-27T11:06:15","guid":{"rendered":"https:\/\/roveyayinevi.com.tr\/index.php\/urun\/engelli-bakimi\/"},"modified":"2026-04-16T02:02:30","modified_gmt":"2026-04-15T23:02:30","slug":"engelli-bakimi","status":"publish","type":"product","link":"https:\/\/roveyayinevi.com.tr\/index.php\/urun\/engelli-bakimi\/","title":{"rendered":"Engelli Bak\u0131m\u0131"},"content":{"rendered":"<p>T\u00fcrkiye\u2019de bak\u0131m hemen her zaman kad\u0131nlar\u0131n \u00fccretsiz eme\u011fi ile s\u00fcrd\u00fcr\u00fclen, g\u00f6rmezden gelinen ancak hepimiz i\u00e7in hayati bir i\u015f. Bak\u0131m ister evde, ister \u00f6zel ya da kamu kurumunda olsun yine kad\u0131nlar\u0131n \u00e7al\u0131\u015ft\u0131\u011f\u0131 bir i\u015f olarak metala\u015f\u0131yor.\u00d6te yandan engellilerin haklar\u0131 olan destek ve bak\u0131m hizmetleri, \u00e7ok ge\u00e7 ve k\u0131s\u0131tl\u0131 kurumsalla\u015fm\u0131\u015f durumda.Bu kitap, T\u00fcrkiye\u2019de son y\u0131llarda yayg\u0131n bir sosyal politika arac\u0131 i\u015flevi g\u00f6ren \u2018evde bak\u0131m hizmetini\u2019, engelli haklar\u0131, sosyal bak\u0131m ve toplumsal cinsiyet eksenlerinde sorguluyor ve \u00e7\u00f6z\u00fcml\u00fcyor.Yedi ilde ger\u00e7ekle\u015ftirilen saha \u00e7al\u0131\u015fmas\u0131, T\u00fcrkiye\u2019deki mevcut engelli bak\u0131m ve rehabilitasyon hizmetlerini, bak\u0131m hizmetinde \u00e7al\u0131\u015fanlar a\u00e7\u0131s\u0131ndan irdeliyor.Engelli bak\u0131m hizmetleri ile kad\u0131n eme\u011fi ve istihdam\u0131 aras\u0131ndaki ili\u015fkiyi ortaya \u00e7\u0131kartan bu kitap, alandaki istihdam\u0131n \u00e7e\u015fitlerini ve ko\u015fullar\u0131n\u0131 toplumsal cinsiyet boyutuyla tart\u0131\u015f\u0131yor. Evde bak\u0131m, \u00f6zel ve kamu kurulu\u015flar\u0131nda bak\u0131m verenlerin \u00e7al\u0131\u015fma ko\u015fullar\u0131 ve engellilerle olan ili\u015fkilerini sadece haklar de\u011fil, engelli bireylerle olan ili\u015fkiler ve duygusal emek boyutuyla da sergiliyor.D\u00fcnyadaki farkl\u0131 refah rejimleri alt\u0131ndaki engelli bak\u0131m modellerini de inceleyen \u00e7al\u0131\u015fma, sahan\u0131n bilgileri \u0131\u015f\u0131\u011f\u0131nda bak\u0131m\u0131n ve istihdam\u0131n kalitesini ve verimlili\u011fini artt\u0131rmaya y\u00f6nelik sosyal politika ve sosyal hizmet \u00f6nerileri sunuyor. <\/p>\n","protected":false},"excerpt":{"rendered":"<p>T\u00fcrkiye\u2019de bak\u0131m hemen her zaman kad\u0131nlar\u0131n \u00fccretsiz eme\u011fi ile s\u00fcrd\u00fcr\u00fclen, g\u00f6rmezden gelinen ancak hepimiz i\u00e7in hayati bir i\u015f. Bak\u0131m ister evde, ister \u00f6zel ya da kamu<span class=\"excerpt-hellip\"> [\u2026]<\/span><\/p>\n","protected":false},"featured_media":0,"template":"","meta":{"_monsterinsights_skip_tracking":false,"_monsterinsights_sitenote_active":false,"_monsterinsights_sitenote_note":"","_monsterinsights_sitenote_category":0},"product_brand":[],"product_cat":[16965,13365],"product_tag":[],"class_list":{"0":"post-692382","1":"product","2":"type-product","3":"status-publish","5":"product_cat-genel-saglik-kitaplari","6":"product_cat-saglik","7":"pa_cilt-ciltsiz","8":"pa_tur-kitap","9":"pa_yayinevi-nika-yayinevi","10":"pa_yazar-betul-altuntas","11":"pa_yazar-reyhan-atasu-topcuoglu","13":"first","14":"instock","15":"sale","16":"shipping-taxable","17":"purchasable","18":"product-type-simple"},"_links":{"self":[{"href":"https:\/\/roveyayinevi.com.tr\/index.php\/wp-json\/wp\/v2\/product\/692382","targetHints":{"allow":["GET"]}}],"collection":[{"href":"https:\/\/roveyayinevi.com.tr\/index.php\/wp-json\/wp\/v2\/product"}],"about":[{"href":"https:\/\/roveyayinevi.com.tr\/index.php\/wp-json\/wp\/v2\/types\/product"}],"wp:attachment":[{"href":"https:\/\/roveyayinevi.com.tr\/index.php\/wp-json\/wp\/v2\/media?parent=692382"}],"wp:term":[{"taxonomy":"product_brand","embeddable":true,"href":"https:\/\/roveyayinevi.com.tr\/index.php\/wp-json\/wp\/v2\/product_brand?post=692382"},{"taxonomy":"product_cat","embeddable":true,"href":"https:\/\/roveyayinevi.com.tr\/index.php\/wp-json\/wp\/v2\/product_cat?post=692382"},{"taxonomy":"product_tag","embeddable":true,"href":"https:\/\/roveyayinevi.com.tr\/index.php\/wp-json\/wp\/v2\/product_tag?post=692382"}],"curies":[{"name":"wp","href":"https:\/\/api.w.org\/{rel}","templated":true}]}}