{"id":692373,"date":"2025-08-27T14:06:13","date_gmt":"2025-08-27T11:06:13","guid":{"rendered":"https:\/\/roveyayinevi.com.tr\/index.php\/urun\/canavar-pesinde-serisi-35-kargasa-dunyasi-ormanin-laneti-terra\/"},"modified":"2026-04-16T02:02:30","modified_gmt":"2026-04-15T23:02:30","slug":"canavar-pesinde-serisi-35-kargasa-dunyasi-ormanin-laneti-terra","status":"publish","type":"product","link":"https:\/\/roveyayinevi.com.tr\/index.php\/urun\/canavar-pesinde-serisi-35-kargasa-dunyasi-ormanin-laneti-terra\/","title":{"rendered":"Canavar Pe\u015finde Serisi 35 &#8211; Karga\u015fa D\u00fcnyas\u0131 (Orman\u0131n Laneti Terra)"},"content":{"rendered":"<p>Kayonya ormanlar\u0131na \u00fcrk\u00fct\u00fcc\u00fc bir sessizlik hakim. Hayvanlar\u0131n terk etti\u011fi bu ormanlara hi\u00e7bir insan ayak basam\u0131yor. T\u00fcm bunlar\u0131n nedeni, Orman\u0131n Laneti Terra. Tom, bu Canavar\u0131 yenemezse annesini asla iyile\u015ftiremeyecek. \ufffcTan\u0131t\u0131m Metni<\/p>\n","protected":false},"excerpt":{"rendered":"<p>Kayonya ormanlar\u0131na \u00fcrk\u00fct\u00fcc\u00fc bir sessizlik hakim. Hayvanlar\u0131n terk etti\u011fi bu ormanlara hi\u00e7bir insan ayak basam\u0131yor. T\u00fcm bunlar\u0131n nedeni, Orman\u0131n Laneti Terra. Tom, bu Canavar\u0131 yenemezse annesini<span class=\"excerpt-hellip\"> [\u2026]<\/span><\/p>\n","protected":false},"featured_media":0,"template":"","meta":{"_monsterinsights_skip_tracking":false,"_monsterinsights_sitenote_active":false,"_monsterinsights_sitenote_note":"","_monsterinsights_sitenote_category":0},"product_brand":[],"product_cat":[12291,15117],"product_tag":[],"class_list":{"0":"post-692373","1":"product","2":"type-product","3":"status-publish","5":"product_cat-edebiyat","6":"product_cat-genclik-edebiyati","7":"pa_cilt-ciltsiz","8":"pa_tur-kitap","9":"pa_yayinevi-beyaz-balina-yayinlari","10":"pa_yazar-adam-blade","12":"first","13":"instock","14":"sale","15":"shipping-taxable","16":"purchasable","17":"product-type-simple"},"_links":{"self":[{"href":"https:\/\/roveyayinevi.com.tr\/index.php\/wp-json\/wp\/v2\/product\/692373","targetHints":{"allow":["GET"]}}],"collection":[{"href":"https:\/\/roveyayinevi.com.tr\/index.php\/wp-json\/wp\/v2\/product"}],"about":[{"href":"https:\/\/roveyayinevi.com.tr\/index.php\/wp-json\/wp\/v2\/types\/product"}],"wp:attachment":[{"href":"https:\/\/roveyayinevi.com.tr\/index.php\/wp-json\/wp\/v2\/media?parent=692373"}],"wp:term":[{"taxonomy":"product_brand","embeddable":true,"href":"https:\/\/roveyayinevi.com.tr\/index.php\/wp-json\/wp\/v2\/product_brand?post=692373"},{"taxonomy":"product_cat","embeddable":true,"href":"https:\/\/roveyayinevi.com.tr\/index.php\/wp-json\/wp\/v2\/product_cat?post=692373"},{"taxonomy":"product_tag","embeddable":true,"href":"https:\/\/roveyayinevi.com.tr\/index.php\/wp-json\/wp\/v2\/product_tag?post=692373"}],"curies":[{"name":"wp","href":"https:\/\/api.w.org\/{rel}","templated":true}]}}