{"id":692341,"date":"2025-08-27T14:06:07","date_gmt":"2025-08-27T11:06:07","guid":{"rendered":"https:\/\/roveyayinevi.com.tr\/index.php\/urun\/acaba-ne-olsam-serisi-5-kitap\/"},"modified":"2026-04-16T02:02:29","modified_gmt":"2026-04-15T23:02:29","slug":"acaba-ne-olsam-serisi-5-kitap","status":"publish","type":"product","link":"https:\/\/roveyayinevi.com.tr\/index.php\/urun\/acaba-ne-olsam-serisi-5-kitap\/","title":{"rendered":"Acaba Ne Olsam? Serisi (5. kitap)"},"content":{"rendered":"<p>M\u00fchendis, yazar Toprak I\u015f\u0131k\u2019\u0131n be\u011feniyle okunan be\u015f kitapl\u0131k \u201cAcaba Ne Olsam?   dizisi, indirimli fiyat avantaj\u0131 ve \u00f6zel saklama kutusuyla set halinde sat\u0131\u015fa sunuluyor. <\/p>\n","protected":false},"excerpt":{"rendered":"<p>M\u00fchendis, yazar Toprak I\u015f\u0131k\u2019\u0131n be\u011feniyle okunan be\u015f kitapl\u0131k \u201cAcaba Ne Olsam? dizisi, indirimli fiyat avantaj\u0131 ve \u00f6zel saklama kutusuyla set halinde sat\u0131\u015fa sunuluyor.<\/p>\n","protected":false},"featured_media":0,"template":"","meta":{"_monsterinsights_skip_tracking":false,"_monsterinsights_sitenote_active":false,"_monsterinsights_sitenote_note":"","_monsterinsights_sitenote_category":0},"product_brand":[],"product_cat":[12274,12631],"product_tag":[],"class_list":{"0":"post-692341","1":"product","2":"type-product","3":"status-publish","5":"product_cat-cocuk-ve-genclik-kitaplari","6":"product_cat-diger-cocuk-ve-genclik-kitaplari","7":"pa_tur-kitap","8":"pa_yayinevi-tudem-yayinlari","9":"pa_yazar-toprak-isik","11":"first","12":"instock","13":"sale","14":"shipping-taxable","15":"purchasable","16":"product-type-simple"},"_links":{"self":[{"href":"https:\/\/roveyayinevi.com.tr\/index.php\/wp-json\/wp\/v2\/product\/692341","targetHints":{"allow":["GET"]}}],"collection":[{"href":"https:\/\/roveyayinevi.com.tr\/index.php\/wp-json\/wp\/v2\/product"}],"about":[{"href":"https:\/\/roveyayinevi.com.tr\/index.php\/wp-json\/wp\/v2\/types\/product"}],"wp:attachment":[{"href":"https:\/\/roveyayinevi.com.tr\/index.php\/wp-json\/wp\/v2\/media?parent=692341"}],"wp:term":[{"taxonomy":"product_brand","embeddable":true,"href":"https:\/\/roveyayinevi.com.tr\/index.php\/wp-json\/wp\/v2\/product_brand?post=692341"},{"taxonomy":"product_cat","embeddable":true,"href":"https:\/\/roveyayinevi.com.tr\/index.php\/wp-json\/wp\/v2\/product_cat?post=692341"},{"taxonomy":"product_tag","embeddable":true,"href":"https:\/\/roveyayinevi.com.tr\/index.php\/wp-json\/wp\/v2\/product_tag?post=692341"}],"curies":[{"name":"wp","href":"https:\/\/api.w.org\/{rel}","templated":true}]}}