{"id":692338,"date":"2025-08-27T14:06:06","date_gmt":"2025-08-27T11:06:06","guid":{"rendered":"https:\/\/roveyayinevi.com.tr\/index.php\/urun\/ayak-oyunlarindan-akil-oyunlarina-futbol\/"},"modified":"2026-04-16T02:02:14","modified_gmt":"2026-04-15T23:02:14","slug":"ayak-oyunlarindan-akil-oyunlarina-futbol","status":"publish","type":"product","link":"https:\/\/roveyayinevi.com.tr\/index.php\/urun\/ayak-oyunlarindan-akil-oyunlarina-futbol\/","title":{"rendered":"Ayak Oyunlar\u0131ndan Ak\u0131l Oyunlar\u0131na Futbol"},"content":{"rendered":"<p>D\u00fcnyada ve T\u00fcrkiye\u2019de futbolun sosyo-ekonomik ve k\u00fclt\u00fcrel dinamiklerini serinkanl\u0131 bir dille anlat\u0131yor. Ali Ece . \u015eahsi g\u00f6zlem ve yorumlar\u0131n\u0131 esirgemese de asla duygusall\u0131\u011fa ve tarafgirli\u011fe d\u00fc\u015fm\u00fcyor. \ufffcTan\u0131t\u0131m Metni<\/p>\n","protected":false},"excerpt":{"rendered":"<p>D\u00fcnyada ve T\u00fcrkiye\u2019de futbolun sosyo-ekonomik ve k\u00fclt\u00fcrel dinamiklerini serinkanl\u0131 bir dille anlat\u0131yor. Ali Ece . \u015eahsi g\u00f6zlem ve yorumlar\u0131n\u0131 esirgemese de asla duygusall\u0131\u011fa ve tarafgirli\u011fe d\u00fc\u015fm\u00fcyor.<span class=\"excerpt-hellip\"> [\u2026]<\/span><\/p>\n","protected":false},"featured_media":0,"template":"","meta":{"_monsterinsights_skip_tracking":false,"_monsterinsights_sitenote_active":false,"_monsterinsights_sitenote_note":"","_monsterinsights_sitenote_category":0},"product_brand":[],"product_cat":[15563,15564],"product_tag":[],"class_list":{"0":"post-692338","1":"product","2":"type-product","3":"status-publish","5":"product_cat-hobi","6":"product_cat-spor","7":"pa_cilt-ciltsiz","8":"pa_tur-kitap","9":"pa_yayinevi-profil-kitap","10":"pa_yazar-ali-ece","12":"first","13":"instock","14":"sale","15":"shipping-taxable","16":"purchasable","17":"product-type-simple"},"_links":{"self":[{"href":"https:\/\/roveyayinevi.com.tr\/index.php\/wp-json\/wp\/v2\/product\/692338","targetHints":{"allow":["GET"]}}],"collection":[{"href":"https:\/\/roveyayinevi.com.tr\/index.php\/wp-json\/wp\/v2\/product"}],"about":[{"href":"https:\/\/roveyayinevi.com.tr\/index.php\/wp-json\/wp\/v2\/types\/product"}],"wp:attachment":[{"href":"https:\/\/roveyayinevi.com.tr\/index.php\/wp-json\/wp\/v2\/media?parent=692338"}],"wp:term":[{"taxonomy":"product_brand","embeddable":true,"href":"https:\/\/roveyayinevi.com.tr\/index.php\/wp-json\/wp\/v2\/product_brand?post=692338"},{"taxonomy":"product_cat","embeddable":true,"href":"https:\/\/roveyayinevi.com.tr\/index.php\/wp-json\/wp\/v2\/product_cat?post=692338"},{"taxonomy":"product_tag","embeddable":true,"href":"https:\/\/roveyayinevi.com.tr\/index.php\/wp-json\/wp\/v2\/product_tag?post=692338"}],"curies":[{"name":"wp","href":"https:\/\/api.w.org\/{rel}","templated":true}]}}