{"id":692302,"date":"2025-08-27T14:05:59","date_gmt":"2025-08-27T11:05:59","guid":{"rendered":"https:\/\/roveyayinevi.com.tr\/index.php\/urun\/tanrinin-yuzu-insanin-yuzu\/"},"modified":"2026-04-16T02:02:14","modified_gmt":"2026-04-15T23:02:14","slug":"tanrinin-yuzu-insanin-yuzu","status":"publish","type":"product","link":"https:\/\/roveyayinevi.com.tr\/index.php\/urun\/tanrinin-yuzu-insanin-yuzu\/","title":{"rendered":"Tanr\u0131n\u0131n Y\u00fcz\u00fc \u0130nsan\u0131n Y\u00fcz\u00fc"},"content":{"rendered":"<p>\u201cTanr\u0131n\u0131n Y\u00fcz\u00fc\u201d ve \u201c\u0130nsan\u0131n Y\u00fcz\u00fc\u201d Vahyin iki orta\u011f\u0131d\u0131r. Henry Corbin, bu \u00e7al\u0131\u015fmas\u0131nda \u0130ran \u0130slam\u0131ndaki imam fig\u00fcr\u00fcn\u00fcn, bir ba\u015fka deyi\u015fle \u201cTanr\u0131n\u0131n insana g\u00f6sterdi\u011fi Y\u00fcz ve insan\u0131n Tanr\u0131ya g\u00f6sterdi\u011fi Y\u00fcz\u00fcn\u201d \u00f6nemini ortaya koyar. Fakat bu ke\u015fif onu \u0130ran s\u0131n\u0131rlar\u0131n\u0131n \u00f6tesine ta\u015f\u0131r, \u015eiilikle di\u011fer dinler (\u00f6zellikle H\u0131ristiyanl\u0131k) aras\u0131nda beliren benzerlikleri sorgular. Corbin\u2019e g\u00f6re kar\u015f\u0131la\u015ft\u0131rmal\u0131 bir \u00e7al\u0131\u015fma yapmaks\u0131z\u0131n \u0130ran \u0130slam\u0131ndaki derin niyeti kavrayamay\u0131z: \u0130smaili irfan ve \u0130sve\u00e7li vizyoner Swedenborg\u2019un tasavvurlar\u0131 aras\u0131ndaki ortakl\u0131klar\u0131 g\u00f6rmeden \u015eiilikteki bat\u0131nili\u011fi anlayamay\u0131z. \u0130\u015fte bu \u00e7al\u0131\u015fma, ilahiyat ve metafizik aras\u0131ndaki ba\u011flant\u0131y\u0131 koparmadan nebevi felsefenin ve mistik hikmet anlay\u0131\u015flar\u0131n\u0131n manas\u0131n\u0131 g\u00f6zler \u00f6n\u00fcne serer. <\/p>\n","protected":false},"excerpt":{"rendered":"<p>\u201cTanr\u0131n\u0131n Y\u00fcz\u00fc\u201d ve \u201c\u0130nsan\u0131n Y\u00fcz\u00fc\u201d Vahyin iki orta\u011f\u0131d\u0131r. Henry Corbin, bu \u00e7al\u0131\u015fmas\u0131nda \u0130ran \u0130slam\u0131ndaki imam fig\u00fcr\u00fcn\u00fcn, bir ba\u015fka deyi\u015fle \u201cTanr\u0131n\u0131n insana g\u00f6sterdi\u011fi Y\u00fcz ve insan\u0131n Tanr\u0131ya<span class=\"excerpt-hellip\"> [\u2026]<\/span><\/p>\n","protected":false},"featured_media":0,"template":"","meta":{"_monsterinsights_skip_tracking":false,"_monsterinsights_sitenote_active":false,"_monsterinsights_sitenote_note":"","_monsterinsights_sitenote_category":0},"product_brand":[],"product_cat":[12718,12719,12720],"product_tag":[],"class_list":{"0":"post-692302","1":"product","2":"type-product","3":"status-publish","5":"product_cat-din","6":"product_cat-islam","7":"product_cat-tasavvuf-mezhepler-tarikatlar","8":"pa_tur-kitap","9":"pa_yayinevi-pinhan-yayincilik","10":"pa_yazar-henry-corbin","12":"first","13":"instock","14":"sale","15":"shipping-taxable","16":"purchasable","17":"product-type-simple"},"_links":{"self":[{"href":"https:\/\/roveyayinevi.com.tr\/index.php\/wp-json\/wp\/v2\/product\/692302","targetHints":{"allow":["GET"]}}],"collection":[{"href":"https:\/\/roveyayinevi.com.tr\/index.php\/wp-json\/wp\/v2\/product"}],"about":[{"href":"https:\/\/roveyayinevi.com.tr\/index.php\/wp-json\/wp\/v2\/types\/product"}],"wp:attachment":[{"href":"https:\/\/roveyayinevi.com.tr\/index.php\/wp-json\/wp\/v2\/media?parent=692302"}],"wp:term":[{"taxonomy":"product_brand","embeddable":true,"href":"https:\/\/roveyayinevi.com.tr\/index.php\/wp-json\/wp\/v2\/product_brand?post=692302"},{"taxonomy":"product_cat","embeddable":true,"href":"https:\/\/roveyayinevi.com.tr\/index.php\/wp-json\/wp\/v2\/product_cat?post=692302"},{"taxonomy":"product_tag","embeddable":true,"href":"https:\/\/roveyayinevi.com.tr\/index.php\/wp-json\/wp\/v2\/product_tag?post=692302"}],"curies":[{"name":"wp","href":"https:\/\/api.w.org\/{rel}","templated":true}]}}