{"id":692286,"date":"2025-08-27T14:05:56","date_gmt":"2025-08-27T11:05:56","guid":{"rendered":"https:\/\/roveyayinevi.com.tr\/index.php\/urun\/uygulamali-yaratici-monologlar\/"},"modified":"2026-04-16T02:02:13","modified_gmt":"2026-04-15T23:02:13","slug":"uygulamali-yaratici-monologlar","status":"publish","type":"product","link":"https:\/\/roveyayinevi.com.tr\/index.php\/urun\/uygulamali-yaratici-monologlar\/","title":{"rendered":"Uygulamal\u0131 Yarat\u0131c\u0131 Monologlar"},"content":{"rendered":"<p>Bir oyuncu nas\u0131l olmal\u0131 derseniz, bir oyuncu d\u00fcnyaya farkl\u0131 g\u00f6zlerle bak\u0131p her zaman yeniliklere ve \u00f6\u011frenmeye a\u00e7\u0131k olmal\u0131 ki oynad\u0131\u011f\u0131 her rol\u00fc ba\u015far\u0131l\u0131 bir \u015fekilde canland\u0131rabilsin, rol\u00fcyle b\u00fct\u00fcnle\u015fsin. Y\u0131lmaz Ar\u0131kan Uygulamal\u0131 Yarat\u0131c\u0131 Monologlar adl\u0131 kitab\u0131nda, bir oyuncunun farkl\u0131 karakterleri kolayl\u0131kla nas\u0131l canland\u0131rabilece\u011fini anlatmas\u0131n\u0131n yan\u0131 s\u0131ra, sahnede rol\u00fcyle b\u00fct\u00fcnle\u015ferek nas\u0131l daha rahat ve daha do\u011fal oynabilece\u011finin ipu\u00e7lar\u0131n\u0131 veriyor. <\/p>\n","protected":false},"excerpt":{"rendered":"<p>Bir oyuncu nas\u0131l olmal\u0131 derseniz, bir oyuncu d\u00fcnyaya farkl\u0131 g\u00f6zlerle bak\u0131p her zaman yeniliklere ve \u00f6\u011frenmeye a\u00e7\u0131k olmal\u0131 ki oynad\u0131\u011f\u0131 her rol\u00fc ba\u015far\u0131l\u0131 bir \u015fekilde canland\u0131rabilsin,<span class=\"excerpt-hellip\"> [\u2026]<\/span><\/p>\n","protected":false},"featured_media":0,"template":"","meta":{"_monsterinsights_skip_tracking":false,"_monsterinsights_sitenote_active":false,"_monsterinsights_sitenote_note":"","_monsterinsights_sitenote_category":0},"product_brand":[],"product_cat":[12409,12408],"product_tag":[],"class_list":{"0":"post-692286","1":"product","2":"type-product","3":"status-publish","5":"product_cat-fotograf-sinema-tiyatro","6":"product_cat-sanat","7":"pa_tur-kitap","8":"pa_yayinevi-pozitif-yayinlari","9":"pa_yazar-yilmaz-arikan","11":"first","12":"instock","13":"sale","14":"shipping-taxable","15":"purchasable","16":"product-type-simple"},"_links":{"self":[{"href":"https:\/\/roveyayinevi.com.tr\/index.php\/wp-json\/wp\/v2\/product\/692286","targetHints":{"allow":["GET"]}}],"collection":[{"href":"https:\/\/roveyayinevi.com.tr\/index.php\/wp-json\/wp\/v2\/product"}],"about":[{"href":"https:\/\/roveyayinevi.com.tr\/index.php\/wp-json\/wp\/v2\/types\/product"}],"wp:attachment":[{"href":"https:\/\/roveyayinevi.com.tr\/index.php\/wp-json\/wp\/v2\/media?parent=692286"}],"wp:term":[{"taxonomy":"product_brand","embeddable":true,"href":"https:\/\/roveyayinevi.com.tr\/index.php\/wp-json\/wp\/v2\/product_brand?post=692286"},{"taxonomy":"product_cat","embeddable":true,"href":"https:\/\/roveyayinevi.com.tr\/index.php\/wp-json\/wp\/v2\/product_cat?post=692286"},{"taxonomy":"product_tag","embeddable":true,"href":"https:\/\/roveyayinevi.com.tr\/index.php\/wp-json\/wp\/v2\/product_tag?post=692286"}],"curies":[{"name":"wp","href":"https:\/\/api.w.org\/{rel}","templated":true}]}}