{"id":692282,"date":"2025-08-27T14:05:55","date_gmt":"2025-08-27T11:05:55","guid":{"rendered":"https:\/\/roveyayinevi.com.tr\/index.php\/urun\/yanilmisim-tanri-varmis\/"},"modified":"2026-04-16T02:02:13","modified_gmt":"2026-04-15T23:02:13","slug":"yanilmisim-tanri-varmis","status":"publish","type":"product","link":"https:\/\/roveyayinevi.com.tr\/index.php\/urun\/yanilmisim-tanri-varmis\/","title":{"rendered":"Yan\u0131lm\u0131\u015f\u0131m Tanr\u0131 Varm\u0131\u015f"},"content":{"rendered":"<p>\u00c7ok az din\u00ee hik\u00e2ye bu t\u00fcr etki yarat\u0131r. Bu \u015fa\u015f\u0131rt\u0131c\u0131 kitap, Tony&#8217;nin ge\u00e7irdi\u011fi de\u011fi\u015fimin nedenlerini belgeliyor&#8230; ve bu kitab\u0131n zevkle okunmas\u0131n\u0131 sa\u011fl\u0131yor. Gary Habermas, Liberty \u00dcniversitesi, Felsefe ve Teoloji B\u00f6l\u00fcm\u00fc, Se\u00e7kin Ara\u015ft\u0131rma Profes\u00f6r\u00fc ve K\u00fcrs\u00fc Ba\u015fkan\u0131 Son y\u0131llarda Bat\u0131&#8217;da Tanr\u0131, ateizm, inan\u00e7, din kavramlar\u0131 etrafl\u0131ca tart\u0131\u015f\u0131l\u0131yor. Richard Dawkins&#8217;in \u00fcnl\u00fc Tanr\u0131 vard\u0131r diyenlerle yoktur diyenler do\u011fa, bilim ve tarihteki \u00e7e\u015fitli olaylar\u0131 de\u011ferlendirecek g\u00f6r\u00fc\u015flerini ispatlamaya \u00e7al\u0131\u015f\u0131yorlar. Son d\u00f6nemde t\u00fcm d\u00fcnyada en ses getiren \u00e7al\u0131\u015fma ise Antony Flew&#8217;in Yan\u0131lm\u0131\u015f\u0131m Tanr\u0131 Varm\u0131\u015f kitab\u0131 oldu. Antony Flew hayat\u0131n\u0131n b\u00fcy\u00fck bir b\u00f6l\u00fcm\u00fcnde ateizmin bilinen felsefi savunucular\u0131n\u0131n en \u00f6nemlisiydi. Ama ateizm fikrinden cayan Flew art\u0131k Tanr\u0131&#8217;n\u0131n varl\u0131\u011f\u0131na inand\u0131\u011f\u0131n\u0131 ve Tanr\u0131 yoktur demenin hi\u00e7bir anlam\u0131 olmad\u0131\u011f\u0131n\u0131 ileri s\u00fcr\u00fcyor. Yan\u0131lm\u0131\u015f\u0131m Tanr\u0131 Varm\u0131\u015f \u00e7al\u0131\u015fma hayat\u0131n\u0131n b\u00fcy\u00fck bir b\u00f6l\u00fcm\u00fcnde ate\u015fli bir ateist olan \u00fcnl\u00fc bir filozofun evrenin zekice tasar\u0131m\u0131na ve dolay\u0131s\u0131yla Tanr\u0131&#8217;n\u0131n varl\u0131\u011f\u0131na inanmaya ba\u015flamas\u0131n\u0131n ilgi \u00e7ekici ve okunmaya de\u011fer bir hik\u00e2yesi. <\/p>\n","protected":false},"excerpt":{"rendered":"<p>\u00c7ok az din\u00ee hik\u00e2ye bu t\u00fcr etki yarat\u0131r. Bu \u015fa\u015f\u0131rt\u0131c\u0131 kitap, Tony&#8217;nin ge\u00e7irdi\u011fi de\u011fi\u015fimin nedenlerini belgeliyor&#8230; ve bu kitab\u0131n zevkle okunmas\u0131n\u0131 sa\u011fl\u0131yor. Gary Habermas, Liberty \u00dcniversitesi,<span class=\"excerpt-hellip\"> [\u2026]<\/span><\/p>\n","protected":false},"featured_media":0,"template":"","meta":{"_monsterinsights_skip_tracking":false,"_monsterinsights_sitenote_active":false,"_monsterinsights_sitenote_note":"","_monsterinsights_sitenote_category":0},"product_brand":[],"product_cat":[12777,12291],"product_tag":[],"class_list":{"0":"post-692282","1":"product","2":"type-product","3":"status-publish","5":"product_cat-deneme","6":"product_cat-edebiyat","7":"pa_cilt-ciltsiz","8":"pa_tur-kitap","9":"pa_yayinevi-profil-kitap","10":"pa_yazar-antony-flew","12":"first","13":"instock","14":"sale","15":"shipping-taxable","16":"purchasable","17":"product-type-simple"},"_links":{"self":[{"href":"https:\/\/roveyayinevi.com.tr\/index.php\/wp-json\/wp\/v2\/product\/692282","targetHints":{"allow":["GET"]}}],"collection":[{"href":"https:\/\/roveyayinevi.com.tr\/index.php\/wp-json\/wp\/v2\/product"}],"about":[{"href":"https:\/\/roveyayinevi.com.tr\/index.php\/wp-json\/wp\/v2\/types\/product"}],"wp:attachment":[{"href":"https:\/\/roveyayinevi.com.tr\/index.php\/wp-json\/wp\/v2\/media?parent=692282"}],"wp:term":[{"taxonomy":"product_brand","embeddable":true,"href":"https:\/\/roveyayinevi.com.tr\/index.php\/wp-json\/wp\/v2\/product_brand?post=692282"},{"taxonomy":"product_cat","embeddable":true,"href":"https:\/\/roveyayinevi.com.tr\/index.php\/wp-json\/wp\/v2\/product_cat?post=692282"},{"taxonomy":"product_tag","embeddable":true,"href":"https:\/\/roveyayinevi.com.tr\/index.php\/wp-json\/wp\/v2\/product_tag?post=692282"}],"curies":[{"name":"wp","href":"https:\/\/api.w.org\/{rel}","templated":true}]}}