{"id":692271,"date":"2025-08-27T14:05:53","date_gmt":"2025-08-27T11:05:53","guid":{"rendered":"https:\/\/roveyayinevi.com.tr\/index.php\/urun\/bobun-dunyasi\/"},"modified":"2026-03-25T02:05:49","modified_gmt":"2026-03-24T23:05:49","slug":"bobun-dunyasi","status":"publish","type":"product","link":"https:\/\/roveyayinevi.com.tr\/index.php\/urun\/bobun-dunyasi\/","title":{"rendered":"Bob&#8217;un D\u00fcnyas\u0131"},"content":{"rendered":"<p>Sokak Kedisi Bob&#8217;un maceras\u0131 devam ediyor! &#8220;Bob&#8217;la tan\u0131\u015fmadan \u00f6nce d\u00fcnya g\u00f6z\u00fcme ha\u015fin, kalpsiz ve evet, umutsuz bir yer gibi g\u00f6r\u00fcn\u00fcrd\u00fc. Onun g\u00f6zlerinden g\u00f6rmeyi \u00f6\u011frendi\u011fim d\u00fcnyaysa bamba\u015fka bir yer. Bir zamanlar bir g\u00fcn\u00fc di\u011ferinden ay\u0131ramazd\u0131m. Oysa \u015fimdi her birini ne\u015feyle kar\u015f\u0131l\u0131yorum. Hayat\u0131mda hi\u00e7 olmad\u0131\u011f\u0131m kadar mutlu, sa\u011fl\u0131kl\u0131 ve ba\u015far\u0131l\u0131y\u0131m.&#8221; Sokak Kedisi Bob ile James Bowen&#8217;\u0131n tan\u0131\u015fma hik\u00e2yesini okudu\u011fumuz ilk kitapta yazar, hayata yeniden tutunman\u0131n yollar\u0131n\u0131 ar\u0131yordu. Yeni arkada\u015f\u0131 Bob ise, en yak\u0131n dostuna sadakat, g\u00fcven ve mutluluktan ge\u00e7en yollar\u0131 g\u00f6steriyordu. Bob&#8217;un D\u00fcnyas\u0131&#8217;nda, birbirlerinin koruyucu mele\u011fi olan bu iki dost yine yan yana ve en tehlikeli zamanlarda bile hayat\u0131n zorluklar\u0131na g\u00f6\u011f\u00fcs germeyi ba\u015far\u0131yorlar. T\u0131pk\u0131 Sokak Kedisi Bob&#8217;da oldu\u011fu gibi, Bob&#8217;un D\u00fcnyas\u0131&#8217;nda da g\u00f6zya\u015flar\u0131n\u0131z\u0131 tutamayacaks\u0131n\u0131z! Unutmay\u0131n; bu sayfalarda anlat\u0131lanlar ger\u00e7ek!\ufffcTan\u0131t\u0131m Metni<\/p>\n","protected":false},"excerpt":{"rendered":"<p>Sokak Kedisi Bob&#8217;un maceras\u0131 devam ediyor! &#8220;Bob&#8217;la tan\u0131\u015fmadan \u00f6nce d\u00fcnya g\u00f6z\u00fcme ha\u015fin, kalpsiz ve evet, umutsuz bir yer gibi g\u00f6r\u00fcn\u00fcrd\u00fc. Onun g\u00f6zlerinden g\u00f6rmeyi \u00f6\u011frendi\u011fim d\u00fcnyaysa bamba\u015fka<span class=\"excerpt-hellip\"> [\u2026]<\/span><\/p>\n","protected":false},"featured_media":0,"template":"","meta":{"_monsterinsights_skip_tracking":false,"_monsterinsights_sitenote_active":false,"_monsterinsights_sitenote_note":"","_monsterinsights_sitenote_category":0},"product_brand":[],"product_cat":[14009,12291],"product_tag":[],"class_list":{"0":"post-692271","1":"product","2":"type-product","3":"status-publish","5":"product_cat-biyografi-otobiyografi-edebiyat","6":"product_cat-edebiyat","7":"pa_cilt-ciltsiz","8":"pa_tur-kitap","9":"pa_yayinevi-yabanci-yayinevi","10":"pa_yazar-james-bowen","12":"first","13":"instock","14":"sale","15":"shipping-taxable","16":"purchasable","17":"product-type-simple"},"_links":{"self":[{"href":"https:\/\/roveyayinevi.com.tr\/index.php\/wp-json\/wp\/v2\/product\/692271","targetHints":{"allow":["GET"]}}],"collection":[{"href":"https:\/\/roveyayinevi.com.tr\/index.php\/wp-json\/wp\/v2\/product"}],"about":[{"href":"https:\/\/roveyayinevi.com.tr\/index.php\/wp-json\/wp\/v2\/types\/product"}],"wp:attachment":[{"href":"https:\/\/roveyayinevi.com.tr\/index.php\/wp-json\/wp\/v2\/media?parent=692271"}],"wp:term":[{"taxonomy":"product_brand","embeddable":true,"href":"https:\/\/roveyayinevi.com.tr\/index.php\/wp-json\/wp\/v2\/product_brand?post=692271"},{"taxonomy":"product_cat","embeddable":true,"href":"https:\/\/roveyayinevi.com.tr\/index.php\/wp-json\/wp\/v2\/product_cat?post=692271"},{"taxonomy":"product_tag","embeddable":true,"href":"https:\/\/roveyayinevi.com.tr\/index.php\/wp-json\/wp\/v2\/product_tag?post=692271"}],"curies":[{"name":"wp","href":"https:\/\/api.w.org\/{rel}","templated":true}]}}