{"id":692266,"date":"2025-08-27T14:05:52","date_gmt":"2025-08-27T11:05:52","guid":{"rendered":"https:\/\/roveyayinevi.com.tr\/index.php\/urun\/seriatci-terorun-ve-batinin-kiskacindaki-ulke-turkiye\/"},"modified":"2026-04-16T02:02:13","modified_gmt":"2026-04-15T23:02:13","slug":"seriatci-terorun-ve-batinin-kiskacindaki-ulke-turkiye","status":"publish","type":"product","link":"https:\/\/roveyayinevi.com.tr\/index.php\/urun\/seriatci-terorun-ve-batinin-kiskacindaki-ulke-turkiye\/","title":{"rendered":"\u015eeriat\u00e7\u0131 Ter\u00f6r\u00fcn ve Bat\u0131n\u0131n K\u0131skac\u0131ndaki \u00dclke T\u00fcrkiye"},"content":{"rendered":"<p>K\u00f6stebek ve Alman Vak\u0131flar\u0131 kitaplar\u0131n\u0131n yazar\u0131 Necip Hablemito\u011flu, \u015eeriat\u00e7\u0131 Ter\u00f6r\u00fcn ve Bat\u0131n\u0131n K\u0131skac\u0131ndaki \u00dclke; T\u00fcrkiye adl\u0131 kitab\u0131nda, T\u00fcrk Devleti ve b\u00fct\u00fcnl\u00fc\u011f\u00fcn\u00fcn kar\u015f\u0131 kar\u015f\u0131ya kald\u0131\u011f\u0131 tehlike ve tehditleri g\u00f6zler \u00f6n\u00fcne seriyor. D\u0131\u015f g\u00fc\u00e7lerin tarikat ve ter\u00f6r \u00fczerinden T\u00fcrk insan\u0131na olan etkisinden bahsedip, bu g\u00fc\u00e7lerin insanlar\u0131 kendi \u00e7\u0131karlar\u0131 do\u011frultusunda kulland\u0131klar\u0131n\u0131n alt\u0131n\u0131 \u00e7iziyor. Tehdit ve tehlikenin yaln\u0131zca d\u0131\u015f g\u00fc\u00e7ler olmad\u0131\u011f\u0131na vurgu yapan Hablemito\u011flu, di\u011fer \u00fclkelerdeki istihbarat te\u015fkilatlar\u0131 ve bu te\u015fkilatlar\u0131n faaliyetlerine de de\u011finirken, T\u00fcrkiye\u2019nin nas\u0131l bir oyunun i\u00e7inde oldu\u011funu delilleriyle ortaya koyuyor. Susturulan bir ayd\u0131n\u0131n kaleminden \u00e7\u0131kan \u015eeriat\u00e7i Ter\u00f6r\u00fcn ve Bat\u0131n\u0131n K\u0131skac\u0131ndaki \u00dclke; T\u00fcrkiye\u2019de, Hablemito\u011flu tehlikenin hem d\u0131\u015far\u0131dan, hem de i\u00e7eriden oldu\u011funu s\u00f6ylerken, T\u00fcrk Devleti\u2019nin almas\u0131 gereken \u00f6nlemlerin neler olmas\u0131 gerekti\u011fine farkl\u0131 olay ve ki\u015filer \u00fczerinden defalarca vurgu yap\u0131yor. <\/p>\n","protected":false},"excerpt":{"rendered":"<p>K\u00f6stebek ve Alman Vak\u0131flar\u0131 kitaplar\u0131n\u0131n yazar\u0131 Necip Hablemito\u011flu, \u015eeriat\u00e7\u0131 Ter\u00f6r\u00fcn ve Bat\u0131n\u0131n K\u0131skac\u0131ndaki \u00dclke; T\u00fcrkiye adl\u0131 kitab\u0131nda, T\u00fcrk Devleti ve b\u00fct\u00fcnl\u00fc\u011f\u00fcn\u00fcn kar\u015f\u0131 kar\u015f\u0131ya kald\u0131\u011f\u0131 tehlike ve<span class=\"excerpt-hellip\"> [\u2026]<\/span><\/p>\n","protected":false},"featured_media":0,"template":"","meta":{"_monsterinsights_skip_tracking":false,"_monsterinsights_sitenote_active":false,"_monsterinsights_sitenote_note":"","_monsterinsights_sitenote_category":0},"product_brand":[],"product_cat":[12338,12337],"product_tag":[],"class_list":{"0":"post-692266","1":"product","2":"type-product","3":"status-publish","5":"product_cat-dunya-siyaseti-ve-politikasi","6":"product_cat-politika-siyaset","7":"pa_cilt-ciltsiz","8":"pa_tur-kitap","9":"pa_yayinevi-pozitif-yayinlari","10":"pa_yazar-necip-hablemitoglu","12":"first","13":"instock","14":"sale","15":"shipping-taxable","16":"purchasable","17":"product-type-simple"},"_links":{"self":[{"href":"https:\/\/roveyayinevi.com.tr\/index.php\/wp-json\/wp\/v2\/product\/692266","targetHints":{"allow":["GET"]}}],"collection":[{"href":"https:\/\/roveyayinevi.com.tr\/index.php\/wp-json\/wp\/v2\/product"}],"about":[{"href":"https:\/\/roveyayinevi.com.tr\/index.php\/wp-json\/wp\/v2\/types\/product"}],"wp:attachment":[{"href":"https:\/\/roveyayinevi.com.tr\/index.php\/wp-json\/wp\/v2\/media?parent=692266"}],"wp:term":[{"taxonomy":"product_brand","embeddable":true,"href":"https:\/\/roveyayinevi.com.tr\/index.php\/wp-json\/wp\/v2\/product_brand?post=692266"},{"taxonomy":"product_cat","embeddable":true,"href":"https:\/\/roveyayinevi.com.tr\/index.php\/wp-json\/wp\/v2\/product_cat?post=692266"},{"taxonomy":"product_tag","embeddable":true,"href":"https:\/\/roveyayinevi.com.tr\/index.php\/wp-json\/wp\/v2\/product_tag?post=692266"}],"curies":[{"name":"wp","href":"https:\/\/api.w.org\/{rel}","templated":true}]}}

Şeriatçı Terörün ve Batının Kıskacındaki Ülke Türkiye

<p>Köstebek ve Alman Vakıfları kitaplarının yazarı Necip Hablemitoğlu, Şeriatçı Terörün ve Batının Kıskacındaki Ülke; Türkiye adlı kitabında, Türk Devleti ve bütünlüğünün karşı karşıya kaldığı tehlike ve tehditleri gözler önüne seriyor. Dış güçlerin tarikat ve terör üzerinden Türk insanına olan etkisinden bahsedip, bu güçlerin insanları kendi çıkarları doğrultusunda kullandıklarının altını çiziyor. Tehdit ve tehlikenin yalnızca dış güçler olmadığına vurgu yapan Hablemitoğlu, diğer ülkelerdeki istihbarat teşkilatları ve bu teşkilatların faaliyetlerine de değinirken, Türkiye’nin nasıl bir oyunun içinde olduğunu delilleriyle ortaya koyuyor. Susturulan bir aydının kaleminden çıkan Şeriatçi Terörün ve Batının Kıskacındaki Ülke; Türkiye’de, Hablemitoğlu tehlikenin hem dışarıdan, hem de içeriden olduğunu söylerken, Türk Devleti’nin alması gereken önlemlerin neler olması gerektiğine farklı olay ve kişiler üzerinden defalarca vurgu yapıyor. </p>

<p>Köstebek ve Alman Vakıfları kitaplarının yazarı Necip Hablemitoğlu, Şeriatçı Terörün ve Batının Kıskacındaki Ülke; Türkiye adlı kitabında, Türk Devleti ve bütünlüğünün karşı karşıya kaldığı tehlike ve<span class="excerpt-hellip"> […]</span></p>
