{"id":692262,"date":"2025-08-27T14:05:51","date_gmt":"2025-08-27T11:05:51","guid":{"rendered":"https:\/\/roveyayinevi.com.tr\/index.php\/urun\/osmanlidan-21-yuzyila-basin-tarihi\/"},"modified":"2026-04-16T02:02:13","modified_gmt":"2026-04-15T23:02:13","slug":"osmanlidan-21-yuzyila-basin-tarihi","status":"publish","type":"product","link":"https:\/\/roveyayinevi.com.tr\/index.php\/urun\/osmanlidan-21-yuzyila-basin-tarihi\/","title":{"rendered":"Osmanl\u0131\u2019dan 21. Y\u00fczy\u0131la Bas\u0131n Tarihi"},"content":{"rendered":"<p>B\u00fct\u00fcn d\u00fcnyada yasama, yarg\u0131 ve y\u00fcr\u00fctmeye ek olarak 4. erk kabul edilen bas\u0131n, yaz\u0131l\u0131yla (gazete, dergi) ba\u015flayan teknolojisini 20. y\u00fczy\u0131lda s\u00f6zl\u00fc (radyo), g\u00f6rsel (TV) ve nihayet elektronik (bilgisayar) y\u00f6ntemlerle zenginle\u015ftirerek toplumlar\u0131 bilgilendirmede rol\u00fcn\u00fc peki\u015ftirmi\u015ftir. Bat\u0131n\u0131n R\u00f6nesans\u2019a temel olu\u015fturan  Kitap K\u00fclt\u00fcr\u00fc ne ek olarak geli\u015ftirdi\u011fi  Gazete K\u00fclt\u00fcr\u00fc , bizde ise \u00e7a\u011fda\u015fla\u015fman\u0131n ve fikir olu\u015fturan d\u00fc\u015f\u00fcn\u00fcrlerimizin temel arac\u0131 olmu\u015ftur. Toplumumuzun geli\u015fme s\u00fcreci ve gelece\u011fe y\u00f6neli\u015fi konusunda sa\u011fl\u0131kl\u0131 bir de\u011ferlendirme i\u00e7in bas\u0131n tarihimize &#8211; gazeteci an\u0131lar\u0131 yerine &#8211; bu a\u00e7\u0131dan bakmak gerekir. Kitab\u0131m\u0131z bu ama\u00e7la haz\u0131rlanm\u0131\u015ft\u0131r. <\/p>\n","protected":false},"excerpt":{"rendered":"<p>B\u00fct\u00fcn d\u00fcnyada yasama, yarg\u0131 ve y\u00fcr\u00fctmeye ek olarak 4. erk kabul edilen bas\u0131n, yaz\u0131l\u0131yla (gazete, dergi) ba\u015flayan teknolojisini 20. y\u00fczy\u0131lda s\u00f6zl\u00fc (radyo), g\u00f6rsel (TV) ve nihayet<span class=\"excerpt-hellip\"> [\u2026]<\/span><\/p>\n","protected":false},"featured_media":0,"template":"","meta":{"_monsterinsights_skip_tracking":false,"_monsterinsights_sitenote_active":false,"_monsterinsights_sitenote_note":"","_monsterinsights_sitenote_category":0},"product_brand":[],"product_cat":[13517,12304],"product_tag":[],"class_list":{"0":"post-692262","1":"product","2":"type-product","3":"status-publish","5":"product_cat-osmanli-tarihi","6":"product_cat-tarih","7":"pa_tur-kitap","8":"pa_yayinevi-pozitif-yayinlari","9":"pa_yazar-orhan-kologlu","11":"first","12":"instock","13":"sale","14":"shipping-taxable","15":"purchasable","16":"product-type-simple"},"_links":{"self":[{"href":"https:\/\/roveyayinevi.com.tr\/index.php\/wp-json\/wp\/v2\/product\/692262","targetHints":{"allow":["GET"]}}],"collection":[{"href":"https:\/\/roveyayinevi.com.tr\/index.php\/wp-json\/wp\/v2\/product"}],"about":[{"href":"https:\/\/roveyayinevi.com.tr\/index.php\/wp-json\/wp\/v2\/types\/product"}],"wp:attachment":[{"href":"https:\/\/roveyayinevi.com.tr\/index.php\/wp-json\/wp\/v2\/media?parent=692262"}],"wp:term":[{"taxonomy":"product_brand","embeddable":true,"href":"https:\/\/roveyayinevi.com.tr\/index.php\/wp-json\/wp\/v2\/product_brand?post=692262"},{"taxonomy":"product_cat","embeddable":true,"href":"https:\/\/roveyayinevi.com.tr\/index.php\/wp-json\/wp\/v2\/product_cat?post=692262"},{"taxonomy":"product_tag","embeddable":true,"href":"https:\/\/roveyayinevi.com.tr\/index.php\/wp-json\/wp\/v2\/product_tag?post=692262"}],"curies":[{"name":"wp","href":"https:\/\/api.w.org\/{rel}","templated":true}]}}