{"id":692234,"date":"2025-08-27T14:04:59","date_gmt":"2025-08-27T11:04:59","guid":{"rendered":"https:\/\/roveyayinevi.com.tr\/index.php\/urun\/salkim-sogutlerin-golgesinde\/"},"modified":"2026-04-16T02:02:12","modified_gmt":"2026-04-15T23:02:12","slug":"salkim-sogutlerin-golgesinde","status":"publish","type":"product","link":"https:\/\/roveyayinevi.com.tr\/index.php\/urun\/salkim-sogutlerin-golgesinde\/","title":{"rendered":"Salk\u0131m S\u00f6\u011f\u00fctlerin G\u00f6lgesinde"},"content":{"rendered":"<p>\u0130kinci D\u00fcnya Sava\u015f\u0131&#8217;n\u0131n g\u00f6lgesinde G\u00fcrcistan&#8217;da Ermeni, Yahudi, G\u00fcrc\u00fc ve T\u00fcrk, farkl\u0131 etnik aidiyeti olan insanlar\u0131n ya\u015fad\u0131\u011f\u0131 Ah\u0131ska&#8217;da, k\u00fc\u00e7\u00fck \u00d6mer ve Nika&#8217;n\u0131n dostluklar\u0131 merkezinde yepyeni olaylar geli\u015fir. Bu dostluklar y\u00fcz binden fazla insan\u0131n bir gecede silahl\u0131 askerler taraf\u0131ndan k\u00f6ylerinden al\u0131n\u0131p y\u00fck vagonlar\u0131yla Orta Asya&#8217;ya s\u00fcrg\u00fcn edilmeleriyle trajik bir \u015fekilde kesintiye u\u011frar. 40 g\u00fcn s\u00fcren \u00f6l\u00fcm yolculu\u011fu s\u0131ras\u0131nda otuz bin kadar insan a\u00e7l\u0131k, so\u011fuk ve hastal\u0131kltan hayat\u0131n\u0131 kaybetmi\u015ftir. Salk\u0131m S\u00f6\u011f\u00fctlerin G\u00f6lgesi&#8217;nde yaln\u0131zca dostluk, sava\u015f ve s\u00fcrg\u00fcn\u00fc de\u011fil, insanlar\u0131n \u00f6m\u00fcrlerin verdikleri idealleriyle hesapla\u015fmalar\u0131n\u0131n bir serencam\u0131n\u0131 g\u00fcn y\u00fcz\u00fcne \u00e7\u0131kar\u0131yor. Bu romanda F\u0131rat Sunel&#8217;in ince \u00fcslubuyla Kafda\u011f\u0131&#8217;ndan Bol\u015fevik \u0130htilali&#8217;nin ate\u015flendi\u011fi Petrograd&#8217;a, Rus \u0130\u00e7 Sava\u015f\u0131ndan Svanetya&#8217;ya kadar Kafkasya&#8217;\u0131n ve b\u00f6lge co\u011frafyas\u0131n\u0131n renkli ve \u00e7eli\u015fkilerle dolu kendine \u00f6zg\u00fc masals\u0131 ya\u015fam\u0131n\u0131 ve yar\u0131m kalan a\u015fklar\u0131n\u0131 bulacaks\u0131n\u0131z. <\/p>\n","protected":false},"excerpt":{"rendered":"<p>\u0130kinci D\u00fcnya Sava\u015f\u0131&#8217;n\u0131n g\u00f6lgesinde G\u00fcrcistan&#8217;da Ermeni, Yahudi, G\u00fcrc\u00fc ve T\u00fcrk, farkl\u0131 etnik aidiyeti olan insanlar\u0131n ya\u015fad\u0131\u011f\u0131 Ah\u0131ska&#8217;da, k\u00fc\u00e7\u00fck \u00d6mer ve Nika&#8217;n\u0131n dostluklar\u0131 merkezinde yepyeni olaylar geli\u015fir.<span class=\"excerpt-hellip\"> [\u2026]<\/span><\/p>\n","protected":false},"featured_media":0,"template":"","meta":{"_monsterinsights_skip_tracking":false,"_monsterinsights_sitenote_active":false,"_monsterinsights_sitenote_note":"","_monsterinsights_sitenote_category":0},"product_brand":[],"product_cat":[12291,12745],"product_tag":[],"class_list":{"0":"post-692234","1":"product","2":"type-product","3":"status-publish","5":"product_cat-edebiyat","6":"product_cat-tarihi-roman","7":"pa_tur-kitap","8":"pa_yayinevi-profil-kitap","9":"pa_yazar-firat-sunel","11":"first","12":"instock","13":"sale","14":"shipping-taxable","15":"purchasable","16":"product-type-simple"},"_links":{"self":[{"href":"https:\/\/roveyayinevi.com.tr\/index.php\/wp-json\/wp\/v2\/product\/692234","targetHints":{"allow":["GET"]}}],"collection":[{"href":"https:\/\/roveyayinevi.com.tr\/index.php\/wp-json\/wp\/v2\/product"}],"about":[{"href":"https:\/\/roveyayinevi.com.tr\/index.php\/wp-json\/wp\/v2\/types\/product"}],"wp:attachment":[{"href":"https:\/\/roveyayinevi.com.tr\/index.php\/wp-json\/wp\/v2\/media?parent=692234"}],"wp:term":[{"taxonomy":"product_brand","embeddable":true,"href":"https:\/\/roveyayinevi.com.tr\/index.php\/wp-json\/wp\/v2\/product_brand?post=692234"},{"taxonomy":"product_cat","embeddable":true,"href":"https:\/\/roveyayinevi.com.tr\/index.php\/wp-json\/wp\/v2\/product_cat?post=692234"},{"taxonomy":"product_tag","embeddable":true,"href":"https:\/\/roveyayinevi.com.tr\/index.php\/wp-json\/wp\/v2\/product_tag?post=692234"}],"curies":[{"name":"wp","href":"https:\/\/api.w.org\/{rel}","templated":true}]}}