{"id":692233,"date":"2025-08-27T14:04:59","date_gmt":"2025-08-27T11:04:59","guid":{"rendered":"https:\/\/roveyayinevi.com.tr\/index.php\/urun\/istanbul-dunyanin-en-guzel-sehri\/"},"modified":"2026-04-16T02:02:12","modified_gmt":"2026-04-15T23:02:12","slug":"istanbul-dunyanin-en-guzel-sehri","status":"publish","type":"product","link":"https:\/\/roveyayinevi.com.tr\/index.php\/urun\/istanbul-dunyanin-en-guzel-sehri\/","title":{"rendered":"\u0130stanbul D\u00fcnyan\u0131n En G\u00fczel \u015eehri"},"content":{"rendered":"<p>Neler yaz\u0131lmad\u0131, neler s\u00f6ylenmedi ki \u0130stanbul i\u00e7in? Kimi bir kad\u0131na benzetti, kimi onunla boy \u00f6l\u00e7\u00fc\u015fmeye kalk\u0131\u015ft\u0131. Baz\u0131lar\u0131n\u0131n a\u015fk\u0131n\u0131, baz\u0131lar\u0131n\u0131n nefretini kazand\u0131. \u015e\u00fcphesiz benzer \u015feyler; bu \u015fehirdeki yabanc\u0131lar i\u00e7in de ge\u00e7erli oldu zaman zaman. Frans\u0131z ele\u015ftirmen ve yazar Th\u00e9ophile Gautier de bu ki\u015filerden biri. \u0130stanbul, D\u00fcnyan\u0131n En G\u00fczel \u015eehri bir yabanc\u0131 yazar\u0131n kaleminden \u00e7\u0131kan, bir solukta okunacak ve sizi al\u0131p en bilinmez s\u0131rlara g\u00f6t\u00fcrecek muazzam bir eser. Eserde bir yandan \u0130stanbul\u2019un g\u00fczelliklerini g\u00f6r\u00fcrken, bir yandan da 19. y\u00fczy\u0131ldaki ya\u015fam\u0131n sosyo-ekonomik durumunu, al\u0131\u015fkanl\u0131klar\u0131n\u0131 ve insanlar\u0131n ya\u015fam tarzlar\u0131n\u0131 \u00f6\u011freneceksiniz. \u201cTh\u00e9ophile Gautier gezmekten pek ho\u015flanmaz. Gitti\u011fi yerin ruhunu anlamak, insanlar\u0131yla kayna\u015fmak, her saniyesinden zevk al\u0131p rengarenk \u015fivesini payla\u015farak i\u00e7sel ritmine ayak uydurabilece\u011fi kadar uzun s\u00fcre kalmakt\u0131r amac\u0131. \u0130stanbul\u2019un harap olmu\u015f ah\u015fap evlerine, d\u00fczensiz sokaklar\u0131na ayn\u0131 g\u00f6zle bakar. On dokuzuncu y\u00fczy\u0131l\u0131n ortalar\u0131ndaki \u015fehre ili\u015fkin betimlemelerinin g\u00fcc\u00fc ve berrakl\u0131\u011f\u0131 silinmeyecek \u015fekilde zihinlerde yer eder. \u015eehir duvarlar\u0131n\u0131n etraf\u0131nda a\u011f\u0131rba\u015fl\u0131 atl\u0131 araba gezileri, Ramazan\u2019\u0131n \u015fenlikli geceleri, \u015fehrin b\u00fcy\u00fck k\u0131sm\u0131n\u0131 yok eden b\u00fcy\u00fck yang\u0131nlar, mezarl\u0131klar\u0131n aras\u0131nda gezintiler, K\u00fc\u00e7\u00fcksu\u2019daki piknikler.. Hepsi, bir Do\u011fu bilimcinin a\u015f\u0131r\u0131 tutkusundan \u00f6te, bir r\u00fcya \u015fehri yaratan sanatsal dille anlat\u0131lm\u0131\u015ft\u0131r. Gautier\u2019nin ince dili Bat\u0131l\u0131 bir gezginin merak\u0131n\u0131 yans\u0131t\u0131r ve o yere \u015fiirsellik katar.\u201d Alev Aksoy Croutier <\/p>\n","protected":false},"excerpt":{"rendered":"<p>Neler yaz\u0131lmad\u0131, neler s\u00f6ylenmedi ki \u0130stanbul i\u00e7in? Kimi bir kad\u0131na benzetti, kimi onunla boy \u00f6l\u00e7\u00fc\u015fmeye kalk\u0131\u015ft\u0131. Baz\u0131lar\u0131n\u0131n a\u015fk\u0131n\u0131, baz\u0131lar\u0131n\u0131n nefretini kazand\u0131. \u015e\u00fcphesiz benzer \u015feyler; bu \u015fehirdeki<span class=\"excerpt-hellip\"> [\u2026]<\/span><\/p>\n","protected":false},"featured_media":0,"template":"","meta":{"_monsterinsights_skip_tracking":false,"_monsterinsights_sitenote_active":false,"_monsterinsights_sitenote_note":"","_monsterinsights_sitenote_category":0},"product_brand":[],"product_cat":[13528,13527],"product_tag":[],"class_list":{"0":"post-692233","1":"product","2":"type-product","3":"status-publish","5":"product_cat-gezi","6":"product_cat-sureli-yayinlar","7":"pa_cilt-ciltsiz","8":"pa_tur-kitap","9":"pa_yayinevi-profil-kitap","10":"pa_yazar-theophile-gautier","12":"first","13":"instock","14":"sale","15":"shipping-taxable","16":"purchasable","17":"product-type-simple"},"_links":{"self":[{"href":"https:\/\/roveyayinevi.com.tr\/index.php\/wp-json\/wp\/v2\/product\/692233","targetHints":{"allow":["GET"]}}],"collection":[{"href":"https:\/\/roveyayinevi.com.tr\/index.php\/wp-json\/wp\/v2\/product"}],"about":[{"href":"https:\/\/roveyayinevi.com.tr\/index.php\/wp-json\/wp\/v2\/types\/product"}],"wp:attachment":[{"href":"https:\/\/roveyayinevi.com.tr\/index.php\/wp-json\/wp\/v2\/media?parent=692233"}],"wp:term":[{"taxonomy":"product_brand","embeddable":true,"href":"https:\/\/roveyayinevi.com.tr\/index.php\/wp-json\/wp\/v2\/product_brand?post=692233"},{"taxonomy":"product_cat","embeddable":true,"href":"https:\/\/roveyayinevi.com.tr\/index.php\/wp-json\/wp\/v2\/product_cat?post=692233"},{"taxonomy":"product_tag","embeddable":true,"href":"https:\/\/roveyayinevi.com.tr\/index.php\/wp-json\/wp\/v2\/product_tag?post=692233"}],"curies":[{"name":"wp","href":"https:\/\/api.w.org\/{rel}","templated":true}]}}