{"id":692223,"date":"2025-08-27T14:04:57","date_gmt":"2025-08-27T11:04:57","guid":{"rendered":"https:\/\/roveyayinevi.com.tr\/index.php\/urun\/genc-matematikciye-mektuplar-cep-boy\/"},"modified":"2026-04-16T02:02:12","modified_gmt":"2026-04-15T23:02:12","slug":"genc-matematikciye-mektuplar-cep-boy","status":"publish","type":"product","link":"https:\/\/roveyayinevi.com.tr\/index.php\/urun\/genc-matematikciye-mektuplar-cep-boy\/","title":{"rendered":"Gen\u00e7 Matematik\u00e7iye Mektuplar Cep Boy"},"content":{"rendered":"<p>Bir matematik\u00e7i sanmaz, fakat bilir. \u0130nand\u0131rmaya \u00e7al\u0131\u015fmaz, \u00e7\u00fcnk\u00fc ispat eder. G\u00fcveninizi beklemez, belki dikkat etmenizi ister. -Henri Poincare- Hayat\u0131n her alan\u0131nda matematik vard\u0131r. \u0130\u00e7inde gezdi\u011fimiz al\u0131\u015f-veri\u015f merkezleri, giydi\u011fimiz k\u0131yafetler, oturdu\u011fumuz evler hep bir matematik teoreminin sonucudur. Ne var ki sadece bizde de\u011fil t\u00fcm d\u00fcnyada matematik \u00f6\u011frenilmesi en zor derslerden biri olarak kabul edilir. Acaba \u00f6yle mi? Gen\u00e7 Matematik\u00e7iye Mektuplar okuyucuya Ian Stewart&#8217;\u0131n bir \u00f6\u011frenciyken neleri bilmeyi arzulad\u0131\u011f\u0131n\u0131 anlatmakt\u0131r. Felsefeden uygulamaya-matematik nedir ve neden de\u011ferlidir, mant\u0131k ile ispat aras\u0131ndaki ili\u015fki, matematiksel d\u00fc\u015f\u00fcncede g\u00fczellik ve esteti\u011fin rol\u00fc, matemati\u011fin gelece\u011fi, matematik camias\u0131n\u0131n tuhafl\u0131klar\u0131yla nas\u0131l ba\u015f edebilece\u011fi gibi bir\u00e7ok konuyu can damar\u0131ndan, ustal\u0131kla, ince bir mizah anlay\u0131\u015f\u0131 ve \u00e7ekici bir \u00fcslupla i\u015fleyerek bir araya getirmektedir. Elinizdeki kitap matemati\u011fin neden \u00f6nemli oldu\u011funa dair zekice ve canl\u0131 bir a\u00e7\u0131klama sunuyor. B\u00fct\u00fcn seviyelerdeki \u00f6\u011frencilerin yan\u0131 s\u0131ra matemati\u011fin b\u00fcy\u00fcleyici, fakat \u00e7o\u011fu zaman gizemli d\u00fcnyas\u0131n\u0131 merak eden herkes i\u00e7in m\u00fckemmel bir kiatp. Matematik hi\u00e7 bu kadar basit olmam\u0131\u015ft\u0131.<\/p>\n","protected":false},"excerpt":{"rendered":"<p>Bir matematik\u00e7i sanmaz, fakat bilir. \u0130nand\u0131rmaya \u00e7al\u0131\u015fmaz, \u00e7\u00fcnk\u00fc ispat eder. G\u00fcveninizi beklemez, belki dikkat etmenizi ister. -Henri Poincare- Hayat\u0131n her alan\u0131nda matematik vard\u0131r. \u0130\u00e7inde gezdi\u011fimiz al\u0131\u015f-veri\u015f<span class=\"excerpt-hellip\"> [\u2026]<\/span><\/p>\n","protected":false},"featured_media":0,"template":"","meta":{"_monsterinsights_skip_tracking":false,"_monsterinsights_sitenote_active":false,"_monsterinsights_sitenote_note":"","_monsterinsights_sitenote_category":0},"product_brand":[],"product_cat":[13005,13006],"product_tag":[],"class_list":{"0":"post-692223","1":"product","2":"type-product","3":"status-publish","5":"product_cat-bilim-muhendislik","6":"product_cat-populer-bilim","7":"pa_cilt-ciltsiz","8":"pa_tur-kitap","9":"pa_yayinevi-profil-kitap","10":"pa_yazar-ian-stewart","12":"first","13":"instock","14":"sale","15":"shipping-taxable","16":"purchasable","17":"product-type-simple"},"_links":{"self":[{"href":"https:\/\/roveyayinevi.com.tr\/index.php\/wp-json\/wp\/v2\/product\/692223","targetHints":{"allow":["GET"]}}],"collection":[{"href":"https:\/\/roveyayinevi.com.tr\/index.php\/wp-json\/wp\/v2\/product"}],"about":[{"href":"https:\/\/roveyayinevi.com.tr\/index.php\/wp-json\/wp\/v2\/types\/product"}],"wp:attachment":[{"href":"https:\/\/roveyayinevi.com.tr\/index.php\/wp-json\/wp\/v2\/media?parent=692223"}],"wp:term":[{"taxonomy":"product_brand","embeddable":true,"href":"https:\/\/roveyayinevi.com.tr\/index.php\/wp-json\/wp\/v2\/product_brand?post=692223"},{"taxonomy":"product_cat","embeddable":true,"href":"https:\/\/roveyayinevi.com.tr\/index.php\/wp-json\/wp\/v2\/product_cat?post=692223"},{"taxonomy":"product_tag","embeddable":true,"href":"https:\/\/roveyayinevi.com.tr\/index.php\/wp-json\/wp\/v2\/product_tag?post=692223"}],"curies":[{"name":"wp","href":"https:\/\/api.w.org\/{rel}","templated":true}]}}