{"id":692203,"date":"2025-08-27T14:04:53","date_gmt":"2025-08-27T11:04:53","guid":{"rendered":"https:\/\/roveyayinevi.com.tr\/index.php\/urun\/etkili-anne-baba-egitimi\/"},"modified":"2026-04-16T02:02:11","modified_gmt":"2026-04-15T23:02:11","slug":"etkili-anne-baba-egitimi","status":"publish","type":"product","link":"https:\/\/roveyayinevi.com.tr\/index.php\/urun\/etkili-anne-baba-egitimi\/","title":{"rendered":"Etkili Anne-Baba E\u011fitimi"},"content":{"rendered":"<p>Milyonlarca Anne &#8211; Babaya Rehberlik Eden \u00d6nc\u00fc KitapAnne-babalara \u00e7ocuklar\u0131yla nas\u0131l daha etkili ileti\u015fim kuracaklar\u0131n\u0131 anlatan Etkili Anne-Baba E\u011fitimi (EAE) uzmanlar taraf\u0131ndan alan\u0131nda en iyi \u00e7al\u0131\u015fma olarak kabul ediliyor. Dr. Thomas Gordon\u2019\u0131n uzun s\u00fcren detayl\u0131 ara\u015ft\u0131rmalar\u0131yla bir araya gelen bu program g\u00fcncelle\u015ftirildi ve geni\u015fletildi. Bu kitap siz anne-baba ve t\u00fcm e\u011fitimcilere \u015fu faydalar\u0131 sa\u011flayacak:K\u00f6t\u00fcmser bir anne-baba olmaktan ka\u00e7\u0131nacaks\u0131n\u0131z.\u00c7ocuklar\u0131n\u0131z\u0131 dinlemeyi \u00f6\u011frenecek, b\u00f6ylece \u00e7ocuklar da size her \u015feyi anlatacaklar.\u00c7ocuklara problemleriyle nas\u0131l ba\u015f edeceklerini \u00f6\u011freteceksiniz.\u00c7ocuklar\u0131n anlama ve kavrama yeteneklerini geli\u015ftireceksiniz.Etkili Anne-Baba E\u011fitimi (EAE) ceza vermeden \u00e7ocuklar\u0131n sorunlar\u0131na \u00e7\u00f6z\u00fcm getiren m\u00fcthi\u015f bir kitap. Ayr\u0131ca \u00e7ocuklara sorumluluk y\u00fcklemenin \u00e7e\u015fitli yollar\u0131n\u0131 anlatan bu \u00e7al\u0131\u015fma sadece anne-babalar\u0131n de\u011fil, t\u00fcm e\u011fitimcilerin okumas\u0131 gereken yararl\u0131 bir eser.<\/p>\n","protected":false},"excerpt":{"rendered":"<p>Milyonlarca Anne &#8211; Babaya Rehberlik Eden \u00d6nc\u00fc KitapAnne-babalara \u00e7ocuklar\u0131yla nas\u0131l daha etkili ileti\u015fim kuracaklar\u0131n\u0131 anlatan Etkili Anne-Baba E\u011fitimi (EAE) uzmanlar taraf\u0131ndan alan\u0131nda en iyi \u00e7al\u0131\u015fma olarak<span class=\"excerpt-hellip\"> [\u2026]<\/span><\/p>\n","protected":false},"featured_media":0,"template":"","meta":{"_monsterinsights_skip_tracking":false,"_monsterinsights_sitenote_active":false,"_monsterinsights_sitenote_note":"","_monsterinsights_sitenote_category":0},"product_brand":[],"product_cat":[12831,12324],"product_tag":[],"class_list":{"0":"post-692203","1":"product","2":"type-product","3":"status-publish","5":"product_cat-aile-ve-cocuk","6":"product_cat-sosyoloji","7":"pa_cilt-ciltsiz","8":"pa_tur-kitap","9":"pa_yayinevi-profil-kitap","10":"pa_yazar-thomas-gordon","12":"first","13":"instock","14":"sale","15":"shipping-taxable","16":"purchasable","17":"product-type-simple"},"_links":{"self":[{"href":"https:\/\/roveyayinevi.com.tr\/index.php\/wp-json\/wp\/v2\/product\/692203","targetHints":{"allow":["GET"]}}],"collection":[{"href":"https:\/\/roveyayinevi.com.tr\/index.php\/wp-json\/wp\/v2\/product"}],"about":[{"href":"https:\/\/roveyayinevi.com.tr\/index.php\/wp-json\/wp\/v2\/types\/product"}],"wp:attachment":[{"href":"https:\/\/roveyayinevi.com.tr\/index.php\/wp-json\/wp\/v2\/media?parent=692203"}],"wp:term":[{"taxonomy":"product_brand","embeddable":true,"href":"https:\/\/roveyayinevi.com.tr\/index.php\/wp-json\/wp\/v2\/product_brand?post=692203"},{"taxonomy":"product_cat","embeddable":true,"href":"https:\/\/roveyayinevi.com.tr\/index.php\/wp-json\/wp\/v2\/product_cat?post=692203"},{"taxonomy":"product_tag","embeddable":true,"href":"https:\/\/roveyayinevi.com.tr\/index.php\/wp-json\/wp\/v2\/product_tag?post=692203"}],"curies":[{"name":"wp","href":"https:\/\/api.w.org\/{rel}","templated":true}]}}