{"id":692202,"date":"2025-08-27T14:04:53","date_gmt":"2025-08-27T11:04:53","guid":{"rendered":"https:\/\/roveyayinevi.com.tr\/index.php\/urun\/entellektuellerin-hurafeleri\/"},"modified":"2026-04-16T02:02:11","modified_gmt":"2026-04-15T23:02:11","slug":"entellektuellerin-hurafeleri","status":"publish","type":"product","link":"https:\/\/roveyayinevi.com.tr\/index.php\/urun\/entellektuellerin-hurafeleri\/","title":{"rendered":"Entellekt\u00fcellerin Hurafeleri"},"content":{"rendered":"<p>Hamal ve ihtimal kelimeler akrabad\u0131r. Entelekt\u00fcel, ihtimallerin hamal\u0131d\u0131r. Her ihtimali d\u00fc\u015f\u00fcnmek zorundad\u0131r. Pop\u00fcler \u015fark\u0131lardan s\u0131k\u0131lan entelekt\u00fceller, nedense, pop\u00fcler sorulardan ve cevaplardan s\u0131k\u0131lm\u0131yorlar. E\u011fer her ihtimali d\u00fc\u015f\u00fcnselerdi, hakikat muamelesi yapt\u0131klar\u0131 pop\u00fcler cevaplardan ku\u015fkuya d\u00fc\u015fer, egemenlerin k\u00fclt\u00fcr\u00fcne evrensel k\u00fclt\u00fcr demeye son verirlerdi&#8230; E\u011fer \u00e7evreciler ger\u00e7ekten bilin\u00e7li olsayd\u0131, merkeze \u00e7evre demekten vazge\u00e7erlerdi&#8230; \u0130nsano\u011flunun \u0131rk\u00e7\u0131l\u0131k y\u00fcz\u00fcnden \u00f6dedi\u011fi a\u011f\u0131r bedellerden sonra \u00e7areyi d\u00fcnya vatanda\u015f\u0131 olmakta bulanlar, iddialar\u0131n\u0131n aksine d\u00fcnyalar\u0131n\u0131n Avrupa&#8217;dan ibaret oldu\u011funu, geride kalan her vatan\u0131n ve k\u00fclt\u00fcr\u00fcn teferruat oldu\u011funu g\u00f6r\u00fcrlerdi&#8230; Yolu ve y\u00f6ntemi hesaba katmadan d\u00fc\u015f\u00fcnmek, kula\u011fa ho\u015f gerisi bo\u015f k\u0131yaslamalarda bulunmak, b\u00f6ylesi pop\u00fcler kavramlar \u00fcretmek, entelekt\u00fcel yolsuzluktur. T\u00fcrkiye&#8217;de y\u0131llard\u0131r sadece bankalar\u0131n de\u011fil, kavramlar\u0131m\u0131z\u0131n, kitaplar\u0131m\u0131z\u0131n, belgelerimizin ve hat\u0131ralar\u0131m\u0131z\u0131n i\u00e7i de usuls\u00fcz i\u015flemlerle bo\u015falt\u0131lm\u0131\u015ft\u0131r. Bu entelekt\u00fcel yolsuzlu\u011fun eski ad\u0131, usul\/y\u00f6ntem sahibi olmadan, bilgi sahibi olmakt\u0131r. Y\u00f6ntemsiz d\u00fc\u015f\u00fcnmek, yolda olmamakt\u0131r. Entelekt\u00fcellerin Hurafeleri; yolda olanlar\u0131n, yolunu \u015fa\u015f\u0131ranlar\u0131n, yerinde sayanlar\u0131n, ileri-geri konu\u015fanlar\u0131n veya susanllar\u0131n &#8211; yolculuk boyunca &#8211; elden d\u00fc\u015f\u00fcremeyece\u011fi bir kitap&#8230; <\/p>\n","protected":false},"excerpt":{"rendered":"<p>Hamal ve ihtimal kelimeler akrabad\u0131r. Entelekt\u00fcel, ihtimallerin hamal\u0131d\u0131r. Her ihtimali d\u00fc\u015f\u00fcnmek zorundad\u0131r. Pop\u00fcler \u015fark\u0131lardan s\u0131k\u0131lan entelekt\u00fceller, nedense, pop\u00fcler sorulardan ve cevaplardan s\u0131k\u0131lm\u0131yorlar. E\u011fer her ihtimali d\u00fc\u015f\u00fcnselerdi,<span class=\"excerpt-hellip\"> [\u2026]<\/span><\/p>\n","protected":false},"featured_media":0,"template":"","meta":{"_monsterinsights_skip_tracking":false,"_monsterinsights_sitenote_active":false,"_monsterinsights_sitenote_note":"","_monsterinsights_sitenote_category":0},"product_brand":[],"product_cat":[12777,12291],"product_tag":[],"class_list":{"0":"post-692202","1":"product","2":"type-product","3":"status-publish","5":"product_cat-deneme","6":"product_cat-edebiyat","7":"pa_cilt-ciltsiz","8":"pa_tur-kitap","9":"pa_yayinevi-profil-kitap","10":"pa_yazar-ibrahim-pasali","12":"first","13":"instock","14":"sale","15":"shipping-taxable","16":"purchasable","17":"product-type-simple"},"_links":{"self":[{"href":"https:\/\/roveyayinevi.com.tr\/index.php\/wp-json\/wp\/v2\/product\/692202","targetHints":{"allow":["GET"]}}],"collection":[{"href":"https:\/\/roveyayinevi.com.tr\/index.php\/wp-json\/wp\/v2\/product"}],"about":[{"href":"https:\/\/roveyayinevi.com.tr\/index.php\/wp-json\/wp\/v2\/types\/product"}],"wp:attachment":[{"href":"https:\/\/roveyayinevi.com.tr\/index.php\/wp-json\/wp\/v2\/media?parent=692202"}],"wp:term":[{"taxonomy":"product_brand","embeddable":true,"href":"https:\/\/roveyayinevi.com.tr\/index.php\/wp-json\/wp\/v2\/product_brand?post=692202"},{"taxonomy":"product_cat","embeddable":true,"href":"https:\/\/roveyayinevi.com.tr\/index.php\/wp-json\/wp\/v2\/product_cat?post=692202"},{"taxonomy":"product_tag","embeddable":true,"href":"https:\/\/roveyayinevi.com.tr\/index.php\/wp-json\/wp\/v2\/product_tag?post=692202"}],"curies":[{"name":"wp","href":"https:\/\/api.w.org\/{rel}","templated":true}]}}