{"id":692194,"date":"2025-08-27T14:04:51","date_gmt":"2025-08-27T11:04:51","guid":{"rendered":"https:\/\/roveyayinevi.com.tr\/index.php\/urun\/milliyetcilik-ve-sosyalizm-uzerine-mektuplar\/"},"modified":"2026-04-16T02:02:11","modified_gmt":"2026-04-15T23:02:11","slug":"milliyetcilik-ve-sosyalizm-uzerine-mektuplar","status":"publish","type":"product","link":"https:\/\/roveyayinevi.com.tr\/index.php\/urun\/milliyetcilik-ve-sosyalizm-uzerine-mektuplar\/","title":{"rendered":"Milliyet\u00e7ilik ve Sosyalizm \u00dczerine Mektuplar"},"content":{"rendered":"<p>\u00dclk\u00fcc\u00fcler, bilinen tarihin, hi\u00e7bir d\u00f6neminde say\u0131ca \u00e7ok olmam\u0131\u015flard\u0131r. \u0130nsano\u011flunun zay\u0131fl\u0131\u011f\u0131 b\u00f6yle bir sonuca imk\u00e2n vermemi\u015ftir. Yine de bir cemiyetteki \u00fclk\u00fcc\u00fc say\u0131s\u0131n\u0131n milletlere ve zamana g\u00f6re de\u011fi\u015fti\u011fi ger\u00e7e\u011fini ink\u00e2r edemeyiz. <\/p>\n","protected":false},"excerpt":{"rendered":"<p>\u00dclk\u00fcc\u00fcler, bilinen tarihin, hi\u00e7bir d\u00f6neminde say\u0131ca \u00e7ok olmam\u0131\u015flard\u0131r. \u0130nsano\u011flunun zay\u0131fl\u0131\u011f\u0131 b\u00f6yle bir sonuca imk\u00e2n vermemi\u015ftir. Yine de bir cemiyetteki \u00fclk\u00fcc\u00fc say\u0131s\u0131n\u0131n milletlere ve zamana g\u00f6re de\u011fi\u015fti\u011fi<span class=\"excerpt-hellip\"> [\u2026]<\/span><\/p>\n","protected":false},"featured_media":0,"template":"","meta":{"_monsterinsights_skip_tracking":false,"_monsterinsights_sitenote_active":false,"_monsterinsights_sitenote_note":"","_monsterinsights_sitenote_category":0},"product_brand":[],"product_cat":[13656,12337],"product_tag":[],"class_list":{"0":"post-692194","1":"product","2":"type-product","3":"status-publish","5":"product_cat-azinliklar-etnik-sorunlar","6":"product_cat-politika-siyaset","7":"pa_cilt-ciltsiz","8":"pa_tur-kitap","9":"pa_yayinevi-otuken-nesriyat","10":"pa_yazar-galip-erdem","12":"first","13":"instock","14":"sale","15":"shipping-taxable","16":"purchasable","17":"product-type-simple"},"_links":{"self":[{"href":"https:\/\/roveyayinevi.com.tr\/index.php\/wp-json\/wp\/v2\/product\/692194","targetHints":{"allow":["GET"]}}],"collection":[{"href":"https:\/\/roveyayinevi.com.tr\/index.php\/wp-json\/wp\/v2\/product"}],"about":[{"href":"https:\/\/roveyayinevi.com.tr\/index.php\/wp-json\/wp\/v2\/types\/product"}],"wp:attachment":[{"href":"https:\/\/roveyayinevi.com.tr\/index.php\/wp-json\/wp\/v2\/media?parent=692194"}],"wp:term":[{"taxonomy":"product_brand","embeddable":true,"href":"https:\/\/roveyayinevi.com.tr\/index.php\/wp-json\/wp\/v2\/product_brand?post=692194"},{"taxonomy":"product_cat","embeddable":true,"href":"https:\/\/roveyayinevi.com.tr\/index.php\/wp-json\/wp\/v2\/product_cat?post=692194"},{"taxonomy":"product_tag","embeddable":true,"href":"https:\/\/roveyayinevi.com.tr\/index.php\/wp-json\/wp\/v2\/product_tag?post=692194"}],"curies":[{"name":"wp","href":"https:\/\/api.w.org\/{rel}","templated":true}]}}