{"id":692187,"date":"2025-08-27T14:04:50","date_gmt":"2025-08-27T11:04:50","guid":{"rendered":"https:\/\/roveyayinevi.com.tr\/index.php\/urun\/ataturkculuk-nedir\/"},"modified":"2026-04-16T02:02:11","modified_gmt":"2026-04-15T23:02:11","slug":"ataturkculuk-nedir","status":"publish","type":"product","link":"https:\/\/roveyayinevi.com.tr\/index.php\/urun\/ataturkculuk-nedir\/","title":{"rendered":"Atat\u00fcrk\u00e7\u00fcl\u00fck Nedir?"},"content":{"rendered":"<p>Hi\u00e7 \u015f\u00fcphesiz ki Falih R\u0131fk\u0131 Atay\u2019\u0131n \u00c7ankaya, Atat\u00fcrk\u2019\u00fcn Hat\u0131ralar\u0131 kitaplar\u0131 her t\u00fcrl\u00fc d\u00fc\u015f\u00fcnce sahibinin mutlaka okumas\u0131 gereken kitaplard\u0131r. Falih R\u0131fk\u0131 Atay\u2019\u0131n s\u00fcr\u00fckleyici, zengin muhteval\u0131, z\u0131t g\u00f6r\u00fcn\u00fcm ve olaylara dayanarak tezlerini savunan bir \u00fcslubu vard\u0131r.\u201d                                                                         Prof. Dr. \u0130lber ORTAYLI     \u201cBir tarih f\u0131kras\u0131n\u0131 tekrarlaman\u0131n s\u0131ras\u0131 geldi: \u0130sa\u2019n\u0131n \u00f6l\u00fcm\u00fcnden altm\u0131\u015f y\u0131l sonra, Sayda \u015fehrinde birka\u00e7 Hristiyan: \u2014 Herkes \u0130sa\u2019n\u0131n yolundan \u00e7\u0131kt\u0131. Biz ya\u015fay\u0131\u015fta davran\u0131\u015fta ona uyal\u0131m, onu devam ettirelim, demi\u015fler. Kendileri de topluluklar\u0131na girenler de Hristiyanl\u0131\u011f\u0131 bozmak su\u00e7u ile dara\u011fac\u0131nda \u00f6ld\u00fcr\u00fclm\u00fc\u015fler. Atat\u00fcrk\u00e7\u00fcl\u00fck de gitgide sa\u011f ve sol fikir ak\u0131mlar\u0131 aras\u0131nda kendi ger\u00e7ek kimli\u011finden uzakla\u015fmaktad\u0131r. Solda kom\u00fcnistin de sa\u011fda Ayasofyac\u0131n\u0131n da silah\u0131 ve siperi o. \u00d6l\u00fcm\u00fc \u00fcst\u00fcnden yirmi sekiz y\u0131l ge\u00e7ti. 1923\u2019ten itibaren \u00f6l\u00fcnceye kadar kendisi ile birlikte bulunmu\u015ftum. Gazetesinin de y\u0131llarca ba\u015fyazar\u0131 idim. Bug\u00fcnk\u00fc gen\u00e7li\u011fe ger\u00e7ek Atat\u00fcrk\u00e7\u00fcl\u00fc\u011f\u00fc kavrayabildi\u011fim kadar anlatmak i\u00e7in bir denemede bulunmak istedim.\u201d Falih R\u0131fk\u0131 Atay <\/p>\n","protected":false},"excerpt":{"rendered":"<p>Hi\u00e7 \u015f\u00fcphesiz ki Falih R\u0131fk\u0131 Atay\u2019\u0131n \u00c7ankaya, Atat\u00fcrk\u2019\u00fcn Hat\u0131ralar\u0131 kitaplar\u0131 her t\u00fcrl\u00fc d\u00fc\u015f\u00fcnce sahibinin mutlaka okumas\u0131 gereken kitaplard\u0131r. Falih R\u0131fk\u0131 Atay\u2019\u0131n s\u00fcr\u00fckleyici, zengin muhteval\u0131, z\u0131t g\u00f6r\u00fcn\u00fcm<span class=\"excerpt-hellip\"> [\u2026]<\/span><\/p>\n","protected":false},"featured_media":0,"template":"","meta":{"_monsterinsights_skip_tracking":false,"_monsterinsights_sitenote_active":false,"_monsterinsights_sitenote_note":"","_monsterinsights_sitenote_category":0},"product_brand":[],"product_cat":[13701,12291],"product_tag":[],"class_list":{"0":"post-692187","1":"product","2":"type-product","3":"status-publish","5":"product_cat-ani-mektup-gunluk","6":"product_cat-edebiyat","7":"pa_cilt-ciltsiz","8":"pa_tur-kitap","9":"pa_yayinevi-pozitif-yayinlari","10":"pa_yazar-falih-rifki-atay","12":"first","13":"instock","14":"sale","15":"shipping-taxable","16":"purchasable","17":"product-type-simple"},"_links":{"self":[{"href":"https:\/\/roveyayinevi.com.tr\/index.php\/wp-json\/wp\/v2\/product\/692187","targetHints":{"allow":["GET"]}}],"collection":[{"href":"https:\/\/roveyayinevi.com.tr\/index.php\/wp-json\/wp\/v2\/product"}],"about":[{"href":"https:\/\/roveyayinevi.com.tr\/index.php\/wp-json\/wp\/v2\/types\/product"}],"wp:attachment":[{"href":"https:\/\/roveyayinevi.com.tr\/index.php\/wp-json\/wp\/v2\/media?parent=692187"}],"wp:term":[{"taxonomy":"product_brand","embeddable":true,"href":"https:\/\/roveyayinevi.com.tr\/index.php\/wp-json\/wp\/v2\/product_brand?post=692187"},{"taxonomy":"product_cat","embeddable":true,"href":"https:\/\/roveyayinevi.com.tr\/index.php\/wp-json\/wp\/v2\/product_cat?post=692187"},{"taxonomy":"product_tag","embeddable":true,"href":"https:\/\/roveyayinevi.com.tr\/index.php\/wp-json\/wp\/v2\/product_tag?post=692187"}],"curies":[{"name":"wp","href":"https:\/\/api.w.org\/{rel}","templated":true}]}}