{"id":692147,"date":"2025-08-27T14:04:42","date_gmt":"2025-08-27T11:04:42","guid":{"rendered":"https:\/\/roveyayinevi.com.tr\/index.php\/urun\/bu-taraf-anadolu\/"},"modified":"2026-04-16T02:02:10","modified_gmt":"2026-04-15T23:02:10","slug":"bu-taraf-anadolu","status":"publish","type":"product","link":"https:\/\/roveyayinevi.com.tr\/index.php\/urun\/bu-taraf-anadolu\/","title":{"rendered":"Bu Taraf Anadolu"},"content":{"rendered":"<p>M-16 colt. G\u00f6kte g\u00fcne\u015f, namussuz. Yan\u0131yor bozk\u0131r&#8230; \u0130n, cin yok. Kur\u015funlar pe\u015fi pe\u015fine sessizli\u011fi par\u00e7alayarak, alevleniyor&#8230; Y\u00fcz kur\u015fun, bin kur\u015fun&#8230; Kanlar f\u0131\u015fk\u0131r\u0131yor g\u00f6\u011f\u00fcslerden, \u015fakaklardan. Bir tetikte, canlar buhar olup \u00e7ekiliyor g\u00f6klere&#8230; Sesler yay\u0131l\u0131yor suskun bozk\u0131ra; Kurda re azade!&#8230; Kurda re azade!&#8230; Biji yolda\u015f! Biji Nezir gerilla!&#8230; Biji kurdistane!&#8230; <\/p>\n","protected":false},"excerpt":{"rendered":"<p>M-16 colt. G\u00f6kte g\u00fcne\u015f, namussuz. Yan\u0131yor bozk\u0131r&#8230; \u0130n, cin yok. Kur\u015funlar pe\u015fi pe\u015fine sessizli\u011fi par\u00e7alayarak, alevleniyor&#8230; Y\u00fcz kur\u015fun, bin kur\u015fun&#8230; Kanlar f\u0131\u015fk\u0131r\u0131yor g\u00f6\u011f\u00fcslerden, \u015fakaklardan. Bir tetikte,<span class=\"excerpt-hellip\"> [\u2026]<\/span><\/p>\n","protected":false},"featured_media":0,"template":"","meta":{"_monsterinsights_skip_tracking":false,"_monsterinsights_sitenote_active":false,"_monsterinsights_sitenote_note":"","_monsterinsights_sitenote_category":0},"product_brand":[],"product_cat":[12291,12509],"product_tag":[],"class_list":{"0":"post-692147","1":"product","2":"type-product","3":"status-publish","5":"product_cat-edebiyat","6":"product_cat-siir","7":"pa_tur-kitap","8":"pa_yayinevi-otuken-nesriyat","9":"pa_yazar-emir-kalkan","11":"first","12":"instock","13":"sale","14":"shipping-taxable","15":"purchasable","16":"product-type-simple"},"_links":{"self":[{"href":"https:\/\/roveyayinevi.com.tr\/index.php\/wp-json\/wp\/v2\/product\/692147","targetHints":{"allow":["GET"]}}],"collection":[{"href":"https:\/\/roveyayinevi.com.tr\/index.php\/wp-json\/wp\/v2\/product"}],"about":[{"href":"https:\/\/roveyayinevi.com.tr\/index.php\/wp-json\/wp\/v2\/types\/product"}],"wp:attachment":[{"href":"https:\/\/roveyayinevi.com.tr\/index.php\/wp-json\/wp\/v2\/media?parent=692147"}],"wp:term":[{"taxonomy":"product_brand","embeddable":true,"href":"https:\/\/roveyayinevi.com.tr\/index.php\/wp-json\/wp\/v2\/product_brand?post=692147"},{"taxonomy":"product_cat","embeddable":true,"href":"https:\/\/roveyayinevi.com.tr\/index.php\/wp-json\/wp\/v2\/product_cat?post=692147"},{"taxonomy":"product_tag","embeddable":true,"href":"https:\/\/roveyayinevi.com.tr\/index.php\/wp-json\/wp\/v2\/product_tag?post=692147"}],"curies":[{"name":"wp","href":"https:\/\/api.w.org\/{rel}","templated":true}]}}