{"id":692135,"date":"2025-08-27T14:04:40","date_gmt":"2025-08-27T11:04:40","guid":{"rendered":"https:\/\/roveyayinevi.com.tr\/index.php\/urun\/golgenin-sirri\/"},"modified":"2026-04-16T02:02:10","modified_gmt":"2026-04-15T23:02:10","slug":"golgenin-sirri","status":"publish","type":"product","link":"https:\/\/roveyayinevi.com.tr\/index.php\/urun\/golgenin-sirri\/","title":{"rendered":"G\u00f6lgenin S\u0131rr\u0131"},"content":{"rendered":"<p>Aynada g\u00f6rd\u00fc\u011f\u00fcm\u00fcz ki\u015fi bizim en b\u00fcy\u00fck d\u00fc\u015fman\u0131m\u0131z da olabilir, en b\u00fcy\u00fck dostumuz da. Bu neyle ya\u015famay\u0131 se\u00e7ti\u011fimize ba\u011fl\u0131. I\u015f\u0131\u011f\u0131m\u0131z\u0131n sevgisiyle mi, g\u00f6lgelerimizin korkusuyla m\u0131 ya\u015famay\u0131 se\u00e7iyoruz? I\u015f\u0131\u011f\u0131m\u0131z\u0131 bilincimize \u00e7\u0131karmad\u0131k\u00e7a, bilin\u00e7alt\u0131m\u0131z bizim ad\u0131m\u0131za se\u00e7imlerini yapar. Ve fark\u0131nda bile olmadan ge\u00e7mi\u015fimizin g\u00f6lgelerinde ya\u015famaya mahkum oluruz. G\u00f6lgelerimizle bar\u0131\u015fmad\u0131\u011f\u0131m\u0131z s\u00fcrece, \u015fikayet ederiz, ac\u0131 \u00e7ekeriz, su\u00e7lar\u0131z, su\u00e7luluk duyar\u0131z, k\u0131zar\u0131z, zavall\u0131 ben rol\u00fcn\u00fc oynayarak sorumluluk \u00fcstlenmekten ka\u00e7ar\u0131z -t\u00fcm bunlar\u0131n, doyumlu bir ya\u015fam s\u00fcrmek i\u00e7in bize en ufak bir yarar\u0131 olmad\u0131\u011f\u0131n\u0131 bile bile. Debbie Ford bu kitab\u0131nda g\u00f6lgelerimizle nas\u0131l y\u00fczle\u015fece\u011fimizi bize sade bir dille anlat\u0131yor. <\/p>\n","protected":false},"excerpt":{"rendered":"<p>Aynada g\u00f6rd\u00fc\u011f\u00fcm\u00fcz ki\u015fi bizim en b\u00fcy\u00fck d\u00fc\u015fman\u0131m\u0131z da olabilir, en b\u00fcy\u00fck dostumuz da. Bu neyle ya\u015famay\u0131 se\u00e7ti\u011fimize ba\u011fl\u0131. I\u015f\u0131\u011f\u0131m\u0131z\u0131n sevgisiyle mi, g\u00f6lgelerimizin korkusuyla m\u0131 ya\u015famay\u0131 se\u00e7iyoruz?<span class=\"excerpt-hellip\"> [\u2026]<\/span><\/p>\n","protected":false},"featured_media":0,"template":"","meta":{"_monsterinsights_skip_tracking":false,"_monsterinsights_sitenote_active":false,"_monsterinsights_sitenote_note":"","_monsterinsights_sitenote_category":0},"product_brand":[],"product_cat":[12358,12357],"product_tag":[],"class_list":{"0":"post-692135","1":"product","2":"type-product","3":"status-publish","5":"product_cat-genel-psikoloji","6":"product_cat-psikoloji","7":"pa_tur-kitap","8":"pa_yayinevi-otesi-yayincilik","9":"pa_yazar-debbie-ford","11":"first","12":"instock","13":"sale","14":"shipping-taxable","15":"purchasable","16":"product-type-simple"},"_links":{"self":[{"href":"https:\/\/roveyayinevi.com.tr\/index.php\/wp-json\/wp\/v2\/product\/692135","targetHints":{"allow":["GET"]}}],"collection":[{"href":"https:\/\/roveyayinevi.com.tr\/index.php\/wp-json\/wp\/v2\/product"}],"about":[{"href":"https:\/\/roveyayinevi.com.tr\/index.php\/wp-json\/wp\/v2\/types\/product"}],"wp:attachment":[{"href":"https:\/\/roveyayinevi.com.tr\/index.php\/wp-json\/wp\/v2\/media?parent=692135"}],"wp:term":[{"taxonomy":"product_brand","embeddable":true,"href":"https:\/\/roveyayinevi.com.tr\/index.php\/wp-json\/wp\/v2\/product_brand?post=692135"},{"taxonomy":"product_cat","embeddable":true,"href":"https:\/\/roveyayinevi.com.tr\/index.php\/wp-json\/wp\/v2\/product_cat?post=692135"},{"taxonomy":"product_tag","embeddable":true,"href":"https:\/\/roveyayinevi.com.tr\/index.php\/wp-json\/wp\/v2\/product_tag?post=692135"}],"curies":[{"name":"wp","href":"https:\/\/api.w.org\/{rel}","templated":true}]}}