{"id":692125,"date":"2025-08-27T14:04:38","date_gmt":"2025-08-27T11:04:38","guid":{"rendered":"https:\/\/roveyayinevi.com.tr\/index.php\/urun\/evden-cok-uzakta\/"},"modified":"2026-04-16T02:02:09","modified_gmt":"2026-04-15T23:02:09","slug":"evden-cok-uzakta","status":"publish","type":"product","link":"https:\/\/roveyayinevi.com.tr\/index.php\/urun\/evden-cok-uzakta\/","title":{"rendered":"Evden \u00c7ok Uzakta"},"content":{"rendered":"<p>B\u00fct\u00fcn evliliklerde bir k\u0131r\u0131lma noktas\u0131 vard\u0131r. B\u00fct\u00fcn aileler yara al\u0131r. B\u00fct\u00fcn sava\u015flar\u0131n bir bedeli olur&#8230; Yirmi y\u0131ll\u0131k evlilikleri bitme noktas\u0131na s\u00fcr\u00fcklenirken bir\u00e7ok \u00e7ift gibi Michael ve Jolene de \u00e7ocuklar, kariyer, fatura, ev i\u015fleri gibi g\u00fcnl\u00fck ya\u015fam\u0131n s\u0131k\u0131nt\u0131lar\u0131yla u\u011fra\u015fmak zorundad\u0131rlar. Ancak hayatlar\u0131 beklenmedik bir bi\u00e7imde de\u011fi\u015fir, ailenin dire\u011fi olan Jolene tehlikeli bir sava\u015fa do\u011fru ilerlerken, k\u0131zlar\u0131na tek ba\u015f\u0131na nas\u0131l ebeveynlik yapaca\u011f\u0131na dair en ufak bir fikri olmayan Michael evde kal\u0131r. Bir anne olarak ailesinden uzak kalmak Jolene i\u00e7in \u00e7ok \u0131st\u0131rap vericidir ancak bir asker olarak da sorumluluklar\u0131 vard\u0131r. Sava\u015f Jolene\u2019i hi\u00e7 kimsenin \u00f6ng\u00f6remedi\u011fi bi\u00e7imde de\u011fi\u015ftirecek, Michael ve Jolene\u2019in en b\u00fcy\u00fck korkular\u0131yla y\u00fczle\u015fmelerini sa\u011flayacakt\u0131r. Kristin Hannah bu duygusal kitab\u0131nda, \u00e2\u015f\u0131k ve birbiriyle sava\u015f halinde bir kar\u0131 kocan\u0131n ili\u015fkisine yo\u011funla\u015farak s\u0131k\u0131nt\u0131l\u0131 bir evlili\u011fin mahrem topraklar\u0131nda geziniyor&#8230; Seni art\u0131k sevmiyorum. Dev bir dalga gibiydi o c\u00fcmle, hi\u00e7 umulmad\u0131k bir anda gelen, binalar\u0131 temelinden y\u0131k\u0131p evleri un ufak eden bir dalga gibi&#8230; Cesur, ger\u00e7ek\u00e7i ve d\u00fc\u015f\u00fcnd\u00fcr\u00fcc\u00fc bir roman. Kristin Hannah t\u00fcm kalbiyle yazan \u015fefkatli ve inand\u0131r\u0131c\u0131 bir yazar. -Luanne Rice- Evden \u00c7ok Uzakta \u00f6nce kalbinizi k\u0131racak, sonra da sizi iyile\u015ftirecek. -Janis Owens- Bu kitap beni \u00e7ok derinden etkiledi, herkese \u015fiddetle tavsiye ediyorum. -Francine Mara- <\/p>\n","protected":false},"excerpt":{"rendered":"<p>B\u00fct\u00fcn evliliklerde bir k\u0131r\u0131lma noktas\u0131 vard\u0131r. B\u00fct\u00fcn aileler yara al\u0131r. B\u00fct\u00fcn sava\u015flar\u0131n bir bedeli olur&#8230; Yirmi y\u0131ll\u0131k evlilikleri bitme noktas\u0131na s\u00fcr\u00fcklenirken bir\u00e7ok \u00e7ift gibi Michael ve<span class=\"excerpt-hellip\"> [\u2026]<\/span><\/p>\n","protected":false},"featured_media":0,"template":"","meta":{"_monsterinsights_skip_tracking":false,"_monsterinsights_sitenote_active":false,"_monsterinsights_sitenote_note":"","_monsterinsights_sitenote_category":0},"product_brand":[],"product_cat":[14643,12291],"product_tag":[],"class_list":{"0":"post-692125","1":"product","2":"type-product","3":"status-publish","5":"product_cat-ask","6":"product_cat-edebiyat","7":"pa_tur-kitap","8":"pa_yayinevi-pegasus-yayinlari","9":"pa_yazar-kristin-hannah","11":"first","12":"instock","13":"sale","14":"shipping-taxable","15":"purchasable","16":"product-type-simple"},"_links":{"self":[{"href":"https:\/\/roveyayinevi.com.tr\/index.php\/wp-json\/wp\/v2\/product\/692125","targetHints":{"allow":["GET"]}}],"collection":[{"href":"https:\/\/roveyayinevi.com.tr\/index.php\/wp-json\/wp\/v2\/product"}],"about":[{"href":"https:\/\/roveyayinevi.com.tr\/index.php\/wp-json\/wp\/v2\/types\/product"}],"wp:attachment":[{"href":"https:\/\/roveyayinevi.com.tr\/index.php\/wp-json\/wp\/v2\/media?parent=692125"}],"wp:term":[{"taxonomy":"product_brand","embeddable":true,"href":"https:\/\/roveyayinevi.com.tr\/index.php\/wp-json\/wp\/v2\/product_brand?post=692125"},{"taxonomy":"product_cat","embeddable":true,"href":"https:\/\/roveyayinevi.com.tr\/index.php\/wp-json\/wp\/v2\/product_cat?post=692125"},{"taxonomy":"product_tag","embeddable":true,"href":"https:\/\/roveyayinevi.com.tr\/index.php\/wp-json\/wp\/v2\/product_tag?post=692125"}],"curies":[{"name":"wp","href":"https:\/\/api.w.org\/{rel}","templated":true}]}}