{"id":692118,"date":"2025-08-27T14:04:36","date_gmt":"2025-08-27T11:04:36","guid":{"rendered":"https:\/\/roveyayinevi.com.tr\/index.php\/urun\/buyuk-selcuklu-devletinin-idari-sosyal-ve-ekonomik-tarihi\/"},"modified":"2026-04-16T02:02:09","modified_gmt":"2026-04-15T23:02:09","slug":"buyuk-selcuklu-devletinin-idari-sosyal-ve-ekonomik-tarihi","status":"publish","type":"product","link":"https:\/\/roveyayinevi.com.tr\/index.php\/urun\/buyuk-selcuklu-devletinin-idari-sosyal-ve-ekonomik-tarihi\/","title":{"rendered":"B\u00fcy\u00fck Sel\u00e7uklu Devletinin \u0130dari Sosyal ve Ekonomik Tarihi"},"content":{"rendered":"<p>Sel\u00e7uklu hareketi, sadece Do\u011fu \u0130slam \u00fclkeleri i\u00e7in de\u011fil, b\u00fct\u00fcn Orta\u00e7a\u011f d\u00fcnya tarihindeki etkileri bak\u0131m\u0131ndan da b\u00fcy\u00fck \u00f6nem ta\u015f\u0131yan tarihi bir s\u00fcre\u00e7tir. Sel\u00e7uklular, h\u00fck\u00fcmranl\u0131\u011f\u0131 alt\u0131na ge\u00e7en \u00fclkelerin ekonomik, sosyal, k\u00fclt\u00fcrel ve siyasi hayatlar\u0131nda derin ve kal\u0131c\u0131 izler b\u0131rakm\u0131\u015flard\u0131r. Sonraki as\u0131rlarda kurulan do\u011fu devletlerinde geli\u015fmi\u015f olan bir\u00e7ok kurumun ilk defa bu d\u00f6nemde ortaya \u00e7\u0131kmas\u0131, bu kurumlar\u0131n kurulma ve geli\u015fme safhalar\u0131n\u0131 incelemek, sadece bu \u00fclkelerin tarihlerini yeniden yazmak i\u00e7in de\u011fil, bunlar\u0131n g\u00fcn\u00fcm\u00fcze kadar ula\u015fan sosyal s\u00fcrecini anlamak i\u00e7in de gereklidir. G.M. Kurpalidis\u2019in eseri, bu ihtiyac\u0131 kar\u015f\u0131lamak maksad\u0131yla \u0130lyas Kamalov taraf\u0131ndan Rus\u00e7a asl\u0131ndan terc\u00fcme edilmi\u015f ve Yard. Do\u00e7. Dr. Sadi S. Kucur taraf\u0131ndan g\u00f6zden ge\u00e7irilerek takdim edilmi\u015ftir. Eserin Sel\u00e7uklu tarihi ara\u015ft\u0131rmalar\u0131na katk\u0131 sa\u011flayaca\u011f\u0131 muhakkakt\u0131r. \ufffcTan\u0131t\u0131m Metni<\/p>\n","protected":false},"excerpt":{"rendered":"<p>Sel\u00e7uklu hareketi, sadece Do\u011fu \u0130slam \u00fclkeleri i\u00e7in de\u011fil, b\u00fct\u00fcn Orta\u00e7a\u011f d\u00fcnya tarihindeki etkileri bak\u0131m\u0131ndan da b\u00fcy\u00fck \u00f6nem ta\u015f\u0131yan tarihi bir s\u00fcre\u00e7tir. Sel\u00e7uklular, h\u00fck\u00fcmranl\u0131\u011f\u0131 alt\u0131na ge\u00e7en \u00fclkelerin<span class=\"excerpt-hellip\"> [\u2026]<\/span><\/p>\n","protected":false},"featured_media":0,"template":"","meta":{"_monsterinsights_skip_tracking":false,"_monsterinsights_sitenote_active":false,"_monsterinsights_sitenote_note":"","_monsterinsights_sitenote_category":0},"product_brand":[],"product_cat":[13517,12304],"product_tag":[],"class_list":{"0":"post-692118","1":"product","2":"type-product","3":"status-publish","5":"product_cat-osmanli-tarihi","6":"product_cat-tarih","7":"pa_cilt-ciltsiz","8":"pa_tur-kitap","9":"pa_yayinevi-otuken-nesriyat","10":"pa_yazar-g-m-kurpalidis","12":"first","13":"instock","14":"sale","15":"shipping-taxable","16":"purchasable","17":"product-type-simple"},"_links":{"self":[{"href":"https:\/\/roveyayinevi.com.tr\/index.php\/wp-json\/wp\/v2\/product\/692118","targetHints":{"allow":["GET"]}}],"collection":[{"href":"https:\/\/roveyayinevi.com.tr\/index.php\/wp-json\/wp\/v2\/product"}],"about":[{"href":"https:\/\/roveyayinevi.com.tr\/index.php\/wp-json\/wp\/v2\/types\/product"}],"wp:attachment":[{"href":"https:\/\/roveyayinevi.com.tr\/index.php\/wp-json\/wp\/v2\/media?parent=692118"}],"wp:term":[{"taxonomy":"product_brand","embeddable":true,"href":"https:\/\/roveyayinevi.com.tr\/index.php\/wp-json\/wp\/v2\/product_brand?post=692118"},{"taxonomy":"product_cat","embeddable":true,"href":"https:\/\/roveyayinevi.com.tr\/index.php\/wp-json\/wp\/v2\/product_cat?post=692118"},{"taxonomy":"product_tag","embeddable":true,"href":"https:\/\/roveyayinevi.com.tr\/index.php\/wp-json\/wp\/v2\/product_tag?post=692118"}],"curies":[{"name":"wp","href":"https:\/\/api.w.org\/{rel}","templated":true}]}}

Büyük Selçuklu Devletinin İdari Sosyal ve Ekonomik Tarihi

<p>Selçuklu hareketi, sadece Doğu İslam ülkeleri için değil, bütün Ortaçağ dünya tarihindeki etkileri bakımından da büyük önem taşıyan tarihi bir süreçtir. Selçuklular, hükümranlığı altına geçen ülkelerin ekonomik, sosyal, kültürel ve siyasi hayatlarında derin ve kalıcı izler bırakmışlardır. Sonraki asırlarda kurulan doğu devletlerinde gelişmiş olan birçok kurumun ilk defa bu dönemde ortaya çıkması, bu kurumların kurulma ve gelişme safhalarını incelemek, sadece bu ülkelerin tarihlerini yeniden yazmak için değil, bunların günümüze kadar ulaşan sosyal sürecini anlamak için de gereklidir. G.M. Kurpalidis’in eseri, bu ihtiyacı karşılamak maksadıyla İlyas Kamalov tarafından Rusça aslından tercüme edilmiş ve Yard. Doç. Dr. Sadi S. Kucur tarafından gözden geçirilerek takdim edilmiştir. Eserin Selçuklu tarihi araştırmalarına katkı sağlayacağı muhakkaktır. ￼Tanıtım Metni</p>

<p>Selçuklu hareketi, sadece Doğu İslam ülkeleri için değil, bütün Ortaçağ dünya tarihindeki etkileri bakımından da büyük önem taşıyan tarihi bir süreçtir. Selçuklular, hükümranlığı altına geçen ülkelerin<span class="excerpt-hellip"> […]</span></p>
