{"id":692106,"date":"2025-08-27T14:04:34","date_gmt":"2025-08-27T11:04:34","guid":{"rendered":"https:\/\/roveyayinevi.com.tr\/index.php\/urun\/bir-aksamdi\/"},"modified":"2026-04-16T02:02:09","modified_gmt":"2026-04-15T23:02:09","slug":"bir-aksamdi","status":"publish","type":"product","link":"https:\/\/roveyayinevi.com.tr\/index.php\/urun\/bir-aksamdi\/","title":{"rendered":"Bir Ak\u015famd\u0131"},"content":{"rendered":"<p>Bir Ak\u015famd\u0131, gen\u00e7lik h\u00fclyalar\u0131n\u0131n, tecr\u00fcbe noksanl\u0131\u011f\u0131n\u0131n ve hepsinden \u00f6nemlisi iyi bir aile terbiyesi alamay\u0131\u015f\u0131n neticesi olarak bilinmeyen ama cazip g\u00f6r\u00fcnen, zengin bir hayat ya\u015fama hevesi ile kendini ba\u015ftan a\u015fa\u011f\u0131 de\u011fi\u015ftirmek isteyen Meliha&#8217;n\u0131n roman\u0131d\u0131r. Akrabalar\u0131ndan Kamil adl\u0131 bir gencin Kafkas cephesinden d\u00f6n\u00fc\u015f\u00fcnde \u0130zmit&#8217;e u\u011framas\u0131yla hayat\u0131 de\u011fi\u015fen Meliha hasta babas\u0131n\u0131 ve muhitine bir t\u00fcrl\u00fc uyum sa\u011flayamam\u0131\u015f annesini arkas\u0131nda b\u0131rakarak, Kamil ile birlikte bir gece gizlice \u0130stanbul&#8217;a ka\u00e7arlar. Bir s\u00fcre sonra da evlenirler. Ancak Meliha, kendisini hi\u00e7 hesaba katmad\u0131\u011f\u0131, hatta hayal bile edemedi\u011fi olaylar\u0131n a\u011f\u0131nda bulur. Tutkusunun bedelini, hemen b\u00fct\u00fcn de\u011ferlerini kaybederek a\u011f\u0131r bir \u015fekilde \u00f6der. \u015ei\u015fli&#8217;nin me\u015fhur \u00e7apk\u0131nlar\u0131ndan olan Kamil, Meliha ile evlendikten sonra eski al\u0131\u015fkanl\u0131klar\u0131n\u0131 terk etmedi\u011fi gibi, e\u015fini de sefahat \u00e2lemleriyle tan\u0131\u015ft\u0131r\u0131r. Meliha, Kamil&#8217;in etraf\u0131ndaki say\u0131s\u0131z kad\u0131nla m\u00fccadele etmekle u\u011fra\u015f\u0131rken, kocas\u0131n\u0131n sava\u015ftan \u00f6nce evlendi\u011fi ve bir \u00e7ocuk sahibi oldu\u011fu Frans\u0131z e\u015fi de \u00e7\u0131k\u0131p gelir. Kad\u0131nlar aras\u0131nda kalan ve \u00e7areyi devam etmekte olan \u0130stikl\u00e2l m\u00fccadelesine kat\u0131lmakta g\u00f6ren Kamil, bunal\u0131mlar\u0131n\u0131 atlatabilmek i\u00e7in gitti\u011fi Anadolu&#8217;da kendini ger\u00e7ek cehennemin ortas\u0131nda bulur. <\/p>\n","protected":false},"excerpt":{"rendered":"<p>Bir Ak\u015famd\u0131, gen\u00e7lik h\u00fclyalar\u0131n\u0131n, tecr\u00fcbe noksanl\u0131\u011f\u0131n\u0131n ve hepsinden \u00f6nemlisi iyi bir aile terbiyesi alamay\u0131\u015f\u0131n neticesi olarak bilinmeyen ama cazip g\u00f6r\u00fcnen, zengin bir hayat ya\u015fama hevesi ile<span class=\"excerpt-hellip\"> [\u2026]<\/span><\/p>\n","protected":false},"featured_media":0,"template":"","meta":{"_monsterinsights_skip_tracking":false,"_monsterinsights_sitenote_active":false,"_monsterinsights_sitenote_note":"","_monsterinsights_sitenote_category":0},"product_brand":[],"product_cat":[12291,12292],"product_tag":[],"class_list":{"0":"post-692106","1":"product","2":"type-product","3":"status-publish","5":"product_cat-edebiyat","6":"product_cat-turk-edebiyati","7":"pa_cilt-ciltsiz","8":"pa_tur-kitap","9":"pa_yayinevi-otuken-nesriyat","10":"pa_yazar-peyami-safa","12":"first","13":"instock","14":"sale","15":"shipping-taxable","16":"purchasable","17":"product-type-simple"},"_links":{"self":[{"href":"https:\/\/roveyayinevi.com.tr\/index.php\/wp-json\/wp\/v2\/product\/692106","targetHints":{"allow":["GET"]}}],"collection":[{"href":"https:\/\/roveyayinevi.com.tr\/index.php\/wp-json\/wp\/v2\/product"}],"about":[{"href":"https:\/\/roveyayinevi.com.tr\/index.php\/wp-json\/wp\/v2\/types\/product"}],"wp:attachment":[{"href":"https:\/\/roveyayinevi.com.tr\/index.php\/wp-json\/wp\/v2\/media?parent=692106"}],"wp:term":[{"taxonomy":"product_brand","embeddable":true,"href":"https:\/\/roveyayinevi.com.tr\/index.php\/wp-json\/wp\/v2\/product_brand?post=692106"},{"taxonomy":"product_cat","embeddable":true,"href":"https:\/\/roveyayinevi.com.tr\/index.php\/wp-json\/wp\/v2\/product_cat?post=692106"},{"taxonomy":"product_tag","embeddable":true,"href":"https:\/\/roveyayinevi.com.tr\/index.php\/wp-json\/wp\/v2\/product_tag?post=692106"}],"curies":[{"name":"wp","href":"https:\/\/api.w.org\/{rel}","templated":true}]}}