{"id":692105,"date":"2025-08-27T14:04:34","date_gmt":"2025-08-27T11:04:34","guid":{"rendered":"https:\/\/roveyayinevi.com.tr\/index.php\/urun\/bilim-felsefesi-isiginda-iktisat-metodolojisi\/"},"modified":"2026-04-16T02:02:09","modified_gmt":"2026-04-15T23:02:09","slug":"bilim-felsefesi-isiginda-iktisat-metodolojisi","status":"publish","type":"product","link":"https:\/\/roveyayinevi.com.tr\/index.php\/urun\/bilim-felsefesi-isiginda-iktisat-metodolojisi\/","title":{"rendered":"Bilim Felsefesi I\u015f\u0131\u011f\u0131nda \u0130ktisat Metodolojisi"},"content":{"rendered":"<p>D. Hausman\u2019\u0131n tabiriyle \u2018tam ve kesin olmayan (inexact), kendine \u00f6zg\u00fc, ayr\u0131 (seperate) iktisat bilimi\u2019ne, bilim felsefesinden hareketle metodolojik a\u00e7\u0131dan ele\u015ftirel bir yakla\u015f\u0131mla katk\u0131lar yapan makale, kitap ve tez \u00e7al\u0131\u015fmalar\u0131nda, son zamanlarda gerek D\u00fcnya gerekse T\u00fcrk \u0130ktisat yaz\u0131n\u0131nda \u00e7arp\u0131c\u0131 ve sevindirici bir art\u0131\u015f olmu\u015ftur. \u0130ktisat biliminin epistemolojik temellerini peki\u015ftiren bu \u00e7al\u0131\u015fmalardan biri de, Dr. \u00d6zg\u00fcn Burak Kaymak\u00e7\u0131\u2019n\u0131n, ismiyle m\u00fcsemma, \u00f6zg\u00fcn kitab\u0131d\u0131r ve s\u00fcrece \u00f6nemli bir katk\u0131 yapacakt\u0131r.  -Kaya Ard\u0131\u00e7-  \u00d6. B. Kaymak\u00e7\u0131\u2019n\u0131n \u00e7al\u0131\u015fmas\u0131 T\u00fcrk\u00e7e\u2019de g\u00f6rece fakir say\u0131labilecek olan iktisat metodolojisi literat\u00fcr\u00fcne hat\u0131r\u0131 say\u0131l\u0131r bir katk\u0131 olarak nitelendirilmelidir. T\u00fcrkiye\u2019deki d\u00fc\u015f\u00fcnce d\u00fcnyas\u0131n\u0131n Bat\u0131 d\u00fc\u015f\u00fcncesinin do\u011fas\u0131 ile esasl\u0131 bir temas kurmadaki kadim sorunu hesaba kat\u0131ld\u0131\u011f\u0131nda, kitab\u0131n d\u00fc\u015f\u00fcnce d\u00fcnyam\u0131za yapaca\u011f\u0131 katk\u0131n\u0131n de\u011feri daha da belirginle\u015fecektir. Yazar, bilim felsefesi dilini yetkin bir bi\u00e7imde kullanarak iktisad\u0131n seyrini apriorizm ve aposteriorizm aras\u0131nda bir sal\u0131n\u0131m olarak yorumlamay\u0131 denerken, iktisadi d\u00fc\u015f\u00fcncenin tarihinin i\u00e7 kulvarlar\u0131n\u0131 da, pe\u015finde oldu\u011fu sal\u0131n\u0131m\u0131 netle\u015ftirmek \u00fczere katetmektedir. Ayr\u0131ca, metnin bir ba\u015fka \u00f6nemi de, \u00fcslup yoksunu akademik metinler d\u00fcnyas\u0131nda, Ahmed G\u00fcner Sayar\u2019dan i\u015fitegeldi\u011fimiz Sabri F. \u00dclgener \u00fcslubunu bize yeniden duyuruyor olmas\u0131d\u0131r.  -Feridun Y\u0131lmaz-  \u0130ktisad\u0131n; felsefe, bilim felsefesi ve iktisadi d\u00fc\u015f\u00fcnce tarihiyle i\u00e7 i\u00e7e ge\u00e7mi\u015f zorlu problemleriyle y\u00fczle\u015fen bu \u00e7al\u0131\u015fman\u0131n, giri\u015fti\u011fi i\u015fin hakk\u0131n\u0131 verdi\u011fini s\u00f6ylemek bir abart\u0131 olmayacakt\u0131r.  -Zekai \u00d6zdemir- <\/p>\n","protected":false},"excerpt":{"rendered":"<p>D. Hausman\u2019\u0131n tabiriyle \u2018tam ve kesin olmayan (inexact), kendine \u00f6zg\u00fc, ayr\u0131 (seperate) iktisat bilimi\u2019ne, bilim felsefesinden hareketle metodolojik a\u00e7\u0131dan ele\u015ftirel bir yakla\u015f\u0131mla katk\u0131lar yapan makale, kitap<span class=\"excerpt-hellip\"> [\u2026]<\/span><\/p>\n","protected":false},"featured_media":0,"template":"","meta":{"_monsterinsights_skip_tracking":false,"_monsterinsights_sitenote_active":false,"_monsterinsights_sitenote_note":"","_monsterinsights_sitenote_category":0},"product_brand":[],"product_cat":[12389,12388],"product_tag":[],"class_list":{"0":"post-692105","1":"product","2":"type-product","3":"status-publish","5":"product_cat-diger-felsefe","6":"product_cat-felsefe","7":"pa_tur-kitap","8":"pa_yayinevi-otuken-nesriyat","9":"pa_yazar-ozgun-burak-kaymakci","11":"first","12":"instock","13":"sale","14":"shipping-taxable","15":"purchasable","16":"product-type-simple"},"_links":{"self":[{"href":"https:\/\/roveyayinevi.com.tr\/index.php\/wp-json\/wp\/v2\/product\/692105","targetHints":{"allow":["GET"]}}],"collection":[{"href":"https:\/\/roveyayinevi.com.tr\/index.php\/wp-json\/wp\/v2\/product"}],"about":[{"href":"https:\/\/roveyayinevi.com.tr\/index.php\/wp-json\/wp\/v2\/types\/product"}],"wp:attachment":[{"href":"https:\/\/roveyayinevi.com.tr\/index.php\/wp-json\/wp\/v2\/media?parent=692105"}],"wp:term":[{"taxonomy":"product_brand","embeddable":true,"href":"https:\/\/roveyayinevi.com.tr\/index.php\/wp-json\/wp\/v2\/product_brand?post=692105"},{"taxonomy":"product_cat","embeddable":true,"href":"https:\/\/roveyayinevi.com.tr\/index.php\/wp-json\/wp\/v2\/product_cat?post=692105"},{"taxonomy":"product_tag","embeddable":true,"href":"https:\/\/roveyayinevi.com.tr\/index.php\/wp-json\/wp\/v2\/product_tag?post=692105"}],"curies":[{"name":"wp","href":"https:\/\/api.w.org\/{rel}","templated":true}]}}