{"id":692068,"date":"2025-08-27T14:04:27","date_gmt":"2025-08-27T11:04:27","guid":{"rendered":"https:\/\/roveyayinevi.com.tr\/index.php\/urun\/duygu-sifresi\/"},"modified":"2026-04-03T02:05:27","modified_gmt":"2026-04-02T23:05:27","slug":"duygu-sifresi","status":"publish","type":"product","link":"https:\/\/roveyayinevi.com.tr\/index.php\/urun\/duygu-sifresi\/","title":{"rendered":"Duygu \u015eifresi"},"content":{"rendered":"<p>Duygu \u015eifresi adl\u0131 bu kitapta, \u00fcnl\u00fc holistik hekim ve konu\u015fmac\u0131 Dr. Bradley Nelson, bilin\u00e7alt\u0131 zihnin i\u00e7sel i\u015fleyi\u015fini ustal\u0131kla g\u00f6zler \u00f6n\u00fcne seriyor. Ba\u015f\u0131m\u0131zdan ge\u00e7en \u00f6nemli olaylar\u0131n nas\u0131l baz\u0131 enerjileri v\u00fccudumuza hapsetti\u011fini ve b\u00f6ylece birtak\u0131m hislerimizi nas\u0131l tutsak duygular haline getirdi\u011fini ortaya koyuyor. \ufffcDr. Nelson, tutsak kalm\u0131\u015f duygular\u0131n a\u011fr\u0131lara, organlar\u0131n kusurlu \u00e7al\u0131\u015fmas\u0131na ve en nihayetinde de hastal\u0131klara nas\u0131l sebep oldu\u011funu k\u0131sa ve net bir \u015fekilde a\u00e7\u0131kl\u0131yor. Tutsak duygular, d\u00fc\u015f\u00fcncelerimiz, se\u00e7imlerimiz ve ba\u015far\u0131lar\u0131m\u0131z \u00fczerinde \u00f6nemli etkiler olu\u015fturabiliyor. Belki de Dr. Nelson\u2019\u0131n yapt\u0131\u011f\u0131 en \u00f6nemli ke\u015fiflerden biri, tutsak duygu enerjilerinin genellikle kalbin etraf\u0131nda topland\u0131\u011f\u0131n\u0131 bulmas\u0131d\u0131r. Tutsak duygular \u00f6zg\u00fcr bir bi\u00e7imde sevmemizi ve kendimizi sevdirmemizi engelleyen bir \u201ckalp duvar\u0131\u201d yarat\u0131r. Duygu \u015fifresi, size i\u00e7 d\u00fcnyan\u0131zdaki g\u00f6r\u00fcnmez y\u00fcklerden kurtulmak i\u00e7in izleyebilece\u011finiz basit ve g\u00fc\u00e7l\u00fc bir yol tarif eder. Tutsak duygular\u0131 serbest b\u0131rakmak genellikle fiziksel sorunlar\u0131n ve engellerin aniden ortadan kalkmas\u0131, k\u00f6t\u00fc seyreden ili\u015fkilerin h\u0131zla d\u00fczelmesi gibi sonu\u00e7lar do\u011furur. Yazar\u0131n y\u0131llar s\u00fcren klinik \u00e7al\u0131\u015fmalar\u0131 s\u0131ras\u0131nda kaydetti\u011fi ger\u00e7ek olay \u00f6rneklerine yer veren Duygu \u015fifresi, kendini iyile\u015ftirme konusunda bir klasik olmaya aday, yeni, farkl\u0131 ve g\u00fcvenilir bir \u00e7al\u0131\u015fma.<\/p>\n","protected":false},"excerpt":{"rendered":"<p>Duygu \u015eifresi adl\u0131 bu kitapta, \u00fcnl\u00fc holistik hekim ve konu\u015fmac\u0131 Dr. Bradley Nelson, bilin\u00e7alt\u0131 zihnin i\u00e7sel i\u015fleyi\u015fini ustal\u0131kla g\u00f6zler \u00f6n\u00fcne seriyor. Ba\u015f\u0131m\u0131zdan ge\u00e7en \u00f6nemli olaylar\u0131n nas\u0131l<span class=\"excerpt-hellip\"> [\u2026]<\/span><\/p>\n","protected":false},"featured_media":0,"template":"","meta":{"_monsterinsights_skip_tracking":false,"_monsterinsights_sitenote_active":false,"_monsterinsights_sitenote_note":"","_monsterinsights_sitenote_category":0},"product_brand":[],"product_cat":[12364,12376],"product_tag":[],"class_list":{"0":"post-692068","1":"product","2":"type-product","3":"status-publish","5":"product_cat-genel-konular","6":"product_cat-kisisel-gelisim","7":"pa_cilt-ciltsiz","8":"pa_tur-kitap","9":"pa_yayinevi-omega","10":"pa_yazar-bradley-nelson","12":"first","13":"instock","14":"sale","15":"shipping-taxable","16":"purchasable","17":"product-type-simple"},"_links":{"self":[{"href":"https:\/\/roveyayinevi.com.tr\/index.php\/wp-json\/wp\/v2\/product\/692068","targetHints":{"allow":["GET"]}}],"collection":[{"href":"https:\/\/roveyayinevi.com.tr\/index.php\/wp-json\/wp\/v2\/product"}],"about":[{"href":"https:\/\/roveyayinevi.com.tr\/index.php\/wp-json\/wp\/v2\/types\/product"}],"wp:attachment":[{"href":"https:\/\/roveyayinevi.com.tr\/index.php\/wp-json\/wp\/v2\/media?parent=692068"}],"wp:term":[{"taxonomy":"product_brand","embeddable":true,"href":"https:\/\/roveyayinevi.com.tr\/index.php\/wp-json\/wp\/v2\/product_brand?post=692068"},{"taxonomy":"product_cat","embeddable":true,"href":"https:\/\/roveyayinevi.com.tr\/index.php\/wp-json\/wp\/v2\/product_cat?post=692068"},{"taxonomy":"product_tag","embeddable":true,"href":"https:\/\/roveyayinevi.com.tr\/index.php\/wp-json\/wp\/v2\/product_tag?post=692068"}],"curies":[{"name":"wp","href":"https:\/\/api.w.org\/{rel}","templated":true}]}}