{"id":692049,"date":"2025-08-27T14:04:23","date_gmt":"2025-08-27T11:04:23","guid":{"rendered":"https:\/\/roveyayinevi.com.tr\/index.php\/urun\/sevgi-ugruna-yaptiklarimiz\/"},"modified":"2026-04-16T02:02:08","modified_gmt":"2026-04-15T23:02:08","slug":"sevgi-ugruna-yaptiklarimiz","status":"publish","type":"product","link":"https:\/\/roveyayinevi.com.tr\/index.php\/urun\/sevgi-ugruna-yaptiklarimiz\/","title":{"rendered":"Sevgi U\u011fruna Yapt\u0131klar\u0131m\u0131z"},"content":{"rendered":"<p>Ayn\u0131 \u015eeyin \u00d6zlemini \u00c7eken \u0130ki Kad\u0131n&#8230; Ailenin Ne Anlama Geldi\u011fini \u00d6\u011frenecekleri Duygusal ve Dokunakl\u0131 Bir Yolculuk&#8230; Y\u0131llar s\u00fcren u\u011fra\u015f\u0131na ra\u011fmen \u00e7ocuk sahibi olamamas\u0131 Angie Malone\u2019u \u00e7ok \u00fczm\u00fc\u015ft\u00fcr. Ac\u0131 dolu bir bo\u015fanman\u0131n ard\u0131ndan Pasifik Northwest\u2019teki kasabas\u0131na d\u00f6ner ve aile restoran\u0131n\u0131n y\u00f6netimini devral\u0131r. Hayat\u0131n dalgalar gibi y\u00fckselip al\u00e7ald\u0131\u011f\u0131 West End\u2019de, problemli gen\u00e7 bir kad\u0131nla tan\u0131\u015f\u0131p arkada\u015fl\u0131k etmeye ba\u015flayan Angie\u2019nin hayat\u0131 b\u00fct\u00fcn\u00fcyle de\u011fi\u015fmeye ba\u015flar. Angie, Lauren Ribido\u2019yu i\u015fe al\u0131r \u00e7\u00fcnk\u00fc on yedi ya\u015f\u0131ndaki bu k\u0131zda farkl\u0131 bir \u015feyler bulur. Aralar\u0131nda s\u0131k\u0131 bir ba\u011f olu\u015fur ve annesi Lauren\u2019\u0131 terk etti\u011finde Angie ona kalacak bir yer verir. Ama bu iyili\u011fin sonu\u00e7lar\u0131na g\u00f6\u011f\u00fcs gerecek g\u00fc\u00e7te de\u011fildir hen\u00fcz. Biri \u00e7ocuk \u00f6zlemi \u00e7eken, di\u011feriyse anne sevgisine hasret bu iki kad\u0131n kimsenin hayal edemeyece\u011fi bir \u015fekilde s\u0131nanacakt\u0131r. Harika&#8230; \u00c7ok dokunakl\u0131&#8230; Karakterlerin s\u0131cakl\u0131\u011f\u0131 ve karma\u015f\u0131k ki\u015filikleri derinlerde kalm\u0131\u015f duygular\u0131 ortaya \u00e7\u0131kar\u0131yor. -RT Book Reviews- Hannah, okuyucuyu karakterlerin hayat\u0131na s\u00fcr\u00fckleyip onlar\u0131 kendi arkada\u015flar\u0131ym\u0131\u015f gibi hissettirirken ailedeki ac\u0131lar\u0131 ve sevin\u00e7leri ele alarak neden kad\u0131n edebiyat\u0131n\u0131n y\u0131ld\u0131z\u0131 oldu\u011funu bir kez daha kan\u0131tl\u0131yor. -Booklist- Hannah ba\u015fkahramanlar\u0131n\u0131n ruh halini derinlemesine yans\u0131t\u0131p hislerindeki ufak farkl\u0131l\u0131klar\u0131 betimlemekte \u00e7ok ba\u015far\u0131l\u0131. -The Washington Post Book World- Y\u00fcrek burkucu&#8230; Hem ac\u0131 hem tatl\u0131. -Publishers Weekly- <\/p>\n","protected":false},"excerpt":{"rendered":"<p>Ayn\u0131 \u015eeyin \u00d6zlemini \u00c7eken \u0130ki Kad\u0131n&#8230; Ailenin Ne Anlama Geldi\u011fini \u00d6\u011frenecekleri Duygusal ve Dokunakl\u0131 Bir Yolculuk&#8230; Y\u0131llar s\u00fcren u\u011fra\u015f\u0131na ra\u011fmen \u00e7ocuk sahibi olamamas\u0131 Angie Malone\u2019u \u00e7ok<span class=\"excerpt-hellip\"> [\u2026]<\/span><\/p>\n","protected":false},"featured_media":0,"template":"","meta":{"_monsterinsights_skip_tracking":false,"_monsterinsights_sitenote_active":false,"_monsterinsights_sitenote_note":"","_monsterinsights_sitenote_category":0},"product_brand":[],"product_cat":[12891,12291],"product_tag":[],"class_list":{"0":"post-692049","1":"product","2":"type-product","3":"status-publish","5":"product_cat-amerikan-edebiyati","6":"product_cat-edebiyat","7":"pa_tur-kitap","8":"pa_yayinevi-pegasus-yayinlari","9":"pa_yazar-kristin-hannah","11":"first","12":"instock","13":"sale","14":"shipping-taxable","15":"purchasable","16":"product-type-simple"},"_links":{"self":[{"href":"https:\/\/roveyayinevi.com.tr\/index.php\/wp-json\/wp\/v2\/product\/692049","targetHints":{"allow":["GET"]}}],"collection":[{"href":"https:\/\/roveyayinevi.com.tr\/index.php\/wp-json\/wp\/v2\/product"}],"about":[{"href":"https:\/\/roveyayinevi.com.tr\/index.php\/wp-json\/wp\/v2\/types\/product"}],"wp:attachment":[{"href":"https:\/\/roveyayinevi.com.tr\/index.php\/wp-json\/wp\/v2\/media?parent=692049"}],"wp:term":[{"taxonomy":"product_brand","embeddable":true,"href":"https:\/\/roveyayinevi.com.tr\/index.php\/wp-json\/wp\/v2\/product_brand?post=692049"},{"taxonomy":"product_cat","embeddable":true,"href":"https:\/\/roveyayinevi.com.tr\/index.php\/wp-json\/wp\/v2\/product_cat?post=692049"},{"taxonomy":"product_tag","embeddable":true,"href":"https:\/\/roveyayinevi.com.tr\/index.php\/wp-json\/wp\/v2\/product_tag?post=692049"}],"curies":[{"name":"wp","href":"https:\/\/api.w.org\/{rel}","templated":true}]}}