{"id":692039,"date":"2025-08-27T14:04:21","date_gmt":"2025-08-27T11:04:21","guid":{"rendered":"https:\/\/roveyayinevi.com.tr\/index.php\/urun\/12-mintika-aclik-oyunlarinin-yildizlari\/"},"modified":"2026-04-16T02:02:07","modified_gmt":"2026-04-15T23:02:07","slug":"12-mintika-aclik-oyunlarinin-yildizlari","status":"publish","type":"product","link":"https:\/\/roveyayinevi.com.tr\/index.php\/urun\/12-mintika-aclik-oyunlarinin-yildizlari\/","title":{"rendered":"12. M\u0131nt\u0131ka A\u00e7l\u0131k Oyunlar\u0131n\u0131n Y\u0131ld\u0131zlar\u0131"},"content":{"rendered":"<p>Y\u00fczden fazla renkli foto\u011frafla birlikte! A\u00e7l\u0131k Oyunlar\u0131 sayesinde onlar\u0131n y\u00fczleri art\u0131k her yerde! Ama alevler i\u00e7indeki k\u0131z\u0131 ve hayat\u0131ndaki iki erke\u011fi ne kadar iyi tan\u0131yoruz? 12. M\u0131nt\u0131ka, Jennifer Lawrence, Josh Hutcherson ve Liam Hemsworth\u2019\u00fcn kendi hik\u00e2yeleri bu kitapta. Parlayan y\u0131ld\u0131zlar Jennifer, Josh ve Liam; Hollywood\u2019un en \u00e7ok istenen rolleri cesur Katniss ve hayat\u0131ndaki iki erkek Peeta ve Gale\u2019\u0131 oynamak i\u00e7in, karakterlerinin arenada verdikleri m\u00fccadeleyi aratmayacak kadar ate\u015fli bir yar\u0131\u015f\u0131n i\u00e7ine girdiler. Bu \u00fc\u00e7 y\u0131ld\u0131z\u0131n detayl\u0131 biyografilerini kapsayan 12. M\u0131nt\u0131ka, \u00fc\u00e7l\u00fcn\u00fcn ge\u00e7mi\u015fte ald\u0131klar\u0131 rolleri, ilk a\u015fklar\u0131, set hik\u00e2yeleri ve gelecek hakk\u0131ndaki hayallerini aktar\u0131yor. Bu kitab\u0131, A\u00e7l\u0131k Oyunlar\u0131\u2019n\u0131n daha fazlas\u0131na a\u00e7 olan herkes okumal\u0131! <\/p>\n","protected":false},"excerpt":{"rendered":"<p>Y\u00fczden fazla renkli foto\u011frafla birlikte! A\u00e7l\u0131k Oyunlar\u0131 sayesinde onlar\u0131n y\u00fczleri art\u0131k her yerde! Ama alevler i\u00e7indeki k\u0131z\u0131 ve hayat\u0131ndaki iki erke\u011fi ne kadar iyi tan\u0131yoruz? 12.<span class=\"excerpt-hellip\"> [\u2026]<\/span><\/p>\n","protected":false},"featured_media":0,"template":"","meta":{"_monsterinsights_skip_tracking":false,"_monsterinsights_sitenote_active":false,"_monsterinsights_sitenote_note":"","_monsterinsights_sitenote_category":0},"product_brand":[],"product_cat":[12409,12408],"product_tag":[],"class_list":{"0":"post-692039","1":"product","2":"type-product","3":"status-publish","5":"product_cat-fotograf-sinema-tiyatro","6":"product_cat-sanat","7":"pa_tur-kitap","8":"pa_yayinevi-pegasus-yayinlari","9":"pa_yazar-mick-oshea","11":"first","12":"instock","13":"sale","14":"shipping-taxable","15":"purchasable","16":"product-type-simple"},"_links":{"self":[{"href":"https:\/\/roveyayinevi.com.tr\/index.php\/wp-json\/wp\/v2\/product\/692039","targetHints":{"allow":["GET"]}}],"collection":[{"href":"https:\/\/roveyayinevi.com.tr\/index.php\/wp-json\/wp\/v2\/product"}],"about":[{"href":"https:\/\/roveyayinevi.com.tr\/index.php\/wp-json\/wp\/v2\/types\/product"}],"wp:attachment":[{"href":"https:\/\/roveyayinevi.com.tr\/index.php\/wp-json\/wp\/v2\/media?parent=692039"}],"wp:term":[{"taxonomy":"product_brand","embeddable":true,"href":"https:\/\/roveyayinevi.com.tr\/index.php\/wp-json\/wp\/v2\/product_brand?post=692039"},{"taxonomy":"product_cat","embeddable":true,"href":"https:\/\/roveyayinevi.com.tr\/index.php\/wp-json\/wp\/v2\/product_cat?post=692039"},{"taxonomy":"product_tag","embeddable":true,"href":"https:\/\/roveyayinevi.com.tr\/index.php\/wp-json\/wp\/v2\/product_tag?post=692039"}],"curies":[{"name":"wp","href":"https:\/\/api.w.org\/{rel}","templated":true}]}}