{"id":692002,"date":"2025-08-27T14:02:35","date_gmt":"2025-08-27T11:02:35","guid":{"rendered":"https:\/\/roveyayinevi.com.tr\/index.php\/urun\/kis-bahcesi\/"},"modified":"2026-04-16T02:02:07","modified_gmt":"2026-04-15T23:02:07","slug":"kis-bahcesi","status":"publish","type":"product","link":"https:\/\/roveyayinevi.com.tr\/index.php\/urun\/kis-bahcesi\/","title":{"rendered":"K\u0131\u015f Bah\u00e7esi"},"content":{"rendered":"<p>\u00c7ok satan Ate\u015fb\u00f6ce\u011fi Yolu kitab\u0131n\u0131n yazar\u0131ndan, bir anne ile k\u0131zlar\u0131 aras\u0131ndaki karma\u015f\u0131k ba\u011flara ve ge\u00e7mi\u015f ile gelecek aras\u0131ndaki y\u0131k\u0131lmaz ba\u011fa dair s\u00fcr\u00fckleyici, y\u00fcrek s\u0131zlatacak kadar etkileyici ve g\u00fczel bir roman. Bazen annenin ge\u00e7mi\u015fine bir kap\u0131 aralad\u0131\u011f\u0131nda, kendi gelece\u011fini bulursun! Meredith ve Nina Whitson birbirine taban tabana z\u0131t karakterlerdeki k\u0131z karde\u015flerdir. <\/p>\n","protected":false},"excerpt":{"rendered":"<p>\u00c7ok satan Ate\u015fb\u00f6ce\u011fi Yolu kitab\u0131n\u0131n yazar\u0131ndan, bir anne ile k\u0131zlar\u0131 aras\u0131ndaki karma\u015f\u0131k ba\u011flara ve ge\u00e7mi\u015f ile gelecek aras\u0131ndaki y\u0131k\u0131lmaz ba\u011fa dair s\u00fcr\u00fckleyici, y\u00fcrek s\u0131zlatacak kadar etkileyici<span class=\"excerpt-hellip\"> [\u2026]<\/span><\/p>\n","protected":false},"featured_media":0,"template":"","meta":{"_monsterinsights_skip_tracking":false,"_monsterinsights_sitenote_active":false,"_monsterinsights_sitenote_note":"","_monsterinsights_sitenote_category":0},"product_brand":[],"product_cat":[12291,12711],"product_tag":[],"class_list":{"0":"post-692002","1":"product","2":"type-product","3":"status-publish","5":"product_cat-edebiyat","6":"product_cat-roman-oyku","7":"pa_tur-kitap","8":"pa_yayinevi-pegasus-yayinlari","9":"pa_yazar-kristin-hannah","11":"first","12":"instock","13":"sale","14":"shipping-taxable","15":"purchasable","16":"product-type-simple"},"_links":{"self":[{"href":"https:\/\/roveyayinevi.com.tr\/index.php\/wp-json\/wp\/v2\/product\/692002","targetHints":{"allow":["GET"]}}],"collection":[{"href":"https:\/\/roveyayinevi.com.tr\/index.php\/wp-json\/wp\/v2\/product"}],"about":[{"href":"https:\/\/roveyayinevi.com.tr\/index.php\/wp-json\/wp\/v2\/types\/product"}],"wp:attachment":[{"href":"https:\/\/roveyayinevi.com.tr\/index.php\/wp-json\/wp\/v2\/media?parent=692002"}],"wp:term":[{"taxonomy":"product_brand","embeddable":true,"href":"https:\/\/roveyayinevi.com.tr\/index.php\/wp-json\/wp\/v2\/product_brand?post=692002"},{"taxonomy":"product_cat","embeddable":true,"href":"https:\/\/roveyayinevi.com.tr\/index.php\/wp-json\/wp\/v2\/product_cat?post=692002"},{"taxonomy":"product_tag","embeddable":true,"href":"https:\/\/roveyayinevi.com.tr\/index.php\/wp-json\/wp\/v2\/product_tag?post=692002"}],"curies":[{"name":"wp","href":"https:\/\/api.w.org\/{rel}","templated":true}]}}