{"id":691997,"date":"2025-08-27T14:02:34","date_gmt":"2025-08-27T11:02:34","guid":{"rendered":"https:\/\/roveyayinevi.com.tr\/index.php\/urun\/forsa-5-6-7-8-siniflar-icin\/"},"modified":"2026-04-16T02:02:07","modified_gmt":"2026-04-15T23:02:07","slug":"forsa-5-6-7-8-siniflar-icin","status":"publish","type":"product","link":"https:\/\/roveyayinevi.com.tr\/index.php\/urun\/forsa-5-6-7-8-siniflar-icin\/","title":{"rendered":"Forsa 5.6.7.8 S\u0131n\u0131flar \u0130\u00e7in"},"content":{"rendered":"<p>Yuvas\u0131 sonsuz ufuklar\u0131na bakan k\u00fc\u00e7\u00fck tepe, mini mini bir \u00e7i\u00e7ek orman\u0131 gibiydi.\u0130nce, uzun dall\u0131 badem a\u011fa\u00e7lar\u0131n\u0131n alaca g\u00f6lgeleri sahile inen ke\u00e7i yoluna d\u00fc\u015f\u00fcyor. ilkbahar\u0131n tatl\u0131 r\u00fczgarlar\u0131yla sarho\u015f olan mart\u0131lar, \u00e7\u0131lg\u0131n naralarla havay\u0131 \u00e7\u0131nlat\u0131yorlard\u0131. Badem bah\u00e7esinin yan\u0131 geni\u015f bir ba\u011fd\u0131. Beyaz ta\u015flardan yap\u0131lm\u0131\u015f k\u0131sa bir duvar\u0131n \u00f6tesindeki zeytinlik, ta vadiye kadar iniyordu. Ba\u011f\u0131n ortas\u0131ndaki viran kul\u00fcbenin kap\u0131s\u0131z methalinden bir ihtiyar \u00e7\u0131kt\u0131. Sa\u00e7\u0131 sakal\u0131 bembeyazd\u0131. Kamburunu d\u00fczeltmek istiyormu\u015f gibi gerindi. Elleri, ayaklar\u0131 titriyordu. G\u00f6k kadar bo\u015f, g\u00f6k kadar sakin duran denize bakt\u0131, bakt\u0131. <\/p>\n","protected":false},"excerpt":{"rendered":"<p>Yuvas\u0131 sonsuz ufuklar\u0131na bakan k\u00fc\u00e7\u00fck tepe, mini mini bir \u00e7i\u00e7ek orman\u0131 gibiydi.\u0130nce, uzun dall\u0131 badem a\u011fa\u00e7lar\u0131n\u0131n alaca g\u00f6lgeleri sahile inen ke\u00e7i yoluna d\u00fc\u015f\u00fcyor. ilkbahar\u0131n tatl\u0131 r\u00fczgarlar\u0131yla<span class=\"excerpt-hellip\"> [\u2026]<\/span><\/p>\n","protected":false},"featured_media":0,"template":"","meta":{"_monsterinsights_skip_tracking":false,"_monsterinsights_sitenote_active":false,"_monsterinsights_sitenote_note":"","_monsterinsights_sitenote_category":0},"product_brand":[],"product_cat":[12274,12284],"product_tag":[],"class_list":{"0":"post-691997","1":"product","2":"type-product","3":"status-publish","5":"product_cat-cocuk-ve-genclik-kitaplari","6":"product_cat-hikayeler","7":"pa_tur-kitap","8":"pa_yayinevi-parilti-yayinlari","9":"pa_yazar-omer-seyfettin","11":"first","12":"instock","13":"sale","14":"shipping-taxable","15":"purchasable","16":"product-type-simple"},"_links":{"self":[{"href":"https:\/\/roveyayinevi.com.tr\/index.php\/wp-json\/wp\/v2\/product\/691997","targetHints":{"allow":["GET"]}}],"collection":[{"href":"https:\/\/roveyayinevi.com.tr\/index.php\/wp-json\/wp\/v2\/product"}],"about":[{"href":"https:\/\/roveyayinevi.com.tr\/index.php\/wp-json\/wp\/v2\/types\/product"}],"wp:attachment":[{"href":"https:\/\/roveyayinevi.com.tr\/index.php\/wp-json\/wp\/v2\/media?parent=691997"}],"wp:term":[{"taxonomy":"product_brand","embeddable":true,"href":"https:\/\/roveyayinevi.com.tr\/index.php\/wp-json\/wp\/v2\/product_brand?post=691997"},{"taxonomy":"product_cat","embeddable":true,"href":"https:\/\/roveyayinevi.com.tr\/index.php\/wp-json\/wp\/v2\/product_cat?post=691997"},{"taxonomy":"product_tag","embeddable":true,"href":"https:\/\/roveyayinevi.com.tr\/index.php\/wp-json\/wp\/v2\/product_tag?post=691997"}],"curies":[{"name":"wp","href":"https:\/\/api.w.org\/{rel}","templated":true}]}}