{"id":691973,"date":"2025-08-27T14:02:29","date_gmt":"2025-08-27T11:02:29","guid":{"rendered":"https:\/\/roveyayinevi.com.tr\/index.php\/urun\/gulistan-2\/"},"modified":"2026-04-16T02:02:06","modified_gmt":"2026-04-15T23:02:06","slug":"gulistan-2","status":"publish","type":"product","link":"https:\/\/roveyayinevi.com.tr\/index.php\/urun\/gulistan-2\/","title":{"rendered":"G\u00fclistan"},"content":{"rendered":"<p>\u015eeyh Sadi \u015eirazi\u2019nin \u015fiir tad\u0131nda kaleme ald\u0131\u011f\u0131 ve neredeyse bir hikmetler deryas\u0131 olan  G\u00fclistan \u0131, g\u00fcn\u00fcm\u00fcz d\u00fcnyas\u0131n\u0131n kaybetti\u011fi bir\u00e7ok de\u011feri yeniden hat\u0131rlamam\u0131z\u0131 sa\u011fl\u0131yor. Hikayelerinde ince bir alay, ele\u015ftiri, co\u015fkunluk ve n\u00fckteye yer veren Sadi\u2019nin daha \u00e7ok insan olma erdemi ve durumuyla ilgili notlarla zenginle\u015ftirdi\u011fi eseri, \u00f6zellikle gelecek kurgusu yapan ve kendini tan\u0131mak \u0130steyenler i\u00e7in bir ba\u015fucu kitab\u0131 niteli\u011finde&#8230; <\/p>\n","protected":false},"excerpt":{"rendered":"<p>\u015eeyh Sadi \u015eirazi\u2019nin \u015fiir tad\u0131nda kaleme ald\u0131\u011f\u0131 ve neredeyse bir hikmetler deryas\u0131 olan G\u00fclistan \u0131, g\u00fcn\u00fcm\u00fcz d\u00fcnyas\u0131n\u0131n kaybetti\u011fi bir\u00e7ok de\u011feri yeniden hat\u0131rlamam\u0131z\u0131 sa\u011fl\u0131yor. Hikayelerinde ince bir<span class=\"excerpt-hellip\"> [\u2026]<\/span><\/p>\n","protected":false},"featured_media":0,"template":"","meta":{"_monsterinsights_skip_tracking":false,"_monsterinsights_sitenote_active":false,"_monsterinsights_sitenote_note":"","_monsterinsights_sitenote_category":0},"product_brand":[],"product_cat":[13661,12291],"product_tag":[],"class_list":{"0":"post-691973","1":"product","2":"type-product","3":"status-publish","5":"product_cat-diger-ulke-edebiyatlari","6":"product_cat-edebiyat","7":"pa_tur-kitap","8":"pa_yayinevi-parilti-yayinlari","9":"pa_yazar-seyh-sadii-sirazi","11":"first","12":"instock","13":"sale","14":"shipping-taxable","15":"purchasable","16":"product-type-simple"},"_links":{"self":[{"href":"https:\/\/roveyayinevi.com.tr\/index.php\/wp-json\/wp\/v2\/product\/691973","targetHints":{"allow":["GET"]}}],"collection":[{"href":"https:\/\/roveyayinevi.com.tr\/index.php\/wp-json\/wp\/v2\/product"}],"about":[{"href":"https:\/\/roveyayinevi.com.tr\/index.php\/wp-json\/wp\/v2\/types\/product"}],"wp:attachment":[{"href":"https:\/\/roveyayinevi.com.tr\/index.php\/wp-json\/wp\/v2\/media?parent=691973"}],"wp:term":[{"taxonomy":"product_brand","embeddable":true,"href":"https:\/\/roveyayinevi.com.tr\/index.php\/wp-json\/wp\/v2\/product_brand?post=691973"},{"taxonomy":"product_cat","embeddable":true,"href":"https:\/\/roveyayinevi.com.tr\/index.php\/wp-json\/wp\/v2\/product_cat?post=691973"},{"taxonomy":"product_tag","embeddable":true,"href":"https:\/\/roveyayinevi.com.tr\/index.php\/wp-json\/wp\/v2\/product_tag?post=691973"}],"curies":[{"name":"wp","href":"https:\/\/api.w.org\/{rel}","templated":true}]}}