{"id":691956,"date":"2025-08-27T14:02:26","date_gmt":"2025-08-27T11:02:26","guid":{"rendered":"https:\/\/roveyayinevi.com.tr\/index.php\/urun\/guliverin-gezileri-2\/"},"modified":"2026-04-16T02:02:06","modified_gmt":"2026-04-15T23:02:06","slug":"guliverin-gezileri-2","status":"publish","type":"product","link":"https:\/\/roveyayinevi.com.tr\/index.php\/urun\/guliverin-gezileri-2\/","title":{"rendered":"G\u00fcliver\u2019in Gezileri"},"content":{"rendered":"<p>Babam\u0131n Nottighamshire&#8217;de biraz topra\u011f\u0131 ve be\u015f \u00e7ocu\u011fu vard\u0131. Ben bunlar\u0131n \u00fc\u00e7\u00fcnc\u00fcs\u00fcy\u00fcm. On d\u00f6rt ya\u015f\u0131ma girdi\u011fimde, babam beni Cambridge&#8217;de Emmanuel Koleji&#8217;ne g\u00f6nderdi. Kendimi b\u00fct\u00fcn\u00fcyle derslerime verdim ve \u00fc\u00e7 y\u0131l okudum. Fakat babam\u0131n bana g\u00f6nderdi\u011fi para, zaten dar olan b\u00fct\u00e7esine y\u00fck olunca, Londra&#8217;daki \u00fcnl\u00fc Doktor Mister Bates&#8217;in yan\u0131na \u00e7\u0131rak olarak girdim. Burada da d\u00f6rt y\u0131l \u00e7al\u0131\u015ft\u0131m. <\/p>\n","protected":false},"excerpt":{"rendered":"<p>Babam\u0131n Nottighamshire&#8217;de biraz topra\u011f\u0131 ve be\u015f \u00e7ocu\u011fu vard\u0131. Ben bunlar\u0131n \u00fc\u00e7\u00fcnc\u00fcs\u00fcy\u00fcm. On d\u00f6rt ya\u015f\u0131ma girdi\u011fimde, babam beni Cambridge&#8217;de Emmanuel Koleji&#8217;ne g\u00f6nderdi. Kendimi b\u00fct\u00fcn\u00fcyle derslerime verdim ve<span class=\"excerpt-hellip\"> [\u2026]<\/span><\/p>\n","protected":false},"featured_media":0,"template":"","meta":{"_monsterinsights_skip_tracking":false,"_monsterinsights_sitenote_active":false,"_monsterinsights_sitenote_note":"","_monsterinsights_sitenote_category":0},"product_brand":[],"product_cat":[12274,12523],"product_tag":[],"class_list":{"0":"post-691956","1":"product","2":"type-product","3":"status-publish","5":"product_cat-cocuk-ve-genclik-kitaplari","6":"product_cat-masallar","7":"pa_tur-kitap","8":"pa_yayinevi-parilti-yayinlari","9":"pa_yazar-jonathan-swift","11":"first","12":"instock","13":"sale","14":"shipping-taxable","15":"purchasable","16":"product-type-simple"},"_links":{"self":[{"href":"https:\/\/roveyayinevi.com.tr\/index.php\/wp-json\/wp\/v2\/product\/691956","targetHints":{"allow":["GET"]}}],"collection":[{"href":"https:\/\/roveyayinevi.com.tr\/index.php\/wp-json\/wp\/v2\/product"}],"about":[{"href":"https:\/\/roveyayinevi.com.tr\/index.php\/wp-json\/wp\/v2\/types\/product"}],"wp:attachment":[{"href":"https:\/\/roveyayinevi.com.tr\/index.php\/wp-json\/wp\/v2\/media?parent=691956"}],"wp:term":[{"taxonomy":"product_brand","embeddable":true,"href":"https:\/\/roveyayinevi.com.tr\/index.php\/wp-json\/wp\/v2\/product_brand?post=691956"},{"taxonomy":"product_cat","embeddable":true,"href":"https:\/\/roveyayinevi.com.tr\/index.php\/wp-json\/wp\/v2\/product_cat?post=691956"},{"taxonomy":"product_tag","embeddable":true,"href":"https:\/\/roveyayinevi.com.tr\/index.php\/wp-json\/wp\/v2\/product_tag?post=691956"}],"curies":[{"name":"wp","href":"https:\/\/api.w.org\/{rel}","templated":true}]}}