{"id":691950,"date":"2025-08-27T14:02:25","date_gmt":"2025-08-27T11:02:25","guid":{"rendered":"https:\/\/roveyayinevi.com.tr\/index.php\/urun\/denizler-altinda-20-bin-fersah\/"},"modified":"2026-04-16T02:02:06","modified_gmt":"2026-04-15T23:02:06","slug":"denizler-altinda-20-bin-fersah","status":"publish","type":"product","link":"https:\/\/roveyayinevi.com.tr\/index.php\/urun\/denizler-altinda-20-bin-fersah\/","title":{"rendered":"Denizler Alt\u0131nda 20 Bin Fersah"},"content":{"rendered":"<p>19. y\u00fczy\u0131l\u0131n sonlar\u0131na do\u011fru, Avrupal\u0131 ve Amerikal\u0131 gemicilerin kar\u015f\u0131la\u015ft\u0131klar\u0131 bir dizi ak\u0131l almaz olay b\u00fct\u00fcn d\u00fcnyan\u0131n dikkatini \u00e7ekmi\u015fti. Hi\u00e7bir \u015fekilde a\u00e7\u0131klanamayan bu garip olaylar kar\u015f\u0131s\u0131nda b\u00fct\u00fcn \u00fclkeler, \u00e7e\u015fitli \u00f6nlemler alma gere\u011fini duymu\u015f, denizlerde arka arkaya meydana gelen kazalara kar\u015f\u0131 denizcilerini uyarm\u0131\u015flard\u0131. <\/p>\n","protected":false},"excerpt":{"rendered":"<p>19. y\u00fczy\u0131l\u0131n sonlar\u0131na do\u011fru, Avrupal\u0131 ve Amerikal\u0131 gemicilerin kar\u015f\u0131la\u015ft\u0131klar\u0131 bir dizi ak\u0131l almaz olay b\u00fct\u00fcn d\u00fcnyan\u0131n dikkatini \u00e7ekmi\u015fti. Hi\u00e7bir \u015fekilde a\u00e7\u0131klanamayan bu garip olaylar kar\u015f\u0131s\u0131nda b\u00fct\u00fcn<span class=\"excerpt-hellip\"> [\u2026]<\/span><\/p>\n","protected":false},"featured_media":0,"template":"","meta":{"_monsterinsights_skip_tracking":false,"_monsterinsights_sitenote_active":false,"_monsterinsights_sitenote_note":"","_monsterinsights_sitenote_category":0},"product_brand":[],"product_cat":[12274,12284],"product_tag":[],"class_list":{"0":"post-691950","1":"product","2":"type-product","3":"status-publish","5":"product_cat-cocuk-ve-genclik-kitaplari","6":"product_cat-hikayeler","7":"pa_tur-kitap","8":"pa_yayinevi-parilti-yayinlari","9":"pa_yazar-jules-verne","11":"first","12":"instock","13":"sale","14":"shipping-taxable","15":"purchasable","16":"product-type-simple"},"_links":{"self":[{"href":"https:\/\/roveyayinevi.com.tr\/index.php\/wp-json\/wp\/v2\/product\/691950","targetHints":{"allow":["GET"]}}],"collection":[{"href":"https:\/\/roveyayinevi.com.tr\/index.php\/wp-json\/wp\/v2\/product"}],"about":[{"href":"https:\/\/roveyayinevi.com.tr\/index.php\/wp-json\/wp\/v2\/types\/product"}],"wp:attachment":[{"href":"https:\/\/roveyayinevi.com.tr\/index.php\/wp-json\/wp\/v2\/media?parent=691950"}],"wp:term":[{"taxonomy":"product_brand","embeddable":true,"href":"https:\/\/roveyayinevi.com.tr\/index.php\/wp-json\/wp\/v2\/product_brand?post=691950"},{"taxonomy":"product_cat","embeddable":true,"href":"https:\/\/roveyayinevi.com.tr\/index.php\/wp-json\/wp\/v2\/product_cat?post=691950"},{"taxonomy":"product_tag","embeddable":true,"href":"https:\/\/roveyayinevi.com.tr\/index.php\/wp-json\/wp\/v2\/product_tag?post=691950"}],"curies":[{"name":"wp","href":"https:\/\/api.w.org\/{rel}","templated":true}]}}