{"id":691901,"date":"2025-08-27T14:02:16","date_gmt":"2025-08-27T11:02:16","guid":{"rendered":"https:\/\/roveyayinevi.com.tr\/index.php\/urun\/azinliklar-sorunu\/"},"modified":"2026-04-16T02:02:04","modified_gmt":"2026-04-15T23:02:04","slug":"azinliklar-sorunu","status":"publish","type":"product","link":"https:\/\/roveyayinevi.com.tr\/index.php\/urun\/azinliklar-sorunu\/","title":{"rendered":"Az\u0131nl\u0131klar Sorunu"},"content":{"rendered":"<p>Ba\u015fbakanl\u0131k \u0130nsan Haklar\u0131 Dan\u0131\u015fma Kurulu &#8220;Az\u0131nl\u0131k Raporu&#8221;nun Ele\u015ftirisiB\u00f6l\u00fcmler:1- Sevr &#8220;Sendromu&#8221;, &#8220;Paranoya&#8221; ve &#8220;\u0130rtica&#8221;2- ABD Y\u00f6netimi ve &#8220;Ulusal Az\u0131nl\u0131k&#8221; Sorunu3- Lozan ve Az\u0131nl\u0131klar4- Osmanl\u0131 &#8220;Millet&#8221; Modeli ve Az\u0131nl\u0131klar Sorunu5- Lozan Andla\u015fmas\u0131, Anadil v Dil Yasa\u011f\u01316- Milletler Cemiyeti ve Az\u0131nl\u0131k Sorunlar\u01317- Az\u0131nl\u0131k Sorunu ve Devletilerin Toprak B\u00fct\u00fcnl\u00fc\u011f\u00fc8- Az\u0131nl\u0131k Kavram\u0131, Sorunlar, Uygulamalar9- Avrupa Birli\u011fi, Az\u0131nl\u0131k Kriterleri ve T\u00fcrkiye&#8217;ye Yans\u0131t\u0131lmas\u013110- Ulus Olarak Avrupa Birli\u011fi \u00dcyeli\u011finin Anlam\u0131 <\/p>\n","protected":false},"excerpt":{"rendered":"<p>Ba\u015fbakanl\u0131k \u0130nsan Haklar\u0131 Dan\u0131\u015fma Kurulu &#8220;Az\u0131nl\u0131k Raporu&#8221;nun Ele\u015ftirisiB\u00f6l\u00fcmler:1- Sevr &#8220;Sendromu&#8221;, &#8220;Paranoya&#8221; ve &#8220;\u0130rtica&#8221;2- ABD Y\u00f6netimi ve &#8220;Ulusal Az\u0131nl\u0131k&#8221; Sorunu3- Lozan ve Az\u0131nl\u0131klar4- Osmanl\u0131 &#8220;Millet&#8221; Modeli ve<span class=\"excerpt-hellip\"> [\u2026]<\/span><\/p>\n","protected":false},"featured_media":0,"template":"","meta":{"_monsterinsights_skip_tracking":false,"_monsterinsights_sitenote_active":false,"_monsterinsights_sitenote_note":"","_monsterinsights_sitenote_category":0},"product_brand":[],"product_cat":[12337,14543],"product_tag":[],"class_list":{"0":"post-691901","1":"product","2":"type-product","3":"status-publish","5":"product_cat-politika-siyaset","6":"product_cat-turkiye-siyaseti-ve-politikasi","7":"pa_cilt-ciltsiz","8":"pa_tur-kitap","9":"pa_yayinevi-onur-yayinlari","10":"pa_yazar-muzaffer-ilhan-erdost","12":"first","13":"instock","14":"sale","15":"shipping-taxable","16":"purchasable","17":"product-type-simple"},"_links":{"self":[{"href":"https:\/\/roveyayinevi.com.tr\/index.php\/wp-json\/wp\/v2\/product\/691901","targetHints":{"allow":["GET"]}}],"collection":[{"href":"https:\/\/roveyayinevi.com.tr\/index.php\/wp-json\/wp\/v2\/product"}],"about":[{"href":"https:\/\/roveyayinevi.com.tr\/index.php\/wp-json\/wp\/v2\/types\/product"}],"wp:attachment":[{"href":"https:\/\/roveyayinevi.com.tr\/index.php\/wp-json\/wp\/v2\/media?parent=691901"}],"wp:term":[{"taxonomy":"product_brand","embeddable":true,"href":"https:\/\/roveyayinevi.com.tr\/index.php\/wp-json\/wp\/v2\/product_brand?post=691901"},{"taxonomy":"product_cat","embeddable":true,"href":"https:\/\/roveyayinevi.com.tr\/index.php\/wp-json\/wp\/v2\/product_cat?post=691901"},{"taxonomy":"product_tag","embeddable":true,"href":"https:\/\/roveyayinevi.com.tr\/index.php\/wp-json\/wp\/v2\/product_tag?post=691901"}],"curies":[{"name":"wp","href":"https:\/\/api.w.org\/{rel}","templated":true}]}}