{"id":691852,"date":"2025-08-27T14:02:06","date_gmt":"2025-08-27T11:02:06","guid":{"rendered":"https:\/\/roveyayinevi.com.tr\/index.php\/urun\/yitik-sevda-kudus\/"},"modified":"2026-04-16T02:02:03","modified_gmt":"2026-04-15T23:02:03","slug":"yitik-sevda-kudus","status":"publish","type":"product","link":"https:\/\/roveyayinevi.com.tr\/index.php\/urun\/yitik-sevda-kudus\/","title":{"rendered":"Yitik Sevda Kud\u00fcs"},"content":{"rendered":"<p>Kud\u00fcs, as\u0131rlard\u0131r kalbimizde ya\u015fatt\u0131\u011f\u0131m\u0131z hasret beldesi&#8230; Mekke ve Medine\u2019den sonra gelen kutsal mek\u00e2n&#8230; Peygamberimizin (a.s.m.) Mi\u2019raca \u00e7\u0131karken u\u011frad\u0131\u011f\u0131 ilk kutsal durak&#8230;. Hz. \u0130brahim\u2019den Hz. Yakub\u2019a, Hz. Musa\u2019dan Hz. \u00cesa\u2019ya peygamberler diyar\u0131&#8230; Peygamber k\u0131ssalar\u0131n\u0131n ge\u00e7ti\u011fi, ya\u015fayan Kur\u2019\u00e2n tarihi.. \u00dc\u00e7 semav\u00ee dinin ortak de\u011ferlerinin canl\u0131 g\u00f6r\u00fcnt\u00fcleri&#8230; B\u00fct\u00fcn orijinalli\u011fiyle ayakta kalan 5 bin y\u0131ll\u0131k medeniyet ve mimar\u00ee izleri&#8230; B\u00fct\u00fcn g\u00fczelli\u011fi ve tazeli\u011fiyle Emev\u00ee, Meml\u00fbk ve Osmanl\u0131 eserleri&#8230; Y\u00fczy\u0131llard\u0131r payla\u015f\u0131lamayan miras, yeni ke\u015ffetti\u011fimiz, kendimizi arad\u0131\u011f\u0131m\u0131z \u00e2lem&#8230; Ve.. Kud\u00fcs; anlat\u0131lamayan bir \u015fehir, Mescid-i Aks\u00e2, ifade edilemeyen bir derinlik&#8230; Bir Kud\u00fcs, Halil, Mescid-i Aks\u00e2, Kubbet\u00fc\u2019s-Sahra rehberi olan kitap size insanl\u0131k tarihini sunuyor. Kud\u00fcs\u2019e gitmeden \u00f6nce bu kitapla mutlaka tan\u0131\u015fmal\u0131s\u0131n\u0131z. Gidemezseniz dahi bu kitapla Kud\u00fcs\u2019\u00fc ad\u0131m ad\u0131m ya\u015fayacaks\u0131n\u0131z. <\/p>\n","protected":false},"excerpt":{"rendered":"<p>Kud\u00fcs, as\u0131rlard\u0131r kalbimizde ya\u015fatt\u0131\u011f\u0131m\u0131z hasret beldesi&#8230; Mekke ve Medine\u2019den sonra gelen kutsal mek\u00e2n&#8230; Peygamberimizin (a.s.m.) Mi\u2019raca \u00e7\u0131karken u\u011frad\u0131\u011f\u0131 ilk kutsal durak&#8230;. Hz. \u0130brahim\u2019den Hz. Yakub\u2019a, Hz.<span class=\"excerpt-hellip\"> [\u2026]<\/span><\/p>\n","protected":false},"featured_media":0,"template":"","meta":{"_monsterinsights_skip_tracking":false,"_monsterinsights_sitenote_active":false,"_monsterinsights_sitenote_note":"","_monsterinsights_sitenote_category":0},"product_brand":[],"product_cat":[13036,12718,12719],"product_tag":[],"class_list":{"0":"post-691852","1":"product","2":"type-product","3":"status-publish","5":"product_cat-arastirma-inceleme-islam","6":"product_cat-din","7":"product_cat-islam","8":"pa_tur-kitap","9":"pa_yayinevi-nesil-yayinlari","10":"pa_yazar-mehmed-paksu","12":"first","13":"instock","14":"sale","15":"shipping-taxable","16":"purchasable","17":"product-type-simple"},"_links":{"self":[{"href":"https:\/\/roveyayinevi.com.tr\/index.php\/wp-json\/wp\/v2\/product\/691852","targetHints":{"allow":["GET"]}}],"collection":[{"href":"https:\/\/roveyayinevi.com.tr\/index.php\/wp-json\/wp\/v2\/product"}],"about":[{"href":"https:\/\/roveyayinevi.com.tr\/index.php\/wp-json\/wp\/v2\/types\/product"}],"wp:attachment":[{"href":"https:\/\/roveyayinevi.com.tr\/index.php\/wp-json\/wp\/v2\/media?parent=691852"}],"wp:term":[{"taxonomy":"product_brand","embeddable":true,"href":"https:\/\/roveyayinevi.com.tr\/index.php\/wp-json\/wp\/v2\/product_brand?post=691852"},{"taxonomy":"product_cat","embeddable":true,"href":"https:\/\/roveyayinevi.com.tr\/index.php\/wp-json\/wp\/v2\/product_cat?post=691852"},{"taxonomy":"product_tag","embeddable":true,"href":"https:\/\/roveyayinevi.com.tr\/index.php\/wp-json\/wp\/v2\/product_tag?post=691852"}],"curies":[{"name":"wp","href":"https:\/\/api.w.org\/{rel}","templated":true}]}}