{"id":691840,"date":"2025-08-27T14:02:04","date_gmt":"2025-08-27T11:02:04","guid":{"rendered":"https:\/\/roveyayinevi.com.tr\/index.php\/urun\/garip-ama-gercek-2\/"},"modified":"2026-04-16T02:02:02","modified_gmt":"2026-04-15T23:02:02","slug":"garip-ama-gercek-2","status":"publish","type":"product","link":"https:\/\/roveyayinevi.com.tr\/index.php\/urun\/garip-ama-gercek-2\/","title":{"rendered":"Garip Ama Ger\u00e7ek! 2"},"content":{"rendered":"<p>National Geographic Kids\u2019in d\u00fcnya \u00e7ap\u0131nda en sevilen yay\u0131nlar\u0131ndan biri olan, \u015fa\u015f\u0131rt\u0131c\u0131 ger\u00e7eklerle dolu Garip ama Ger\u00e7ek serisinin en sevilen klitaplar\u0131ndan Garip ama Ger\u00e7ek! 2 merakl\u0131 \u00e7ocuklar kadar yeti\u015fkinleri de sayfalar\u0131n\u0131n aras\u0131na, t\u00fcm bu ger\u00e7eklerle y\u00fczle\u015fmeye \u00e7a\u011f\u0131r\u0131yor. Bilim, hayvanlar \u00e2lemi, yiyecekler, pop\u00fcler k\u00fclt\u00fcr, \u00e7\u0131lg\u0131n bulu\u015flar, iklim, co\u011frafya gibi ba\u015fl\u0131klar alt\u0131nda e\u011flence dolu bir genel k\u00fclt\u00fcr hazinesi. Hayvanlar, uzay, tuhaf yiyecekler, insan v\u00fccudu, hilkat garibeleri, robotlar ve daha bir s\u00fcr\u00fc konuda en acayip ger\u00e7ekleri \u00f6\u011frenin! Her sayfa, e\u011flenceli foto\u011fraflar ve \u00e7izimlerle dolu! <\/p>\n","protected":false},"excerpt":{"rendered":"<p>National Geographic Kids\u2019in d\u00fcnya \u00e7ap\u0131nda en sevilen yay\u0131nlar\u0131ndan biri olan, \u015fa\u015f\u0131rt\u0131c\u0131 ger\u00e7eklerle dolu Garip ama Ger\u00e7ek serisinin en sevilen klitaplar\u0131ndan Garip ama Ger\u00e7ek! 2 merakl\u0131 \u00e7ocuklar<span class=\"excerpt-hellip\"> [\u2026]<\/span><\/p>\n","protected":false},"featured_media":0,"template":"","meta":{"_monsterinsights_skip_tracking":false,"_monsterinsights_sitenote_active":false,"_monsterinsights_sitenote_note":"","_monsterinsights_sitenote_category":0},"product_brand":[],"product_cat":[13829,12274],"product_tag":[],"class_list":{"0":"post-691840","1":"product","2":"type-product","3":"status-publish","5":"product_cat-bilimsel-kitaplar","6":"product_cat-cocuk-ve-genclik-kitaplari","7":"pa_cilt-ciltsiz","8":"pa_tur-kitap","9":"pa_yayinevi-beta-kids","10":"pa_yazar-kollektif","12":"first","13":"instock","14":"sale","15":"shipping-taxable","16":"purchasable","17":"product-type-simple"},"_links":{"self":[{"href":"https:\/\/roveyayinevi.com.tr\/index.php\/wp-json\/wp\/v2\/product\/691840","targetHints":{"allow":["GET"]}}],"collection":[{"href":"https:\/\/roveyayinevi.com.tr\/index.php\/wp-json\/wp\/v2\/product"}],"about":[{"href":"https:\/\/roveyayinevi.com.tr\/index.php\/wp-json\/wp\/v2\/types\/product"}],"wp:attachment":[{"href":"https:\/\/roveyayinevi.com.tr\/index.php\/wp-json\/wp\/v2\/media?parent=691840"}],"wp:term":[{"taxonomy":"product_brand","embeddable":true,"href":"https:\/\/roveyayinevi.com.tr\/index.php\/wp-json\/wp\/v2\/product_brand?post=691840"},{"taxonomy":"product_cat","embeddable":true,"href":"https:\/\/roveyayinevi.com.tr\/index.php\/wp-json\/wp\/v2\/product_cat?post=691840"},{"taxonomy":"product_tag","embeddable":true,"href":"https:\/\/roveyayinevi.com.tr\/index.php\/wp-json\/wp\/v2\/product_tag?post=691840"}],"curies":[{"name":"wp","href":"https:\/\/api.w.org\/{rel}","templated":true}]}}