{"id":691810,"date":"2025-08-27T14:00:48","date_gmt":"2025-08-27T11:00:48","guid":{"rendered":"https:\/\/roveyayinevi.com.tr\/index.php\/urun\/insan-yavrusunun-psikolojik-dogumu\/"},"modified":"2026-04-16T02:02:02","modified_gmt":"2026-04-15T23:02:02","slug":"insan-yavrusunun-psikolojik-dogumu","status":"publish","type":"product","link":"https:\/\/roveyayinevi.com.tr\/index.php\/urun\/insan-yavrusunun-psikolojik-dogumu\/","title":{"rendered":"\u0130nsan Yavrusunun Psikolojik Do\u011fumu"},"content":{"rendered":"<p>Margaret Mahler, bozukluk g\u00f6steren ve normal \u00e7ocuklar\u0131n erken geli\u015fim d\u00f6nemi \u00fczerine yapt\u0131\u011f\u0131 keskin g\u00f6zlemleri ve terapi \u00e7al\u0131\u015fmalar\u0131yla \u00fcnlendi ilk kez. Klinik \u00e7al\u0131\u015fmalar\u0131n\u0131n kuramsal temellerini att\u0131\u011f\u0131 ve ayr\u0131lma-bireyle\u015fme, farkl\u0131la\u015fma ve yeniden yak\u0131nla\u015fma gibi terimlerine a\u00e7\u0131kl\u0131k getirdi\u011fi ilk yap\u0131t\u0131d\u0131r bu kitap: \u00c7ocu\u011fa, daha do\u011frusu &#8220;insan yavrusu&#8221;na bak\u0131\u015f\u0131 t\u00fcmden de\u011fi\u015ftirmi\u015f, insan davran\u0131\u015f\u0131 bilimine b\u00fcy\u00fck bir katk\u0131 sa\u011flam\u0131\u015f, psikanalitik kuram\u0131 da geli\u015fim konusundaki terminolojiyi de\u011fi\u015fterecek \u00f6l\u00e7\u00fcde etkilemi\u015ftir. \ufffc<\/p>\n","protected":false},"excerpt":{"rendered":"<p>Margaret Mahler, bozukluk g\u00f6steren ve normal \u00e7ocuklar\u0131n erken geli\u015fim d\u00f6nemi \u00fczerine yapt\u0131\u011f\u0131 keskin g\u00f6zlemleri ve terapi \u00e7al\u0131\u015fmalar\u0131yla \u00fcnlendi ilk kez. Klinik \u00e7al\u0131\u015fmalar\u0131n\u0131n kuramsal temellerini att\u0131\u011f\u0131 ve<span class=\"excerpt-hellip\"> [\u2026]<\/span><\/p>\n","protected":false},"featured_media":0,"template":"","meta":{"_monsterinsights_skip_tracking":false,"_monsterinsights_sitenote_active":false,"_monsterinsights_sitenote_note":"","_monsterinsights_sitenote_category":0},"product_brand":[],"product_cat":[12312,12304],"product_tag":[],"class_list":{"0":"post-691810","1":"product","2":"type-product","3":"status-publish","5":"product_cat-diger","6":"product_cat-tarih","7":"pa_cilt-ciltsiz","8":"pa_tur-kitap","9":"pa_yayinevi-metis-yayinlari","10":"pa_yazar-margaret-s-mahler-fred-pine-anni-bergman","12":"first","13":"instock","14":"sale","15":"shipping-taxable","16":"purchasable","17":"product-type-simple"},"_links":{"self":[{"href":"https:\/\/roveyayinevi.com.tr\/index.php\/wp-json\/wp\/v2\/product\/691810","targetHints":{"allow":["GET"]}}],"collection":[{"href":"https:\/\/roveyayinevi.com.tr\/index.php\/wp-json\/wp\/v2\/product"}],"about":[{"href":"https:\/\/roveyayinevi.com.tr\/index.php\/wp-json\/wp\/v2\/types\/product"}],"wp:attachment":[{"href":"https:\/\/roveyayinevi.com.tr\/index.php\/wp-json\/wp\/v2\/media?parent=691810"}],"wp:term":[{"taxonomy":"product_brand","embeddable":true,"href":"https:\/\/roveyayinevi.com.tr\/index.php\/wp-json\/wp\/v2\/product_brand?post=691810"},{"taxonomy":"product_cat","embeddable":true,"href":"https:\/\/roveyayinevi.com.tr\/index.php\/wp-json\/wp\/v2\/product_cat?post=691810"},{"taxonomy":"product_tag","embeddable":true,"href":"https:\/\/roveyayinevi.com.tr\/index.php\/wp-json\/wp\/v2\/product_tag?post=691810"}],"curies":[{"name":"wp","href":"https:\/\/api.w.org\/{rel}","templated":true}]}}

İnsan Yavrusunun Psikolojik Doğumu

<p>Margaret Mahler, bozukluk gösteren ve normal çocukların erken gelişim dönemi üzerine yaptığı keskin gözlemleri ve terapi çalışmalarıyla ünlendi ilk kez. Klinik çalışmalarının kuramsal temellerini attığı ve ayrılma-bireyleşme, farklılaşma ve yeniden yakınlaşma gibi terimlerine açıklık getirdiği ilk yapıtıdır bu kitap: Çocuğa, daha doğrusu &#8220;insan yavrusu&#8221;na bakışı tümden değiştirmiş, insan davranışı bilimine büyük bir katkı sağlamış, psikanalitik kuramı da gelişim konusundaki terminolojiyi değişterecek ölçüde etkilemiştir. ￼</p>

<p>Margaret Mahler, bozukluk gösteren ve normal çocukların erken gelişim dönemi üzerine yaptığı keskin gözlemleri ve terapi çalışmalarıyla ünlendi ilk kez. Klinik çalışmalarının kuramsal temellerini attığı ve<span class="excerpt-hellip"> […]</span></p>
