{"id":691803,"date":"2025-08-27T14:00:47","date_gmt":"2025-08-27T11:00:47","guid":{"rendered":"https:\/\/roveyayinevi.com.tr\/index.php\/urun\/erkeklik-imkansiz-iktidar\/"},"modified":"2026-01-20T02:03:52","modified_gmt":"2026-01-19T23:03:52","slug":"erkeklik-imkansiz-iktidar","status":"publish","type":"product","link":"https:\/\/roveyayinevi.com.tr\/index.php\/urun\/erkeklik-imkansiz-iktidar\/","title":{"rendered":"Erkeklik: \u0130mkans\u0131z \u0130ktidar"},"content":{"rendered":"<p>Erkek egemen toplumda hangi erkekler egemendir? B\u00fct\u00fcn erkekler bu erkek egemen d\u00fczenden memnun mudur? Reddeden, ba\u015far\u0131s\u0131z olan, farkl\u0131 olan erkekler ne yapar? Erkekleri de\u011fi\u015ftiren, bozan durumlar nelerdir? Gen\u00e7, ya\u015fl\u0131, kentli, k\u00f6yl\u00fc, evli, bek\u00e2r, bo\u015fanm\u0131\u015f, Alevi, S\u00fcnni, T\u00fcrk, K\u00fcrt, \u00e7ocuklu, \u00e7ocuksuz, sa\u011fc\u0131, solcu, dindar, ateist, heteroseks\u00fcel, gay, zengin ya da yoksul &#8211; birbirlerinden \u00e7ok farkl\u0131 bu erkekler iktidar, namus, \u015feref, vatan, i\u015f, ticaret, politika, sa\u011fl\u0131k, aile, evlilik, kad\u0131nlar, \u00e7ocuklar vb. konularda ne d\u00fc\u015f\u00fcn\u00fcyor, kendilerine ve toplumdaki yerlerine nas\u0131l bak\u0131yorlar? Erkeklik bug\u00fcne kadar, hakk\u0131nda \u00e7ok konu\u015fulan, ama politik, ideolojik ve akademik olarak fazla incelenmemi\u015f bir alan oldu. Serpil Sancar ara\u015ft\u0131rmas\u0131nda T\u00fcrkiye\u2019deki farkl\u0131 erkeklik deneyimlerini ele al\u0131yor: De\u011fi\u015fik sosyal kesimlerden, farkl\u0131 ya\u015fam deneyimlerine sahip erkeklerle yap\u0131lan y\u00fcz y\u00fcze g\u00f6r\u00fc\u015fmelerden hareketle, farkl\u0131 erkekliklerin nas\u0131l in\u015fa edildi\u011fine cevap ar\u0131yor. Erkeklik: \u0130mk\u00e2ns\u0131z \u0130ktidar, T\u00fcrkiye\u2019de erkeklik deneyimleri ile toplumsal iktidar ili\u015fkilerinin i\u00e7 i\u00e7e ge\u00e7ti\u011fi rotalar\u0131, alanlar\u0131 ve tarzlar\u0131 g\u00f6rmeye \u00e7al\u0131\u015fan, ka\u00e7\u0131n\u0131lmaz oldu\u011fu iddia edilen ili\u015fkilerin do\u011fas\u0131n\u0131 ke\u015ffetmeyi ama\u00e7layan bir kitap. \ufffcTan\u0131t\u0131m Metni<\/p>\n","protected":false},"excerpt":{"rendered":"<p>Erkek egemen toplumda hangi erkekler egemendir? B\u00fct\u00fcn erkekler bu erkek egemen d\u00fczenden memnun mudur? Reddeden, ba\u015far\u0131s\u0131z olan, farkl\u0131 olan erkekler ne yapar? Erkekleri de\u011fi\u015ftiren, bozan durumlar<span class=\"excerpt-hellip\"> [\u2026]<\/span><\/p>\n","protected":false},"featured_media":0,"template":"","meta":{"_monsterinsights_skip_tracking":false,"_monsterinsights_sitenote_active":false,"_monsterinsights_sitenote_note":"","_monsterinsights_sitenote_category":0},"product_brand":[],"product_cat":[13488],"product_tag":[],"class_list":{"0":"post-691803","1":"product","2":"type-product","3":"status-publish","5":"product_cat-toplum-ve-insan","6":"pa_cilt-ciltsiz","7":"pa_tur-kitap","8":"pa_yayinevi-metis-yayinlari","9":"pa_yazar-serpil-sancar","11":"first","12":"instock","13":"sale","14":"shipping-taxable","15":"purchasable","16":"product-type-simple"},"_links":{"self":[{"href":"https:\/\/roveyayinevi.com.tr\/index.php\/wp-json\/wp\/v2\/product\/691803","targetHints":{"allow":["GET"]}}],"collection":[{"href":"https:\/\/roveyayinevi.com.tr\/index.php\/wp-json\/wp\/v2\/product"}],"about":[{"href":"https:\/\/roveyayinevi.com.tr\/index.php\/wp-json\/wp\/v2\/types\/product"}],"wp:attachment":[{"href":"https:\/\/roveyayinevi.com.tr\/index.php\/wp-json\/wp\/v2\/media?parent=691803"}],"wp:term":[{"taxonomy":"product_brand","embeddable":true,"href":"https:\/\/roveyayinevi.com.tr\/index.php\/wp-json\/wp\/v2\/product_brand?post=691803"},{"taxonomy":"product_cat","embeddable":true,"href":"https:\/\/roveyayinevi.com.tr\/index.php\/wp-json\/wp\/v2\/product_cat?post=691803"},{"taxonomy":"product_tag","embeddable":true,"href":"https:\/\/roveyayinevi.com.tr\/index.php\/wp-json\/wp\/v2\/product_tag?post=691803"}],"curies":[{"name":"wp","href":"https:\/\/api.w.org\/{rel}","templated":true}]}}