{"id":691790,"date":"2025-08-27T14:00:44","date_gmt":"2025-08-27T11:00:44","guid":{"rendered":"https:\/\/roveyayinevi.com.tr\/index.php\/urun\/yuzuklerin-efendisi-tek-cilt-ozel-basim\/"},"modified":"2026-04-16T02:02:01","modified_gmt":"2026-04-15T23:02:01","slug":"yuzuklerin-efendisi-tek-cilt-ozel-basim","status":"publish","type":"product","link":"https:\/\/roveyayinevi.com.tr\/index.php\/urun\/yuzuklerin-efendisi-tek-cilt-ozel-basim\/","title":{"rendered":"Y\u00fcz\u00fcklerin Efendisi &#8211; Tek Cilt \u00d6zel Bas\u0131m"},"content":{"rendered":"<p>D\u00fcnya ikiye b\u00f6l\u00fcnm\u00fc\u015ft\u00fcr, denir Tolkien\u2019\u0131n yap\u0131t\u0131 s\u00f6z konusu oldu\u011funda: Y\u00fcz\u00fcklerin Efendisi\u2019ni okumu\u015f olanlar ve okuyacak olanlar. 1997 ile birlikte, \u00e7ok say\u0131da T\u00fcrkiyeli okur da okumu\u015f olanlar saf\u0131na ge\u00e7me f\u0131rsat\u0131 buldu. Kitab\u0131n T\u00fcrk\u00e7e bas\u0131m\u0131 Y\u00fcz\u00fcklerin Efendisi\u2019ne duyulan ilginin evrenselli\u011fini kan\u0131tlad\u0131. Yap\u0131t\u0131n bu ba\u015far\u0131s\u0131n\u0131 ta\u00e7land\u0131rmak i\u00e7in \u00fc\u00e7 k\u0131sm\u0131 bir araya getiren bu \u00f6zel, tek cilt edisyonu sunuyoruz. Hem h\u00e2l\u00e2 okumam\u0131\u015f, okuyacak olanlar i\u00e7in, hem de bu g\u00fczel kitab\u0131n k\u00fct\u00fcphanenizde gelecek ku\u015faklara devrolacak kadar kal\u0131c\u0131 olmas\u0131 i\u00e7in&#8230; Y\u00fcz\u00fcklerin Efendisi yirminci y\u00fczy\u0131l\u0131n en \u00e7ok okunan y\u00fcz kitab\u0131 aras\u0131nda en ba\u015fta geliyor; bilimkurgu, fantazi, polisiye, best-seller ya da ana ak\u0131m demeden, t\u00fcm edebiyat t\u00fcrleri aras\u0131nda tart\u0131\u015fmas\u0131z bir \u00f6nderli\u011fe sahip. Bir a\u00e7\u0131dan bakarsan\u0131z bir fantazi roman\u0131, ba\u015fka bir a\u00e7\u0131dan bakt\u0131\u011f\u0131n\u0131zda, insanl\u0131k durumu, sorumluluk, iktidar ve sava\u015f \u00fczerine bir roman. bir yolculuk, bir b\u00fcy\u00fcme \u00f6yk\u00fcs\u00fc; fedakarl\u0131k ve dostluk \u00fczerine, h\u0131rs ve ihanet \u00fczerine bir roman. \ufffcTan\u0131t\u0131m Metni<\/p>\n","protected":false},"excerpt":{"rendered":"<p>D\u00fcnya ikiye b\u00f6l\u00fcnm\u00fc\u015ft\u00fcr, denir Tolkien\u2019\u0131n yap\u0131t\u0131 s\u00f6z konusu oldu\u011funda: Y\u00fcz\u00fcklerin Efendisi\u2019ni okumu\u015f olanlar ve okuyacak olanlar. 1997 ile birlikte, \u00e7ok say\u0131da T\u00fcrkiyeli okur da okumu\u015f olanlar<span class=\"excerpt-hellip\"> [\u2026]<\/span><\/p>\n","protected":false},"featured_media":0,"template":"","meta":{"_monsterinsights_skip_tracking":false,"_monsterinsights_sitenote_active":false,"_monsterinsights_sitenote_note":"","_monsterinsights_sitenote_category":0},"product_brand":[],"product_cat":[12291,12866],"product_tag":[],"class_list":{"0":"post-691790","1":"product","2":"type-product","3":"status-publish","5":"product_cat-edebiyat","6":"product_cat-ingiliz-edebiyati","7":"pa_cilt-ciltli","8":"pa_tur-kitap","9":"pa_yayinevi-metis-yayinlari","10":"pa_yazar-j-r-r-tolkien","12":"first","13":"instock","14":"sale","15":"shipping-taxable","16":"purchasable","17":"product-type-simple"},"_links":{"self":[{"href":"https:\/\/roveyayinevi.com.tr\/index.php\/wp-json\/wp\/v2\/product\/691790","targetHints":{"allow":["GET"]}}],"collection":[{"href":"https:\/\/roveyayinevi.com.tr\/index.php\/wp-json\/wp\/v2\/product"}],"about":[{"href":"https:\/\/roveyayinevi.com.tr\/index.php\/wp-json\/wp\/v2\/types\/product"}],"wp:attachment":[{"href":"https:\/\/roveyayinevi.com.tr\/index.php\/wp-json\/wp\/v2\/media?parent=691790"}],"wp:term":[{"taxonomy":"product_brand","embeddable":true,"href":"https:\/\/roveyayinevi.com.tr\/index.php\/wp-json\/wp\/v2\/product_brand?post=691790"},{"taxonomy":"product_cat","embeddable":true,"href":"https:\/\/roveyayinevi.com.tr\/index.php\/wp-json\/wp\/v2\/product_cat?post=691790"},{"taxonomy":"product_tag","embeddable":true,"href":"https:\/\/roveyayinevi.com.tr\/index.php\/wp-json\/wp\/v2\/product_tag?post=691790"}],"curies":[{"name":"wp","href":"https:\/\/api.w.org\/{rel}","templated":true}]}}