{"id":691754,"date":"2025-08-27T14:00:37","date_gmt":"2025-08-27T11:00:37","guid":{"rendered":"https:\/\/roveyayinevi.com.tr\/index.php\/urun\/hasretinden-prangalar-eskittim\/"},"modified":"2026-04-16T02:02:00","modified_gmt":"2026-04-15T23:02:00","slug":"hasretinden-prangalar-eskittim","status":"publish","type":"product","link":"https:\/\/roveyayinevi.com.tr\/index.php\/urun\/hasretinden-prangalar-eskittim\/","title":{"rendered":"Hasretinden Prangalar Eskittim"},"content":{"rendered":"<p>Hasretinden Prangalar Eskittim, ilk kez 1968 y\u0131l\u0131nda yay\u0131mland\u0131. O tarihten g\u00fcn\u00fcm\u00fcze defalarca bask\u0131 yapt\u0131. Birbirini takip eden birka\u00e7 ku\u015fak sosyalist ve devrimcinin ellerinde, s\u00f6zlerinde ve \u015fark\u0131lar\u0131ndayd\u0131. Bir\u00e7ok ki\u015finin ac\u0131 tatl\u0131 hat\u0131ralar\u0131nda unutulmaz, \u00f6zel bir yeri oldu. Ahmed Arif \u015fiirleri bizce, hem \u015fairin kendi ku\u015fa\u011f\u0131n\u0131n hem de ard\u0131ndan 68-78 ku\u015faklar\u0131n\u0131n memleket ve halk sevgisini, isyanc\u0131 ruhunu ve ba\u015fkald\u0131r\u0131 eti\u011fini simgeliyor. Kitab\u0131n bu 40. y\u0131l \u00f6zel bas\u0131m\u0131yla Ahmed Arif\u2019in dizeleriyle, eski ku\u015faklara bir k\u0131rm\u0131z\u0131 karanfil vermek istedik. Daha da \u00f6nemlisi, g\u00f6zlerden silinmeye \u00e7al\u0131\u015f\u0131ld\u0131klar\u0131 bu \u00e7a\u011fda, bu fikirleri ve de\u011ferleri gen\u00e7 okurlara ta\u015f\u0131mak, hat\u0131rlatmak istedik.<\/p>\n","protected":false},"excerpt":{"rendered":"<p>Hasretinden Prangalar Eskittim, ilk kez 1968 y\u0131l\u0131nda yay\u0131mland\u0131. O tarihten g\u00fcn\u00fcm\u00fcze defalarca bask\u0131 yapt\u0131. Birbirini takip eden birka\u00e7 ku\u015fak sosyalist ve devrimcinin ellerinde, s\u00f6zlerinde ve \u015fark\u0131lar\u0131ndayd\u0131.<span class=\"excerpt-hellip\"> [\u2026]<\/span><\/p>\n","protected":false},"featured_media":0,"template":"","meta":{"_monsterinsights_skip_tracking":false,"_monsterinsights_sitenote_active":false,"_monsterinsights_sitenote_note":"","_monsterinsights_sitenote_category":0},"product_brand":[],"product_cat":[12291,12509],"product_tag":[],"class_list":{"0":"post-691754","1":"product","2":"type-product","3":"status-publish","5":"product_cat-edebiyat","6":"product_cat-siir","7":"pa_cilt-ciltsiz","8":"pa_tur-kitap","9":"pa_yayinevi-metis-yayinlari","10":"pa_yazar-ahmed-arif","12":"first","13":"instock","14":"sale","15":"shipping-taxable","16":"purchasable","17":"product-type-simple"},"_links":{"self":[{"href":"https:\/\/roveyayinevi.com.tr\/index.php\/wp-json\/wp\/v2\/product\/691754","targetHints":{"allow":["GET"]}}],"collection":[{"href":"https:\/\/roveyayinevi.com.tr\/index.php\/wp-json\/wp\/v2\/product"}],"about":[{"href":"https:\/\/roveyayinevi.com.tr\/index.php\/wp-json\/wp\/v2\/types\/product"}],"wp:attachment":[{"href":"https:\/\/roveyayinevi.com.tr\/index.php\/wp-json\/wp\/v2\/media?parent=691754"}],"wp:term":[{"taxonomy":"product_brand","embeddable":true,"href":"https:\/\/roveyayinevi.com.tr\/index.php\/wp-json\/wp\/v2\/product_brand?post=691754"},{"taxonomy":"product_cat","embeddable":true,"href":"https:\/\/roveyayinevi.com.tr\/index.php\/wp-json\/wp\/v2\/product_cat?post=691754"},{"taxonomy":"product_tag","embeddable":true,"href":"https:\/\/roveyayinevi.com.tr\/index.php\/wp-json\/wp\/v2\/product_tag?post=691754"}],"curies":[{"name":"wp","href":"https:\/\/api.w.org\/{rel}","templated":true}]}}