{"id":691750,"date":"2025-08-27T14:00:36","date_gmt":"2025-08-27T11:00:36","guid":{"rendered":"https:\/\/roveyayinevi.com.tr\/index.php\/urun\/hayat\/"},"modified":"2026-04-16T02:02:00","modified_gmt":"2026-04-15T23:02:00","slug":"hayat","status":"publish","type":"product","link":"https:\/\/roveyayinevi.com.tr\/index.php\/urun\/hayat\/","title":{"rendered":"Hayat"},"content":{"rendered":"<p>B\u00fcy\u00fck kent insan\u0131n\u0131n s\u0131k kulland\u0131\u011f\u0131 uyu\u015fturuculardan biri de h\u0131z. Ayn\u0131 \u015fey, tela\u015fs\u0131z da ayn\u0131 s\u00fcrede yap\u0131labilir, \u00fcstelik yap\u0131lacak \u015feye ayr\u0131lan zaman ve enerjinin bir b\u00f6l\u00fcm\u00fc seferberlik s\u0131ras\u0131nda t\u00fcketilmeden. Ama h\u0131z, insan\u0131n i\u00e7indeki bo\u015flukla y\u00fczle\u015fmemesi i\u00e7in \u00e7a\u011fda\u015f normlar\u0131n da peki\u015ftirdi\u011fi ve uyu\u015fturucu niteli\u011fi kazand\u0131\u011f\u0131nda yava\u015flat\u0131lmas\u0131 zor bir ara\u00e7. \u2018Ya\u015fam\u0131n amac\u0131 \u00f6l\u00fcmd\u00fcr\u2019 ilkesi do\u011frultusunda, her an\u0131, asl\u0131nda ne oldu\u011fu da pek tan\u0131mlanmam\u0131\u015f bir sona bir an \u00f6nce ula\u015fmak istercesine ya\u015famak. \u00d6l\u00e7\u00fclen zaman\u0131n egemenli\u011fi, benli\u011fimize mal etti\u011fimiz \u00e7alar saatlerden \u00f6t\u00fcr\u00fc ilk bak\u0131\u015fta bize ba\u015f edilmez g\u00f6r\u00fcnebilir. Ancak ya\u015fant\u0131lar\u0131m\u0131za dikkatle bak\u0131ld\u0131\u011f\u0131nda, pek \u00e7ok \u015feyi, saati ayarlam\u0131\u015f oldu\u011fumuz zamanda de\u011fil de \u2018e\u015fref saati\u2019 geldi\u011finde ger\u00e7ekle\u015ftirebildi\u011fimizi g\u00f6rebiliriz. Trafik \u0131\u015f\u0131\u011f\u0131 k\u0131rm\u0131z\u0131ya d\u00f6n\u00fc\u015fmeden \u00f6nce yeti\u015febilmek i\u00e7in seferberlik durumuna ge\u00e7ti\u011finizde ya da asans\u00f6r\u00fcn gelmesini bekleyemeden merdivene y\u00f6neldi\u011finizde kazand\u0131\u011f\u0131n\u0131z saniyelerin neden sizden daha de\u011ferli oldu\u011fu sorusunu hi\u00e7 kendinize sordunuz mu? &#8211; Engin Ge\u00e7tan- \ufffcTan\u0131t\u0131m Metni<\/p>\n","protected":false},"excerpt":{"rendered":"<p>B\u00fcy\u00fck kent insan\u0131n\u0131n s\u0131k kulland\u0131\u011f\u0131 uyu\u015fturuculardan biri de h\u0131z. Ayn\u0131 \u015fey, tela\u015fs\u0131z da ayn\u0131 s\u00fcrede yap\u0131labilir, \u00fcstelik yap\u0131lacak \u015feye ayr\u0131lan zaman ve enerjinin bir b\u00f6l\u00fcm\u00fc seferberlik<span class=\"excerpt-hellip\"> [\u2026]<\/span><\/p>\n","protected":false},"featured_media":0,"template":"","meta":{"_monsterinsights_skip_tracking":false,"_monsterinsights_sitenote_active":false,"_monsterinsights_sitenote_note":"","_monsterinsights_sitenote_category":0},"product_brand":[],"product_cat":[12358,12357],"product_tag":[],"class_list":{"0":"post-691750","1":"product","2":"type-product","3":"status-publish","5":"product_cat-genel-psikoloji","6":"product_cat-psikoloji","7":"pa_cilt-ciltsiz","8":"pa_tur-kitap","9":"pa_yayinevi-metis-yayinlari","10":"pa_yazar-engin-gectan","12":"first","13":"instock","14":"sale","15":"shipping-taxable","16":"purchasable","17":"product-type-simple"},"_links":{"self":[{"href":"https:\/\/roveyayinevi.com.tr\/index.php\/wp-json\/wp\/v2\/product\/691750","targetHints":{"allow":["GET"]}}],"collection":[{"href":"https:\/\/roveyayinevi.com.tr\/index.php\/wp-json\/wp\/v2\/product"}],"about":[{"href":"https:\/\/roveyayinevi.com.tr\/index.php\/wp-json\/wp\/v2\/types\/product"}],"wp:attachment":[{"href":"https:\/\/roveyayinevi.com.tr\/index.php\/wp-json\/wp\/v2\/media?parent=691750"}],"wp:term":[{"taxonomy":"product_brand","embeddable":true,"href":"https:\/\/roveyayinevi.com.tr\/index.php\/wp-json\/wp\/v2\/product_brand?post=691750"},{"taxonomy":"product_cat","embeddable":true,"href":"https:\/\/roveyayinevi.com.tr\/index.php\/wp-json\/wp\/v2\/product_cat?post=691750"},{"taxonomy":"product_tag","embeddable":true,"href":"https:\/\/roveyayinevi.com.tr\/index.php\/wp-json\/wp\/v2\/product_tag?post=691750"}],"curies":[{"name":"wp","href":"https:\/\/api.w.org\/{rel}","templated":true}]}}