{"id":691748,"date":"2025-08-27T14:00:36","date_gmt":"2025-08-27T11:00:36","guid":{"rendered":"https:\/\/roveyayinevi.com.tr\/index.php\/urun\/gulliver-cuceler-ulkesinde\/"},"modified":"2026-04-16T02:02:00","modified_gmt":"2026-04-15T23:02:00","slug":"gulliver-cuceler-ulkesinde","status":"publish","type":"product","link":"https:\/\/roveyayinevi.com.tr\/index.php\/urun\/gulliver-cuceler-ulkesinde\/","title":{"rendered":"Gulliver C\u00fcceler \u00dclkesinde"},"content":{"rendered":"<p>Gulliver, k\u00fc\u00e7\u00fckler i\u00e7in yaz\u0131lm\u0131\u015f olmas\u0131na kar\u015f\u0131n b\u00fcy\u00fcklerin de be\u011feniyle okuduklar\u0131 en \u00fcnl\u00fc kitaplar\u0131n ba\u015f\u0131nda gelir. Oldu olas\u0131 boyundan b\u00fcy\u00fck d\u00fc\u015fler pe\u015finde ko\u015fan insan\u0131n ser\u00fcveni hi\u00e7bir kitapta b\u00f6ylesine e\u011flendirici ve i\u011fneleyici dille anlat\u0131lmam\u0131\u015ft\u0131r. <\/p>\n","protected":false},"excerpt":{"rendered":"<p>Gulliver, k\u00fc\u00e7\u00fckler i\u00e7in yaz\u0131lm\u0131\u015f olmas\u0131na kar\u015f\u0131n b\u00fcy\u00fcklerin de be\u011feniyle okuduklar\u0131 en \u00fcnl\u00fc kitaplar\u0131n ba\u015f\u0131nda gelir. Oldu olas\u0131 boyundan b\u00fcy\u00fck d\u00fc\u015fler pe\u015finde ko\u015fan insan\u0131n ser\u00fcveni hi\u00e7bir kitapta<span class=\"excerpt-hellip\"> [\u2026]<\/span><\/p>\n","protected":false},"featured_media":0,"template":"","meta":{"_monsterinsights_skip_tracking":false,"_monsterinsights_sitenote_active":false,"_monsterinsights_sitenote_note":"","_monsterinsights_sitenote_category":0},"product_brand":[],"product_cat":[12274,12284],"product_tag":[],"class_list":{"0":"post-691748","1":"product","2":"type-product","3":"status-publish","5":"product_cat-cocuk-ve-genclik-kitaplari","6":"product_cat-hikayeler","7":"pa_tur-kitap","8":"pa_yayinevi-oda-yayinlari","9":"pa_yazar-jonathan-swift","11":"first","12":"instock","13":"sale","14":"shipping-taxable","15":"purchasable","16":"product-type-simple"},"_links":{"self":[{"href":"https:\/\/roveyayinevi.com.tr\/index.php\/wp-json\/wp\/v2\/product\/691748","targetHints":{"allow":["GET"]}}],"collection":[{"href":"https:\/\/roveyayinevi.com.tr\/index.php\/wp-json\/wp\/v2\/product"}],"about":[{"href":"https:\/\/roveyayinevi.com.tr\/index.php\/wp-json\/wp\/v2\/types\/product"}],"wp:attachment":[{"href":"https:\/\/roveyayinevi.com.tr\/index.php\/wp-json\/wp\/v2\/media?parent=691748"}],"wp:term":[{"taxonomy":"product_brand","embeddable":true,"href":"https:\/\/roveyayinevi.com.tr\/index.php\/wp-json\/wp\/v2\/product_brand?post=691748"},{"taxonomy":"product_cat","embeddable":true,"href":"https:\/\/roveyayinevi.com.tr\/index.php\/wp-json\/wp\/v2\/product_cat?post=691748"},{"taxonomy":"product_tag","embeddable":true,"href":"https:\/\/roveyayinevi.com.tr\/index.php\/wp-json\/wp\/v2\/product_tag?post=691748"}],"curies":[{"name":"wp","href":"https:\/\/api.w.org\/{rel}","templated":true}]}}