{"id":691745,"date":"2025-08-27T14:00:35","date_gmt":"2025-08-27T11:00:35","guid":{"rendered":"https:\/\/roveyayinevi.com.tr\/index.php\/urun\/gunumuzde-psikoterapi\/"},"modified":"2026-04-16T02:02:00","modified_gmt":"2026-04-15T23:02:00","slug":"gunumuzde-psikoterapi","status":"publish","type":"product","link":"https:\/\/roveyayinevi.com.tr\/index.php\/urun\/gunumuzde-psikoterapi\/","title":{"rendered":"G\u00fcn\u00fcm\u00fczde Psikoterapi"},"content":{"rendered":"<p>Psikanalizden t\u00fcreyen psikoterapiler, insanl\u0131\u011f\u0131n umutsuzluk ve kayg\u0131yla m\u00fccadelesinde \u00f6nemli bir a\u015famay\u0131 temsil eder. Di\u011fer yandan yirminci y\u00fczy\u0131l boyunca psikoterapi tekniklerinde b\u00fcy\u00fck bir \u00e7e\u015fitlilik ortaya \u00e7\u0131km\u0131\u015ft\u0131r. Bu konudaki T\u00fcrk\u00e7e kaynaklar\u0131n s\u0131n\u0131rl\u0131\u011f\u0131n\u0131 g\u00f6z\u00f6n\u00fcne alan psikiyatr Saffet Murat Tura, \u00f6zellikle s\u0131n\u0131r durumlar ve narsisizm konular\u0131 \u00e7er\u00e7evesinden ge\u00e7en ba\u015fl\u0131ca tart\u0131\u015fmalar\u0131 \u00f6zetleyerek temel ve g\u00fcvenilir bir bilgi aktarmay\u0131 ama\u00e7l\u0131yor. <\/p>\n","protected":false},"excerpt":{"rendered":"<p>Psikanalizden t\u00fcreyen psikoterapiler, insanl\u0131\u011f\u0131n umutsuzluk ve kayg\u0131yla m\u00fccadelesinde \u00f6nemli bir a\u015famay\u0131 temsil eder. Di\u011fer yandan yirminci y\u00fczy\u0131l boyunca psikoterapi tekniklerinde b\u00fcy\u00fck bir \u00e7e\u015fitlilik ortaya \u00e7\u0131km\u0131\u015ft\u0131r. Bu<span class=\"excerpt-hellip\"> [\u2026]<\/span><\/p>\n","protected":false},"featured_media":0,"template":"","meta":{"_monsterinsights_skip_tracking":false,"_monsterinsights_sitenote_active":false,"_monsterinsights_sitenote_note":"","_monsterinsights_sitenote_category":0},"product_brand":[],"product_cat":[12312,12304],"product_tag":[],"class_list":{"0":"post-691745","1":"product","2":"type-product","3":"status-publish","5":"product_cat-diger","6":"product_cat-tarih","7":"pa_cilt-ciltsiz","8":"pa_tur-kitap","9":"pa_yayinevi-metis-yayinlari","10":"pa_yazar-saffet-murat-tura","12":"first","13":"instock","14":"sale","15":"shipping-taxable","16":"purchasable","17":"product-type-simple"},"_links":{"self":[{"href":"https:\/\/roveyayinevi.com.tr\/index.php\/wp-json\/wp\/v2\/product\/691745","targetHints":{"allow":["GET"]}}],"collection":[{"href":"https:\/\/roveyayinevi.com.tr\/index.php\/wp-json\/wp\/v2\/product"}],"about":[{"href":"https:\/\/roveyayinevi.com.tr\/index.php\/wp-json\/wp\/v2\/types\/product"}],"wp:attachment":[{"href":"https:\/\/roveyayinevi.com.tr\/index.php\/wp-json\/wp\/v2\/media?parent=691745"}],"wp:term":[{"taxonomy":"product_brand","embeddable":true,"href":"https:\/\/roveyayinevi.com.tr\/index.php\/wp-json\/wp\/v2\/product_brand?post=691745"},{"taxonomy":"product_cat","embeddable":true,"href":"https:\/\/roveyayinevi.com.tr\/index.php\/wp-json\/wp\/v2\/product_cat?post=691745"},{"taxonomy":"product_tag","embeddable":true,"href":"https:\/\/roveyayinevi.com.tr\/index.php\/wp-json\/wp\/v2\/product_tag?post=691745"}],"curies":[{"name":"wp","href":"https:\/\/api.w.org\/{rel}","templated":true}]}}