{"id":691743,"date":"2025-08-27T14:00:35","date_gmt":"2025-08-27T11:00:35","guid":{"rendered":"https:\/\/roveyayinevi.com.tr\/index.php\/urun\/gecekondu-gezegeni\/"},"modified":"2026-04-16T02:02:00","modified_gmt":"2026-04-15T23:02:00","slug":"gecekondu-gezegeni","status":"publish","type":"product","link":"https:\/\/roveyayinevi.com.tr\/index.php\/urun\/gecekondu-gezegeni\/","title":{"rendered":"Gecekondu Gezegeni"},"content":{"rendered":"<p>Gecekondu Gezegeni, \u00dc\u00e7\u00fcnc\u00fc D\u00fcnya \u00fclkelerinin kentsel b\u00f6lgelerinde halen bir milyar insan\u0131n ya\u015famakta oldu\u011fu gecekondu mahallelerinin tarihini ve bug\u00fcn\u00fcn\u00fc analiz ediyor. Davis, yoksullar\u0131n Mumbai, Kahire, \u0130stanbul, Sao Paulo, Seul gibi onlarca megakentte verdi\u011fi hayatta kalma m\u00fccadesini betimlerken \u00e7ok \u00f6nemli bir dizi tespitte bulunuyor. Davis\u2019e g\u00f6re IMF ile D\u00fcnya Bankas\u0131\u2019n\u0131n k\u0131skac\u0131ndaki devletlerin bu devasa sorunu \u00e7\u00f6zmek i\u00e7in geli\u015ftirdi\u011fi \u00f6nlemler yoksullar\u0131n de\u011fil orta s\u0131n\u0131f\u0131n i\u015fine yar\u0131yor. Her y\u0131l y\u00fczbinlerce yoksul ya\u015fad\u0131klar\u0131 mahallelerden zorla tahliye edilirken, bo\u015faltt\u0131klar\u0131 yerlere orta s\u0131n\u0131f yerle\u015fiyor. \ufffcTan\u0131t\u0131m Metni<\/p>\n","protected":false},"excerpt":{"rendered":"<p>Gecekondu Gezegeni, \u00dc\u00e7\u00fcnc\u00fc D\u00fcnya \u00fclkelerinin kentsel b\u00f6lgelerinde halen bir milyar insan\u0131n ya\u015famakta oldu\u011fu gecekondu mahallelerinin tarihini ve bug\u00fcn\u00fcn\u00fc analiz ediyor. Davis, yoksullar\u0131n Mumbai, Kahire, \u0130stanbul, Sao<span class=\"excerpt-hellip\"> [\u2026]<\/span><\/p>\n","protected":false},"featured_media":0,"template":"","meta":{"_monsterinsights_skip_tracking":false,"_monsterinsights_sitenote_active":false,"_monsterinsights_sitenote_note":"","_monsterinsights_sitenote_category":0},"product_brand":[],"product_cat":[12312,12304],"product_tag":[],"class_list":{"0":"post-691743","1":"product","2":"type-product","3":"status-publish","5":"product_cat-diger","6":"product_cat-tarih","7":"pa_cilt-ciltsiz","8":"pa_tur-kitap","9":"pa_yayinevi-metis-yayinlari","10":"pa_yazar-mike-davis","12":"first","13":"instock","14":"sale","15":"shipping-taxable","16":"purchasable","17":"product-type-simple"},"_links":{"self":[{"href":"https:\/\/roveyayinevi.com.tr\/index.php\/wp-json\/wp\/v2\/product\/691743","targetHints":{"allow":["GET"]}}],"collection":[{"href":"https:\/\/roveyayinevi.com.tr\/index.php\/wp-json\/wp\/v2\/product"}],"about":[{"href":"https:\/\/roveyayinevi.com.tr\/index.php\/wp-json\/wp\/v2\/types\/product"}],"wp:attachment":[{"href":"https:\/\/roveyayinevi.com.tr\/index.php\/wp-json\/wp\/v2\/media?parent=691743"}],"wp:term":[{"taxonomy":"product_brand","embeddable":true,"href":"https:\/\/roveyayinevi.com.tr\/index.php\/wp-json\/wp\/v2\/product_brand?post=691743"},{"taxonomy":"product_cat","embeddable":true,"href":"https:\/\/roveyayinevi.com.tr\/index.php\/wp-json\/wp\/v2\/product_cat?post=691743"},{"taxonomy":"product_tag","embeddable":true,"href":"https:\/\/roveyayinevi.com.tr\/index.php\/wp-json\/wp\/v2\/product_tag?post=691743"}],"curies":[{"name":"wp","href":"https:\/\/api.w.org\/{rel}","templated":true}]}}