{"id":691722,"date":"2025-08-27T14:00:31","date_gmt":"2025-08-27T11:00:31","guid":{"rendered":"https:\/\/roveyayinevi.com.tr\/index.php\/urun\/gece-kitabi\/"},"modified":"2026-04-16T02:00:58","modified_gmt":"2026-04-15T23:00:58","slug":"gece-kitabi","status":"publish","type":"product","link":"https:\/\/roveyayinevi.com.tr\/index.php\/urun\/gece-kitabi\/","title":{"rendered":"Gece Kitab\u0131"},"content":{"rendered":"<p>\u00c7izer Tuncer Erdem, Bilge Karasu&#8217;nun T\u00fcrk\u00e7e edebiyat\u0131n en \u00f6nemli metinlerinden biri olan Gece&#8217;sinin ba\u015flang\u0131\u00e7 b\u00f6l\u00fcmlerini resimledi. Kitap bir yandan Erdem&#8217;in Gece metniyle kurdu\u011fu \u00f6zel ili\u015fkiyi g\u00f6sterirken, bir yandan da hepimizin okurken nas\u0131l resimleyerek, g\u00f6rselle\u015ftirerek d\u00fc\u015f\u00fcnd\u00fc\u011f\u00fcm\u00fcz\u00fc hat\u0131rlatan deneysel bir \u00e7al\u0131\u015fma. \ufffcTan\u0131t\u0131m Metni<\/p>\n","protected":false},"excerpt":{"rendered":"<p>\u00c7izer Tuncer Erdem, Bilge Karasu&#8217;nun T\u00fcrk\u00e7e edebiyat\u0131n en \u00f6nemli metinlerinden biri olan Gece&#8217;sinin ba\u015flang\u0131\u00e7 b\u00f6l\u00fcmlerini resimledi. Kitap bir yandan Erdem&#8217;in Gece metniyle kurdu\u011fu \u00f6zel ili\u015fkiyi g\u00f6sterirken,<span class=\"excerpt-hellip\"> [\u2026]<\/span><\/p>\n","protected":false},"featured_media":0,"template":"","meta":{"_monsterinsights_skip_tracking":false,"_monsterinsights_sitenote_active":false,"_monsterinsights_sitenote_note":"","_monsterinsights_sitenote_category":0},"product_brand":[],"product_cat":[12777,12291],"product_tag":[],"class_list":{"0":"post-691722","1":"product","2":"type-product","3":"status-publish","5":"product_cat-deneme","6":"product_cat-edebiyat","7":"pa_cilt-ciltsiz","8":"pa_tur-kitap","9":"pa_yayinevi-metis-yayinlari","10":"pa_yazar-tuncer-erdem","12":"first","13":"instock","14":"sale","15":"shipping-taxable","16":"purchasable","17":"product-type-simple"},"_links":{"self":[{"href":"https:\/\/roveyayinevi.com.tr\/index.php\/wp-json\/wp\/v2\/product\/691722","targetHints":{"allow":["GET"]}}],"collection":[{"href":"https:\/\/roveyayinevi.com.tr\/index.php\/wp-json\/wp\/v2\/product"}],"about":[{"href":"https:\/\/roveyayinevi.com.tr\/index.php\/wp-json\/wp\/v2\/types\/product"}],"wp:attachment":[{"href":"https:\/\/roveyayinevi.com.tr\/index.php\/wp-json\/wp\/v2\/media?parent=691722"}],"wp:term":[{"taxonomy":"product_brand","embeddable":true,"href":"https:\/\/roveyayinevi.com.tr\/index.php\/wp-json\/wp\/v2\/product_brand?post=691722"},{"taxonomy":"product_cat","embeddable":true,"href":"https:\/\/roveyayinevi.com.tr\/index.php\/wp-json\/wp\/v2\/product_cat?post=691722"},{"taxonomy":"product_tag","embeddable":true,"href":"https:\/\/roveyayinevi.com.tr\/index.php\/wp-json\/wp\/v2\/product_tag?post=691722"}],"curies":[{"name":"wp","href":"https:\/\/api.w.org\/{rel}","templated":true}]}}