{"id":691635,"date":"2025-08-27T13:59:29","date_gmt":"2025-08-27T10:59:29","guid":{"rendered":"https:\/\/roveyayinevi.com.tr\/index.php\/urun\/dogu-yakasi\/"},"modified":"2026-04-16T02:00:56","modified_gmt":"2026-04-15T23:00:56","slug":"dogu-yakasi","status":"publish","type":"product","link":"https:\/\/roveyayinevi.com.tr\/index.php\/urun\/dogu-yakasi\/","title":{"rendered":"Do\u011fu Yakas\u0131"},"content":{"rendered":"<p>Jack London , ba\u015feserleri aras\u0131nda say\u0131lan bu roman\u0131 kolay yazmad\u0131. \u00c7\u00fcr\u00fcmesi, solmas\u0131, yaprak d\u00f6k\u00fcm\u00fcyle, filizlenmesi, hasat\u0131yla bir insan tarlas\u0131 halindeki Do\u011fu Yakas\u0131 nda, kendisi de di\u011fer i\u015fsizler gibi g\u00fcn\u00fc g\u00fcn\u00fcne ve \u00e7o\u011funlukla a\u00e7, ekmeksiz olarak ya\u015fad\u0131. Bu en ac\u0131mas\u0131z ger\u00e7ekli\u011fin b\u00fct\u00fcn ezicili\u011fini kendi s\u0131rt\u0131nda duydu. Ac\u0131lara malolmu\u015f bu g\u00f6zlemleri romanla\u015ft\u0131rd\u0131\u011f\u0131 zaman d\u00fcnya kamuoyu b\u00fcy\u00fck bir \u015fa\u015fk\u0131nl\u0131k duymu\u015ftu. B\u00fct\u00fcn bunlar ger\u00e7ek olabilir miydi? Jack London\u2019un usta kalemi ger\u00e7e\u011fi b\u00fct\u00fcn \u00e7\u0131pla\u011f\u0131yla ama estetik yetkinlikle sergilemektedir. \ufffcTan\u0131t\u0131m Metni<\/p>\n","protected":false},"excerpt":{"rendered":"<p>Jack London , ba\u015feserleri aras\u0131nda say\u0131lan bu roman\u0131 kolay yazmad\u0131. \u00c7\u00fcr\u00fcmesi, solmas\u0131, yaprak d\u00f6k\u00fcm\u00fcyle, filizlenmesi, hasat\u0131yla bir insan tarlas\u0131 halindeki Do\u011fu Yakas\u0131 nda, kendisi de di\u011fer<span class=\"excerpt-hellip\"> [\u2026]<\/span><\/p>\n","protected":false},"featured_media":0,"template":"","meta":{"_monsterinsights_skip_tracking":false,"_monsterinsights_sitenote_active":false,"_monsterinsights_sitenote_note":"","_monsterinsights_sitenote_category":0},"product_brand":[],"product_cat":[12891,12291],"product_tag":[],"class_list":{"0":"post-691635","1":"product","2":"type-product","3":"status-publish","5":"product_cat-amerikan-edebiyati","6":"product_cat-edebiyat","7":"pa_tur-kitap","8":"pa_yayinevi-oda-yayinlari","9":"pa_yazar-jack-london","11":"first","12":"instock","13":"sale","14":"shipping-taxable","15":"purchasable","16":"product-type-simple"},"_links":{"self":[{"href":"https:\/\/roveyayinevi.com.tr\/index.php\/wp-json\/wp\/v2\/product\/691635","targetHints":{"allow":["GET"]}}],"collection":[{"href":"https:\/\/roveyayinevi.com.tr\/index.php\/wp-json\/wp\/v2\/product"}],"about":[{"href":"https:\/\/roveyayinevi.com.tr\/index.php\/wp-json\/wp\/v2\/types\/product"}],"wp:attachment":[{"href":"https:\/\/roveyayinevi.com.tr\/index.php\/wp-json\/wp\/v2\/media?parent=691635"}],"wp:term":[{"taxonomy":"product_brand","embeddable":true,"href":"https:\/\/roveyayinevi.com.tr\/index.php\/wp-json\/wp\/v2\/product_brand?post=691635"},{"taxonomy":"product_cat","embeddable":true,"href":"https:\/\/roveyayinevi.com.tr\/index.php\/wp-json\/wp\/v2\/product_cat?post=691635"},{"taxonomy":"product_tag","embeddable":true,"href":"https:\/\/roveyayinevi.com.tr\/index.php\/wp-json\/wp\/v2\/product_tag?post=691635"}],"curies":[{"name":"wp","href":"https:\/\/api.w.org\/{rel}","templated":true}]}}